{"id":985,"date":"2016-06-22T12:46:10","date_gmt":"2016-06-22T10:46:10","guid":{"rendered":"http:\/\/discursoeidentidade.com\/?page_id=985&#038;lang=es"},"modified":"2017-10-10T11:07:33","modified_gmt":"2017-10-10T09:07:33","slug":"equipo-literatura-2","status":"publish","type":"page","link":"https:\/\/discursoeidentidade.com\/?page_id=985&lang=es","title":{"rendered":"Equipo Literatura 2"},"content":{"rendered":"<p>[et_pb_section admin_label=&#8221;section&#8221; transparent_background=&#8221;off&#8221; background_color=&#8221;#153b60&#8243; allow_player_pause=&#8221;off&#8221; inner_shadow=&#8221;on&#8221; parallax=&#8221;off&#8221; parallax_method=&#8221;off&#8221; padding_mobile=&#8221;off&#8221; make_fullwidth=&#8221;off&#8221; use_custom_width=&#8221;off&#8221; width_unit=&#8221;on&#8221; custom_width_px=&#8221;1080px&#8221; custom_width_percent=&#8221;80%&#8221; make_equal=&#8221;off&#8221; use_custom_gutter=&#8221;off&#8221; gutter_width=&#8221;3&#8243; fullwidth=&#8221;on&#8221; specialty=&#8221;off&#8221; disabled=&#8221;off&#8221;][et_pb_fullwidth_header admin_label=&#8221;T\u00cdTULO SECCI\u00d3N&#8221; title=&#8221;EQUIPO LITERATURA 2: &#8216;ESCRITURA y G\u00c9NERO EN IRLANDA'&#8221; background_layout=&#8221;dark&#8221; text_orientation=&#8221;left&#8221; header_fullscreen=&#8221;off&#8221; header_scroll_down=&#8221;off&#8221; scroll_down_icon=&#8221;;&#8221; parallax=&#8221;off&#8221; parallax_method=&#8221;off&#8221; content_orientation=&#8221;center&#8221; image_orientation=&#8221;center&#8221; title_font_size=&#8221;30px&#8221; content_font_size=&#8221;14px&#8221; custom_button_one=&#8221;off&#8221; button_one_text_size=&#8221;20&#8243; button_one_letter_spacing=&#8221;0&#8243; button_one_use_icon=&#8221;default&#8221; button_one_icon_placement=&#8221;right&#8221; button_one_on_hover=&#8221;on&#8221; button_one_letter_spacing_hover=&#8221;0&#8243; custom_button_two=&#8221;off&#8221; button_two_text_size=&#8221;20&#8243; button_two_letter_spacing=&#8221;0&#8243; button_two_use_icon=&#8221;default&#8221; button_two_icon_placement=&#8221;right&#8221; button_two_on_hover=&#8221;on&#8221; button_two_letter_spacing_hover=&#8221;0&#8243; disabled=&#8221;off&#8221;] [\/et_pb_fullwidth_header][\/et_pb_section][et_pb_section admin_label=&#8221;section&#8221; transparent_background=&#8221;off&#8221; background_color=&#8221;#f7f7f7&#8243; allow_player_pause=&#8221;off&#8221; inner_shadow=&#8221;off&#8221; parallax=&#8221;off&#8221; parallax_method=&#8221;off&#8221; padding_mobile=&#8221;off&#8221; make_fullwidth=&#8221;off&#8221; use_custom_width=&#8221;off&#8221; width_unit=&#8221;on&#8221; custom_width_px=&#8221;1080px&#8221; custom_width_percent=&#8221;80%&#8221; make_equal=&#8221;off&#8221; use_custom_gutter=&#8221;off&#8221; fullwidth=&#8221;off&#8221; specialty=&#8221;off&#8221; disabled=&#8221;off&#8221;][et_pb_row admin_label=&#8221;Row&#8221; make_fullwidth=&#8221;on&#8221; use_custom_width=&#8221;off&#8221; width_unit=&#8221;on&#8221; custom_width_px=&#8221;1080px&#8221; custom_width_percent=&#8221;80%&#8221; use_custom_gutter=&#8221;off&#8221; gutter_width=&#8221;3&#8243; padding_mobile=&#8221;off&#8221; background_color=&#8221;#f7f7f7&#8243; allow_player_pause=&#8221;off&#8221; parallax=&#8221;off&#8221; parallax_method=&#8221;off&#8221; make_equal=&#8221;off&#8221; column_padding_mobile=&#8221;on&#8221; parallax_1=&#8221;off&#8221; parallax_method_1=&#8221;off&#8221; parallax_2=&#8221;off&#8221; parallax_method_2=&#8221;off&#8221; parallax_3=&#8221;off&#8221; parallax_method_3=&#8221;on&#8221; parallax_4=&#8221;off&#8221; parallax_method_4=&#8221;on&#8221; disabled=&#8221;off&#8221;][et_pb_column type=&#8221;4_4&#8243;][et_pb_text admin_label=&#8221;Text&#8221; background_layout=&#8221;light&#8221; text_orientation=&#8221;left&#8221; use_border_color=&#8221;off&#8221; border_style=&#8221;solid&#8221; disabled=&#8221;off&#8221; border_color=&#8221;#ffffff&#8221;]<\/p>\n<h3><b>Coordinadora:\u00a0<\/b><a href=\"?page_id=494&amp;lang=es\"><span style=\"color: #000080;\">Manuela Palacios Gonz\u00e1lez<\/span><\/a><\/h3>\n<h3 style=\"text-align: justify;\"><\/h3>\n<h3 style=\"text-align: justify;\"><strong>Miembros Principales USC<\/strong>:\u00a0<span style=\"color: #000080;\"><a style=\"color: #000080;\" href=\"?page_id=438&amp;lang=es\">Susana Dom\u00ednguez Pena<\/a><\/span>, <span style=\"color: #000080;\"><a style=\"color: #000080;\" href=\"?page_id=454&amp;lang=es\">Margarita Est\u00e9vez Sa\u00e1<\/a><\/span>, <span style=\"color: #000080;\"><a style=\"color: #000080;\" href=\"?page_id=389&amp;lang=es\">Laura Lojo Rodr\u00edguez<\/a><\/span>.<\/h3>\n<h3 style=\"text-align: justify;\"><\/h3>\n<h3 style=\"text-align: justify;\"><strong>L\u00edneas de Investigaci\u00f3n<\/strong>:\u00a0Literatura irlandesa en lengua inglesa;\u00a0Estudios de g\u00e9nero\/estudios de la mujer;\u00a0Ecocr\u00edtica y Ecofeminismo;\u00a0Estudios comparativos Galicia-Irlanda.<\/h3>\n<h3><\/h3>\n<h3><strong>P\u00e1ginas web<\/strong>: <a href=\"http:\/\/www.usc.es\/poxeirga\/index.php?id=per-manuela&amp;setlang=en\" target=\"_blank\" rel=\"noopener noreferrer\"><span style=\"color: #000080;\">http:\/\/www.usc.es\/poxeirga\/index.php?id=per-manuela&amp;setlang=en<\/span>\u00a0<\/a><\/h3>\n<h3><span style=\"color: #000080;\">\u00a0 \u00a0 \u00a0 \u00a0 \u00a0 \u00a0 \u00a0 \u00a0 \u00a0 \u00a0 \u00a0 \u00a0 \u00a0 \u00a0 \u00a0\u00a0 <a href=\"http:\/\/irgal.es\/\" target=\"_blank\" rel=\"noopener noreferrer\">http:\/\/irgal.es\/<\/a><\/span><\/h3>\n<p>[\/et_pb_text][\/et_pb_column][\/et_pb_row][\/et_pb_section][et_pb_section admin_label=&#8221;section&#8221; transparent_background=&#8221;on&#8221; background_color=&#8221;#f7f7f7&#8243; allow_player_pause=&#8221;off&#8221; inner_shadow=&#8221;off&#8221; parallax=&#8221;off&#8221; parallax_method=&#8221;off&#8221; custom_padding=&#8221;54px|0px|54px|0px&#8221; padding_mobile=&#8221;off&#8221; make_fullwidth=&#8221;off&#8221; use_custom_width=&#8221;off&#8221; width_unit=&#8221;on&#8221; custom_width_px=&#8221;1080px&#8221; custom_width_percent=&#8221;80%&#8221; make_equal=&#8221;off&#8221; use_custom_gutter=&#8221;off&#8221; fullwidth=&#8221;off&#8221; specialty=&#8221;off&#8221; disabled=&#8221;off&#8221;][et_pb_row admin_label=&#8221;Row&#8221; make_fullwidth=&#8221;on&#8221; use_custom_width=&#8221;off&#8221; width_unit=&#8221;on&#8221; custom_width_px=&#8221;1080px&#8221; custom_width_percent=&#8221;80%&#8221; use_custom_gutter=&#8221;off&#8221; gutter_width=&#8221;3&#8243; padding_mobile=&#8221;off&#8221; background_color=&#8221;#ffffff&#8221; allow_player_pause=&#8221;off&#8221; parallax=&#8221;off&#8221; parallax_method=&#8221;off&#8221; make_equal=&#8221;off&#8221; column_padding_mobile=&#8221;on&#8221; parallax_1=&#8221;off&#8221; parallax_method_1=&#8221;off&#8221; parallax_2=&#8221;off&#8221; parallax_method_2=&#8221;on&#8221; parallax_3=&#8221;off&#8221; parallax_method_3=&#8221;on&#8221; parallax_4=&#8221;off&#8221; parallax_method_4=&#8221;on&#8221; disabled=&#8221;off&#8221;][et_pb_column type=&#8221;4_4&#8243;][et_pb_text admin_label=&#8221;Text&#8221; background_layout=&#8221;light&#8221; text_orientation=&#8221;left&#8221; background_color=&#8221;#ffffff&#8221; use_border_color=&#8221;off&#8221; border_style=&#8221;solid&#8221; disabled=&#8221;off&#8221;]<\/p>\n<h3 style=\"text-align: justify;\"><strong>El Equipo Literatura 2<\/strong>, coordinado por Manuela Palacios Gonz\u00e1lez, re\u00fane a especialistas en poes\u00eda y narrativa irlandesa contempor\u00e1nea, as\u00ed como a expertos joyceano. Entre las l\u00edneas de investigaci\u00f3n del equipo figuran la literatura irlandesa en lengua inglesa, los estudios de g\u00e9nero o los estudios comparativos entre las realidades culturales y literarias de Galicia e Irlanda. Los miembros del equipo han publicado de forma extensa\u00a0sobre estos temas, incluyendo m\u00faltiples art\u00edculos en revistas acad\u00e9micas de alto impacto, as\u00ed como cap\u00edtulos de libro, monograf\u00edas y vol\u00famenes en editoriales internacionales (Peter Lang, Routledge, Shearsman Books, Salmon Poetry). <span style=\"color: #000080;\"><a style=\"color: #000080;\" href=\"http:\/\/www.shearsman.com\/ws-shop\/category\/1118-palacios-manuela\/product\/4210-manuela-palacios-forked-tongues\" target=\"_blank\" rel=\"noopener noreferrer\"><em>Forked Tongues. Galician, Basque and Catalan Women\u2019s Poetry in Translations by Irish Writers<\/em><\/a> <\/span>(2012), editado por Manuela Palacios Gonz\u00e1lez; <span style=\"color: #000080;\"><a style=\"color: #000080;\" href=\"http:\/\/www.peterlang.com\/index.cfm?event=cmp.ccc.seitenstruktur.detailseiten&amp;seitentyp=produkt&amp;pk=54279\" target=\"_blank\" rel=\"noopener noreferrer\"><em>Creation,\u00a0Publishing,\u00a0and\u00a0Criticism:\u00a0The\u00a0Advance\u00a0of\u00a0Women\u2019s\u00a0Writing<\/em><\/a><\/span> (2010) coeditado por Manuela Palacios, Laura Lojo y M\u00aa Xes\u00fas Nogueira; <span style=\"color: #000080;\"><a style=\"color: #000080;\" href=\"http:\/\/www.peterlang.com\/index.cfm?event=cmp.ccc.seitenstruktur.detailseiten&amp;seitentyp=produkt&amp;pk=50555&amp;cid=367\" target=\"_blank\" rel=\"noopener noreferrer\"><em>Writing Bonds: Irish and Galician Contemporary Women Poets<\/em><\/a><\/span> (2009), editado por Manuela Palacios y Laura Lojo; <span style=\"color: #000080;\"><a style=\"color: #000080;\" href=\"https:\/\/books.google.es\/books?id=miLJERxMLn4C&amp;pg=PR1&amp;lpg=PR1&amp;dq=The+Scallops+of+Saint+James,+an+Old+Pilgrims+Hoard:+Reading+Joyce+from+the+Peripheries&amp;source=bl&amp;ots=hzloJSuVex&amp;sig=_AwmK0PZTOTc5c2sQt3ZYgGTkKs&amp;hl=es&amp;sa=X&amp;ved=0ahUKEwiKsdCJkajLAhVMfxoKHXGHB_QQ6AEIMDAC#v=onepage&amp;q&amp;f=false\" target=\"_blank\" rel=\"noopener noreferrer\">\u201c<em>The Scallops of Saint James, an Old Pilgrim\u2019s Hoard\u201d: Reading Joyce from the Peripheries<\/em><\/a><\/span> (2006), coeditado por los miembros del equipo Susana Dom\u00ednguez Pena y Margarita Est\u00e9vez-Sa\u00e1; o <span style=\"color: #000080;\"><a style=\"color: #000080;\" href=\"https:\/\/books.google.es\/books?id=RXQ8544LLVIC&amp;pg=PP4&amp;lpg=PP4&amp;dq=A+Pilgrimage+from+Belfast+to+Santiago+de+Compostela:+The+Anatomy+of+Bernard+MacLaverty+Triumph+over+Frontiers&amp;source=bl&amp;ots=Xl0v6bWOU0&amp;sig=fKDopPXvKaFz21USENOLx2MOgeE&amp;hl=es&amp;sa=X&amp;ved=0ahUKEwiXx9mk2qfLAhXIOhQKHW2cB-IQ6AEILjAC#v=onepage&amp;q=A%20Pilgrimage%20from%20Belfast%20to%20Santiago%20de%20Compostela%3A%20The%20Anatomy%20of%20Bernard%20MacLaverty%20Triumph%20over%20Frontiers&amp;f=false\" target=\"_blank\" rel=\"noopener noreferrer\"><em>A Pilgrimage from Belfast to Santiago de Compostela: The Anatomy of Bernard MacLaverty\u2019s Triumph over Frontiers<\/em><\/a><\/span> (2002), escrito por Margarita Est\u00e9vez-Sa\u00e1 y Anne MacCarthy, son s\u00f3lo algunos ejemplos representativos. El equipo tambi\u00e9n ha organizado m\u00faltiples eventos cient\u00edficos sobre las l\u00edneas de investigaci\u00f3n en las que trabaja, como el<em>\u00a0<\/em>\u00a0<em>Seminario Internacional &#8216;Eco-Fictions&#8217; <\/em>(2016), el\u00a0<em>Seminario\u00a0<\/em><em>Internacional \u00a0\u2018Creation, Editing and Criticism: Irish and Galician Poets\u2019<\/em> (2009) o el curso <em>Estudios de G\u00e9nero: Literatura en Femenino\/Masculino<\/em> (2006). Desde 2009, los miembros del grupo han conseguido, en concurrencia competitiva, 5 proyectos de investigaci\u00f3n, siendo el m\u00e1s reciente <em>Eco-ficciones: Discursos Emergentes sobre la Mujer y la Naturaleza en Galicia e Irlanda <\/em>(FEM2015-66937-P, 2016-2018), liderado por Manuela Palacios Gonz\u00e1lez. Este proyecto surge del inter\u00e9s de este equipo por explorar y profundizar en las intersecciones entre literatura, estudios de g\u00e9nero y ecocr\u00edtica, tanto en el contexto gallego como irland\u00e9s. Finalmente, cabe se\u00f1alar que, a trav\u00e9s de la figura de su coordinadora, Manuela Palacios Gonz\u00e1lez, el equipo tambi\u00e9n colabora con entidades literarias y culturales como el <span style=\"color: #000080;\"><a style=\"color: #000080;\" href=\"http:\/\/dublin.cervantes.es\/es\/\" target=\"_blank\" rel=\"noopener noreferrer\">Instituto Cervantes<\/a><\/span> (Dubl\u00edn), <span style=\"color: #000080;\"><a style=\"color: #000080;\" href=\"http:\/\/www.artscouncil.ie\/home\/\" target=\"_blank\" rel=\"noopener noreferrer\"><em>The Arts Council<\/em><\/a><\/span> (Irlanda), <span style=\"color: #000080;\"><a style=\"color: #000080;\" href=\"http:\/\/www.usc.es\/en\/institutos\/cippce\/\" target=\"_blank\" rel=\"noopener noreferrer\">CIPPCE<\/a><\/span> (Centro de Investigaci\u00f3n sobre Pr\u00e1cticas y Procesos Culturales Emergentes), <span style=\"color: #000080;\"><a style=\"color: #000080;\" href=\"http:\/\/www.irelandliterature.com\/\" target=\"_blank\" rel=\"noopener noreferrer\"><em>Ireland Literature Exchange<\/em><\/a><\/span>, <span style=\"color: #000080;\"><a style=\"color: #000080;\" href=\"http:\/\/www.aelg.org\/\" target=\"_blank\" rel=\"noopener noreferrer\">Asociaci\u00f3n de Escritores en Lingua Galega<\/a><\/span>, as\u00ed como con editoriales gallegas e irlandesas y universidades extranjeras como <em>University College Cork<\/em> (UCC) y <em>University College Dublin<\/em> (UCD).<\/h3>\n<p>[\/et_pb_text][\/et_pb_column][\/et_pb_row][\/et_pb_section]<\/p>\n","protected":false},"excerpt":{"rendered":"<p>Coordinadora:\u00a0Manuela Palacios Gonz\u00e1lez Miembros Principales USC:\u00a0Susana Dom\u00ednguez Pena, Margarita Est\u00e9vez Sa\u00e1, Laura Lojo Rodr\u00edguez. L\u00edneas de Investigaci\u00f3n:\u00a0Literatura irlandesa en lengua inglesa;\u00a0Estudios de g\u00e9nero\/estudios de la mujer;\u00a0Ecocr\u00edtica y Ecofeminismo;\u00a0Estudios comparativos Galicia-Irlanda. P\u00e1ginas web: http:\/\/www.usc.es\/poxeirga\/index.php?id=per-manuela&amp;setlang=en\u00a0 \u00a0 \u00a0 \u00a0 \u00a0 \u00a0 \u00a0 \u00a0 \u00a0 \u00a0 \u00a0 \u00a0 \u00a0 \u00a0 \u00a0 \u00a0\u00a0 http:\/\/irgal.es\/ El Equipo Literatura 2, coordinado por [&hellip;]<\/p>\n","protected":false},"author":1,"featured_media":0,"parent":0,"menu_order":0,"comment_status":"closed","ping_status":"closed","template":"","meta":{"_et_pb_use_builder":"on","_et_pb_old_content":"","_et_gb_content_width":"","footnotes":""},"class_list":["post-985","page","type-page","status-publish","hentry"],"_links":{"self":[{"href":"https:\/\/discursoeidentidade.com\/index.php?rest_route=\/wp\/v2\/pages\/985","targetHints":{"allow":["GET"]}}],"collection":[{"href":"https:\/\/discursoeidentidade.com\/index.php?rest_route=\/wp\/v2\/pages"}],"about":[{"href":"https:\/\/discursoeidentidade.com\/index.php?rest_route=\/wp\/v2\/types\/page"}],"author":[{"embeddable":true,"href":"https:\/\/discursoeidentidade.com\/index.php?rest_route=\/wp\/v2\/users\/1"}],"replies":[{"embeddable":true,"href":"https:\/\/discursoeidentidade.com\/index.php?rest_route=%2Fwp%2Fv2%2Fcomments&post=985"}],"version-history":[{"count":0,"href":"https:\/\/discursoeidentidade.com\/index.php?rest_route=\/wp\/v2\/pages\/985\/revisions"}],"wp:attachment":[{"href":"https:\/\/discursoeidentidade.com\/index.php?rest_route=%2Fwp%2Fv2%2Fmedia&parent=985"}],"curies":[{"name":"wp","href":"https:\/\/api.w.org\/{rel}","templated":true}]}}