{"id":965,"date":"2016-06-22T11:20:41","date_gmt":"2016-06-22T09:20:41","guid":{"rendered":"http:\/\/discursoeidentidade.com\/?page_id=965&#038;lang=en"},"modified":"2021-06-17T12:21:11","modified_gmt":"2021-06-17T10:21:11","slug":"946-2","status":"publish","type":"page","link":"https:\/\/discursoeidentidade.com\/?page_id=965&lang=en","title":{"rendered":"LINGUISTICS TEAM: SCIMITAR"},"content":{"rendered":"<p>[et_pb_section fb_built=&#8221;1&#8243; inner_shadow=&#8221;on&#8221; fullwidth=&#8221;on&#8221; custom_padding_last_edited=&#8221;on|desktop&#8221; admin_label=&#8221;section&#8221; _builder_version=&#8221;4.6.1&#8243; background_color=&#8221;#153b60&#8243; custom_padding_tablet=&#8221;50px|0|50px|0&#8243; custom_padding_phone=&#8221;&#8221; transparent_background=&#8221;off&#8221; padding_mobile=&#8221;off&#8221; make_fullwidth=&#8221;off&#8221; use_custom_width=&#8221;off&#8221; width_unit=&#8221;on&#8221; custom_width_px=&#8221;1080px&#8221; custom_width_percent=&#8221;80%&#8221;][et_pb_fullwidth_header content_max_width=&#8221;none&#8221; admin_label=&#8221;T\u00cdTULO SECCI\u00d3N&#8221; _builder_version=&#8221;4.6.1&#8243; title_font=&#8221;Montserrat||||||||&#8221; background_color=&#8221;rgba(255, 255, 255, 0)&#8221; custom_padding=&#8221;||0px|||&#8221; button_one_letter_spacing_hover=&#8221;0&#8243; button_two_letter_spacing_hover=&#8221;0&#8243; button_one_text_size__hover_enabled=&#8221;off&#8221; button_two_text_size__hover_enabled=&#8221;off&#8221; button_one_text_color__hover_enabled=&#8221;off&#8221; button_two_text_color__hover_enabled=&#8221;off&#8221; button_one_border_width__hover_enabled=&#8221;off&#8221; button_two_border_width__hover_enabled=&#8221;off&#8221; button_one_border_color__hover_enabled=&#8221;off&#8221; button_two_border_color__hover_enabled=&#8221;off&#8221; button_one_border_radius__hover_enabled=&#8221;off&#8221; button_two_border_radius__hover_enabled=&#8221;off&#8221; button_one_letter_spacing__hover_enabled=&#8221;on&#8221; button_one_letter_spacing__hover=&#8221;0&#8243; button_two_letter_spacing__hover_enabled=&#8221;on&#8221; button_two_letter_spacing__hover=&#8221;0&#8243; button_one_bg_color__hover_enabled=&#8221;off&#8221; button_two_bg_color__hover_enabled=&#8221;off&#8221;]<\/p>\n<h1>Research Team 2: LINGUISTICS<\/h1>\n<p>[\/et_pb_fullwidth_header][\/et_pb_section][et_pb_section fb_built=&#8221;1&#8243; custom_padding_last_edited=&#8221;on|desktop&#8221; admin_label=&#8221;section&#8221; _builder_version=&#8221;4.6.1&#8243; background_color=&#8221;rgba(0,0,0,0)&#8221; custom_padding=&#8221;|47px||126px||&#8221; custom_padding_tablet=&#8221;50px|0|50px|0&#8243; custom_padding_phone=&#8221;&#8221; transparent_background=&#8221;off&#8221; padding_mobile=&#8221;off&#8221;][et_pb_row padding_mobile=&#8221;off&#8221; column_padding_mobile=&#8221;on&#8221; admin_label=&#8221;Row&#8221; module_class=&#8221; et_pb_row_fullwidth&#8221; _builder_version=&#8221;3.25&#8243; background_color=&#8221;#f7f7f7&#8243; background_size=&#8221;initial&#8221; background_position=&#8221;top_left&#8221; background_repeat=&#8221;repeat&#8221; width_tablet=&#8221;80%&#8221; width_phone=&#8221;&#8221; width_last_edited=&#8221;on|desktop&#8221; max_width=&#8221;84.8%&#8221; max_width_tablet=&#8221;80%&#8221; max_width_phone=&#8221;&#8221; max_width_last_edited=&#8221;on|desktop&#8221; custom_margin=&#8221;|auto||81px||&#8221; custom_padding=&#8221;|44px||||&#8221; make_fullwidth=&#8221;on&#8221;][et_pb_column type=&#8221;4_4&#8243; _builder_version=&#8221;3.25&#8243; custom_padding=&#8221;|||&#8221; custom_padding__hover=&#8221;|||&#8221;][et_pb_text admin_label=&#8221;Text&#8221; _builder_version=&#8221;4.6.6&#8243; text_font=&#8221;Montserrat||||||||&#8221; text_font_size=&#8221;12px&#8221; background_size=&#8221;initial&#8221; background_position=&#8221;top_left&#8221; background_repeat=&#8221;repeat&#8221; width=&#8221;99.9%&#8221; custom_padding=&#8221;|||50px||&#8221; use_border_color=&#8221;off&#8221; border_color=&#8221;#ffffff&#8221; border_style=&#8221;solid&#8221;]<\/p>\n<p style=\"text-align: left;\"><span style=\"font-size: medium;\"><b>USC Senior Members: <\/b><span style=\"color: #000080;\"><a href=\"?page_id=666\">Mar\u00eda de los \u00c1ngeles G\u00f3mez-Gonz\u00e1lez,<\/a><\/span>\u00a0Antonio \u00c1lvarez Rodr\u00edguez,<span style=\"text-align: justify;\">\u00a0Luis Iglesias R\u00e1bade, Teresa S\u00e1nchez Roura, Mar\u00eda del Mar Vi\u00f1a Rouco.\u00a0<\/span><\/span><\/p>\n<p style=\"text-align: left;\"><span style=\"font-size: medium;\"><strong>Research Lines<\/strong>: Applied and contrastive linguistics (synchronic and diachronic perspectives); Corpus linguistics; Teaching and Learning\/English Language Acquisition\/English as a Foreign Language; Grammatical Description Models; Constructions and Discoursive Markers; Cohesion and Coherence; Multimedia\/Digital Communication; and others.\u00a0<\/span><\/p>\n<p style=\"text-align: left;\"><span style=\"font-size: medium;\"><strong>Website<\/strong>: <a href=\"http:\/\/www.scimitar.es\/\" target=\"_blank\" rel=\"noopener noreferrer\"><span style=\"color: #000080;\">http:\/\/www.scimitar.es\/<\/span><\/a><\/span><\/p>\n<p>[\/et_pb_text][\/et_pb_column][\/et_pb_row][et_pb_row column_structure=&#8221;3_4,1_4&#8243; padding_mobile=&#8221;off&#8221; column_padding_mobile=&#8221;on&#8221; admin_label=&#8221;Row&#8221; module_class=&#8221; et_pb_row_fullwidth&#8221; _builder_version=&#8221;4.7.3&#8243; background_color=&#8221;rgba(0,0,0,0)&#8221; background_size=&#8221;initial&#8221; background_position=&#8221;top_left&#8221; background_repeat=&#8221;repeat&#8221; width=&#8221;81.7%&#8221; width_tablet=&#8221;80%&#8221; width_phone=&#8221;&#8221; width_last_edited=&#8221;on|desktop&#8221; max_width=&#8221;89%&#8221; max_width_tablet=&#8221;80%&#8221; max_width_phone=&#8221;&#8221; max_width_last_edited=&#8221;on|desktop&#8221; min_height=&#8221;341px&#8221; custom_margin=&#8221;-5px|auto|-4px|auto||&#8221; custom_padding=&#8221;||0px|||&#8221; make_fullwidth=&#8221;on&#8221;][et_pb_column type=&#8221;3_4&#8243; _builder_version=&#8221;3.25&#8243; custom_padding=&#8221;|||&#8221; custom_padding__hover=&#8221;|||&#8221;][et_pb_text admin_label=&#8221;Text&#8221; _builder_version=&#8221;4.7.3&#8243; text_font=&#8221;Montserrat||||||||&#8221; background_color=&#8221;rgba(0,0,0,0)&#8221; background_size=&#8221;initial&#8221; background_position=&#8221;top_left&#8221; background_repeat=&#8221;repeat&#8221; custom_margin=&#8221;|-3px||||&#8221; custom_padding=&#8221;0px|||9px||&#8221; use_border_color=&#8221;off&#8221; border_color=&#8221;#ffffff&#8221; border_style=&#8221;solid&#8221;]<\/p>\n<p style=\"text-align: justify;\"><span style=\"font-size: medium;\">Research in this area is mainly conducted by the members of the\u00a0<strong><a href=\"http:\/\/www.scimitar.es\/\" target=\"_blank\" rel=\"noopener noreferrer\">SCIMITAR\u00a0<\/a><\/strong>team, coodinated by Mar\u00eda de los \u00c1ngeles G\u00f3mez-Gonz\u00e1lez. SCIMITAR constitutes a forum for international cooperation among researchers oriented to the study of the interface between grammar and discourse, mostly in English, but also in (contrast to) other languages such as Spanish, Galician, Portuguese, French, Dutch or German. In addition to the members belonging to the D&amp;I Research Group, SCIMITAR also brings together researchers from the rest of Spain, from Canada, the United Kingdom, the Netherlands and Portugal. Since its foundation in 2002, the members of the team have published more than 250 academic works (34 books; 200 articles and book chapters; 20 reviews) in international publishing houses (i.e. John Benjamins, Peter Lang, Routledge) and in high-impact journals within the field of (English) linguistics (i.e. <em>Applied Linguistics<\/em>, <em>Discourse Studies<\/em>, <em>Language Sciences<\/em>, <em>Pragmatics<\/em>, <em>Word<\/em>). SCIMITAR has also organized more than 13 international scientific meetings, including three editions of the <em>International Contrastive Linguistics Conference<\/em> (ICLC), held in Santiago de Compostela in 2001, 2003 and 2005. This academic work has led the team to receive favourable evaluations and awards of research funding. The team has been granted, on a competitive basis, more than 19 research projects funded by the Spanish Ministry of Education and Competitiveness, the Galician Regional Government <em>Xunta de Galicia<\/em>, the European Union (ERDF), as well as by various international entities such as the <a href=\"http:\/\/www.fwo.be\/en\/\" target=\"_blank\" rel=\"noopener noreferrer\"><em>Research Foundation-Flanders<\/em><\/a> (FWO, Belgium) or the\u00a0<a href=\"http:\/\/www.nserc-crsng.gc.ca\/index_eng.asp\" target=\"_blank\" rel=\"noopener noreferrer\"><em>Natural Sciences and Engineering Research Council<\/em><\/a> (Canada).<\/span><\/p>\n<p>&nbsp;<\/p>\n<p>[\/et_pb_text][\/et_pb_column][et_pb_column type=&#8221;1_4&#8243; _builder_version=&#8221;3.25&#8243; custom_padding=&#8221;|||&#8221; custom_padding__hover=&#8221;|||&#8221;][et_pb_gallery gallery_ids=&#8221;4080,3769,3756,3559,3539,3560,2402,3794,3817,3800,3799,3803,3809&#8243; fullwidth=&#8221;on&#8221; _builder_version=&#8221;3.19.11&#8243; width=&#8221;82.5%&#8221; min_height=&#8221;430px&#8221; custom_padding=&#8221;|3px||||&#8221;][\/et_pb_gallery][\/et_pb_column][\/et_pb_row][\/et_pb_section]<\/p>\n","protected":false},"excerpt":{"rendered":"<p>Research Team 2: LINGUISTICSUSC Senior Members: Mar\u00eda de los \u00c1ngeles G\u00f3mez-Gonz\u00e1lez,\u00a0Antonio \u00c1lvarez Rodr\u00edguez,\u00a0Luis Iglesias R\u00e1bade, Teresa S\u00e1nchez Roura, Mar\u00eda del Mar Vi\u00f1a Rouco.\u00a0 Research Lines: Applied and contrastive linguistics (synchronic and diachronic perspectives); Corpus linguistics; Teaching and Learning\/English Language Acquisition\/English as a Foreign Language; Grammatical Description Models; Constructions and Discoursive Markers; Cohesion and Coherence; Multimedia\/Digital [&hellip;]<\/p>\n","protected":false},"author":1,"featured_media":0,"parent":0,"menu_order":0,"comment_status":"closed","ping_status":"closed","template":"","meta":{"_et_pb_use_builder":"on","_et_pb_old_content":"","_et_gb_content_width":"","footnotes":""},"class_list":["post-965","page","type-page","status-publish","hentry"],"_links":{"self":[{"href":"https:\/\/discursoeidentidade.com\/index.php?rest_route=\/wp\/v2\/pages\/965","targetHints":{"allow":["GET"]}}],"collection":[{"href":"https:\/\/discursoeidentidade.com\/index.php?rest_route=\/wp\/v2\/pages"}],"about":[{"href":"https:\/\/discursoeidentidade.com\/index.php?rest_route=\/wp\/v2\/types\/page"}],"author":[{"embeddable":true,"href":"https:\/\/discursoeidentidade.com\/index.php?rest_route=\/wp\/v2\/users\/1"}],"replies":[{"embeddable":true,"href":"https:\/\/discursoeidentidade.com\/index.php?rest_route=%2Fwp%2Fv2%2Fcomments&post=965"}],"version-history":[{"count":0,"href":"https:\/\/discursoeidentidade.com\/index.php?rest_route=\/wp\/v2\/pages\/965\/revisions"}],"wp:attachment":[{"href":"https:\/\/discursoeidentidade.com\/index.php?rest_route=%2Fwp%2Fv2%2Fmedia&parent=965"}],"curies":[{"name":"wp","href":"https:\/\/api.w.org\/{rel}","templated":true}]}}