{"id":9219,"date":"2026-02-10T07:31:43","date_gmt":"2026-02-10T06:31:43","guid":{"rendered":"https:\/\/discursoeidentidade.com\/?page_id=9219"},"modified":"2026-02-10T07:33:44","modified_gmt":"2026-02-10T06:33:44","slug":"ana-maria-rabe","status":"publish","type":"page","link":"https:\/\/discursoeidentidade.com\/?page_id=9219&lang=en","title":{"rendered":"Ana Mar\u00eda Rabe"},"content":{"rendered":"<p>[et_pb_section fb_built=&#8221;1&#8243; inner_shadow=&#8221;on&#8221; fullwidth=&#8221;on&#8221; custom_padding_last_edited=&#8221;on|desktop&#8221; admin_label=&#8221;section&#8221; _builder_version=&#8221;4.16&#8243; background_color=&#8221;#153b60&#8243; custom_padding_tablet=&#8221;50px|0|50px|0&#8243; custom_padding_phone=&#8221;&#8221; transparent_background=&#8221;off&#8221; padding_mobile=&#8221;off&#8221; make_fullwidth=&#8221;off&#8221; use_custom_width=&#8221;off&#8221; width_unit=&#8221;on&#8221; custom_width_px=&#8221;1080px&#8221; custom_width_percent=&#8221;80%&#8221; global_colors_info=&#8221;{}&#8221; theme_builder_area=&#8221;post_content&#8221;][et_pb_fullwidth_header content_max_width=&#8221;none&#8221; admin_label=&#8221;T\u00cdTULO SECCI\u00d3N&#8221; _builder_version=&#8221;4.16&#8243; title_font=&#8221;Montserrat||||||||&#8221; background_color=&#8221;rgba(255, 255, 255, 0)&#8221; custom_padding=&#8221;||0px|||&#8221; button_one_letter_spacing_hover=&#8221;0&#8243; button_two_letter_spacing_hover=&#8221;0&#8243; global_colors_info=&#8221;{}&#8221; button_one_text_size__hover_enabled=&#8221;off&#8221; button_two_text_size__hover_enabled=&#8221;off&#8221; button_one_text_color__hover_enabled=&#8221;off&#8221; button_two_text_color__hover_enabled=&#8221;off&#8221; button_one_border_width__hover_enabled=&#8221;off&#8221; button_two_border_width__hover_enabled=&#8221;off&#8221; button_one_border_color__hover_enabled=&#8221;off&#8221; button_two_border_color__hover_enabled=&#8221;off&#8221; button_one_border_radius__hover_enabled=&#8221;off&#8221; button_two_border_radius__hover_enabled=&#8221;off&#8221; button_one_letter_spacing__hover_enabled=&#8221;on&#8221; button_one_letter_spacing__hover=&#8221;0&#8243; button_two_letter_spacing__hover_enabled=&#8221;on&#8221; button_two_letter_spacing__hover=&#8221;0&#8243; button_one_bg_color__hover_enabled=&#8221;off&#8221; button_two_bg_color__hover_enabled=&#8221;off&#8221; theme_builder_area=&#8221;post_content&#8221;]<\/p>\n<h1>Ana Mar\u00eda Rabe<\/h1>\n<p>[\/et_pb_fullwidth_header][\/et_pb_section][et_pb_section fb_built=&#8221;1&#8243; custom_padding_last_edited=&#8221;on|desktop&#8221; admin_label=&#8221;section&#8221; _builder_version=&#8221;4.16&#8243; background_color=&#8221;rgba(0,0,0,0)&#8221; custom_padding_tablet=&#8221;50px|0|50px|0&#8243; custom_padding_phone=&#8221;&#8221; transparent_background=&#8221;off&#8221; padding_mobile=&#8221;off&#8221; make_fullwidth=&#8221;off&#8221; use_custom_width=&#8221;off&#8221; width_unit=&#8221;on&#8221; custom_width_px=&#8221;1080px&#8221; custom_width_percent=&#8221;80%&#8221; global_colors_info=&#8221;{}&#8221; theme_builder_area=&#8221;post_content&#8221;][et_pb_row column_structure=&#8221;2_5,3_5&#8243; _builder_version=&#8221;4.16&#8243; _module_preset=&#8221;default&#8221; background_color=&#8221;#d6d6d6&#8243; width=&#8221;79.9%&#8221; custom_padding=&#8221;||5px|28px||&#8221; global_colors_info=&#8221;{}&#8221; theme_builder_area=&#8221;post_content&#8221;][et_pb_column type=&#8221;2_5&#8243; _builder_version=&#8221;4.16&#8243; _module_preset=&#8221;default&#8221; global_colors_info=&#8221;{}&#8221; theme_builder_area=&#8221;post_content&#8221;][et_pb_image src=&#8221;https:\/\/discursoeidentidade.com\/wp-content\/uploads\/2026\/02\/Ana_Maria_Rabe-scaled-e1770704848614.jpg&#8221; alt=&#8221;Ana_Maria_Rabe&#8221; title_text=&#8221;Ana_Maria_Rabe&#8221; _builder_version=&#8221;4.27.5&#8243; _module_preset=&#8221;default&#8221; custom_margin=&#8221;|6px||||&#8221; custom_padding=&#8221;15px|||||&#8221; hover_enabled=&#8221;0&#8243; global_colors_info=&#8221;{}&#8221; theme_builder_area=&#8221;post_content&#8221; sticky_enabled=&#8221;0&#8243;][\/et_pb_image][et_pb_text disabled_on=&#8221;on|on|on&#8221; _builder_version=&#8221;4.16&#8243; _module_preset=&#8221;default&#8221; text_line_height=&#8221;1em&#8221; custom_margin=&#8221;-17px||-23px|||&#8221; custom_padding=&#8221;||0px|||&#8221; disabled=&#8221;on&#8221; global_colors_info=&#8221;{}&#8221; theme_builder_area=&#8221;post_content&#8221;][\/et_pb_text][\/et_pb_column][et_pb_column type=&#8221;3_5&#8243; _builder_version=&#8221;4.16&#8243; _module_preset=&#8221;default&#8221; global_colors_info=&#8221;{}&#8221; theme_builder_area=&#8221;post_content&#8221;][et_pb_text _builder_version=&#8221;4.27.5&#8243; _module_preset=&#8221;default&#8221; text_font=&#8221;Montserrat||||||||&#8221; min_height=&#8221;117px&#8221; custom_margin=&#8221;11px|||||&#8221; custom_padding=&#8221;|95px||||&#8221; hover_enabled=&#8221;0&#8243; inline_fonts=&#8221;Montserrat&#8221; global_colors_info=&#8221;{}&#8221; theme_builder_area=&#8221;post_content&#8221; sticky_enabled=&#8221;0&#8243;]<\/p>\n<p><span style=\"font-size: 14px;\">Mi investigaci\u00f3n de las \u00faltimas d\u00e9cadas sigue tres li\u0301neas tem\u00e1ticas. La primera aborda el trabajo y la cultura de la memoria. En este contexto he investigado los fundamentos epistemol\u00f3gicos, \u00e9ticos y antropol\u00f3gicos de la memoria, as\u00ed como la importancia de los procesos est\u00e9ticos para incentivar un trabajo productivo y cr\u00edtico de la memoria en la persona y en la sociedad contempor\u00e1nea. La segunda li\u0301nea trata el problema de espacio y tiempo, que he estudiado desde el punto de vista ontolo\u0301gico, epistemolo\u0301gico, cienti\u0301fico, arti\u0301stico y existencial. La tercera li\u0301nea se ocupa de la relaci\u00f3n del ser humano con la naturaleza, la cultura, la vida y la muerte. En este contexto he establecido conexiones desde la filosof\u00eda con otras disciplinas y saberes, como la literatura, el arte y cosmovisiones ancestrales. Como investigadora principal he dirigido tres proyectos de I+D radicados en la Universidad de Antioquia, Medell\u00edn, donde fui Profesora Titular y Catedr\u00e1tica entre 2014 y 2024: \u201cEspacio y tiempo en la vida humana y su experiencia en el arte&#8221; (sobre Heidegger y Chillida, 2015-17), \u201cEl trabajo de la memoria entre la representaci\u00f3n y la experiencia\u201d (2018-22) y \u201cRecor\u00acdar la naturaleza: memoria como futuro de la humanidad\u201d (2023-24). Adem\u00e1s, he pertenecido desde 2008 hasta el momento a seis proyectos de I+D radicados en el Instituto de Filosof\u00eda del CSIC en Madrid, donde fui investigadora contratada postdoctoral de 2008 a 2011. He sido profesora contratada en distintas universidades alema\u00acnas, p. ej. LMU en M\u00fanich, donde hice mi Magister en filosof\u00eda, UdK en Berl\u00edn, HBK en Braunschweig, donde me doctor\u00e9 en filosof\u00eda, Universidad de Marburgo, Universidad de Hildesheim, e. o. He sido, adem\u00e1s, profesora invitada en Espa\u00f1a (Madrid), Rusia (Ekaterinburgo), Bielorrusia (Grodno), Reino Unido (Londres), Puerto Rico (San Juan), Chile (Valdivia, Concepci\u00f3n) y Colombia (Pereira). En 2013 fui distinguida como primera titular de la C\u00e1tedra Eduardo Chillida en la Goethe-Universit\u00e4t Frankfurt, y en 2019 fui invitada como Visiting Scholar a la New York University. He publicado la monograf\u00eda &#8220;Das Netz der Welt. Ein philosophischer Essay zum Raum von <em>Las Meninas<\/em>&#8221; (W. Fink, 2008); el libro colectivo triling\u00fce &#8220;Las artes en la \u00e9poca del espacio&#8221; (Resid\u00e8ncia d\u2019Investigadors \/ CSIC, 2010); y el libro colectivo (con St. Rohmer) &#8220;Homo naturalis. Zur Stellung des Menschen innerhalb der Natur&#8221; (Karl Alber, 2012). Tengo art\u00edculos publicados en revistas indexadas, como <em>Pensamiento<\/em> (Espa\u00f1a), <em>Philosophical Readings<\/em> (Italia), <em>Bulletin of Hispanic Studies<\/em> (Reino Unido), <em>Eidos<\/em> (Colombia), <em>Isegor\u00eda<\/em> (Espa\u00f1a) o <em>Arbor<\/em> (Espa\u00f1a), e. o., y he publicado cap\u00edtulos de libro en editoriales internacionales de renombre como de Gruyter, Routledge, Lit, gedisa, Alber, Plaza y Vald\u00e9s. Tras diez a\u00f1os en Colombia volv\u00ed en septiembre de 2024 a Espa\u00f1a para incorporarme como Profesora Ayudante Doctora al Departamento de Filosof\u00eda de la Universidad de Santiago de Compostela.<\/span><\/p>\n<p><\/p>\n<p>&nbsp;<\/p>\n<p>[\/et_pb_text][\/et_pb_column][\/et_pb_row][et_pb_row disabled_on=&#8221;off|off|off&#8221; _builder_version=&#8221;4.16&#8243; _module_preset=&#8221;default&#8221; custom_padding=&#8221;0px||27px|0px||&#8221; global_colors_info=&#8221;{}&#8221; theme_builder_area=&#8221;post_content&#8221;][et_pb_column type=&#8221;4_4&#8243; _builder_version=&#8221;4.16&#8243; _module_preset=&#8221;default&#8221; global_colors_info=&#8221;{}&#8221; theme_builder_area=&#8221;post_content&#8221;][et_pb_text _builder_version=&#8221;4.24.0&#8243; _module_preset=&#8221;default&#8221; text_font=&#8221;Montserrat||||||||&#8221; text_font_size=&#8221;11px&#8221; inline_fonts=&#8221;Montserrat&#8221; global_colors_info=&#8221;{}&#8221; theme_builder_area=&#8221;post_content&#8221;][\/et_pb_text][\/et_pb_column][\/et_pb_row][\/et_pb_section]<\/p>\n","protected":false},"excerpt":{"rendered":"<p>Ana Mar\u00eda RabeMi investigaci\u00f3n de las \u00faltimas d\u00e9cadas sigue tres li\u0301neas tem\u00e1ticas. La primera aborda el trabajo y la cultura de la memoria. En este contexto he investigado los fundamentos epistemol\u00f3gicos, \u00e9ticos y antropol\u00f3gicos de la memoria, as\u00ed como la importancia de los procesos est\u00e9ticos para incentivar un trabajo productivo y cr\u00edtico de la memoria [&hellip;]<\/p>\n","protected":false},"author":3,"featured_media":0,"parent":0,"menu_order":0,"comment_status":"closed","ping_status":"closed","template":"","meta":{"_et_pb_use_builder":"on","_et_pb_old_content":"","_et_gb_content_width":"","footnotes":""},"class_list":["post-9219","page","type-page","status-publish","hentry"],"_links":{"self":[{"href":"https:\/\/discursoeidentidade.com\/index.php?rest_route=\/wp\/v2\/pages\/9219","targetHints":{"allow":["GET"]}}],"collection":[{"href":"https:\/\/discursoeidentidade.com\/index.php?rest_route=\/wp\/v2\/pages"}],"about":[{"href":"https:\/\/discursoeidentidade.com\/index.php?rest_route=\/wp\/v2\/types\/page"}],"author":[{"embeddable":true,"href":"https:\/\/discursoeidentidade.com\/index.php?rest_route=\/wp\/v2\/users\/3"}],"replies":[{"embeddable":true,"href":"https:\/\/discursoeidentidade.com\/index.php?rest_route=%2Fwp%2Fv2%2Fcomments&post=9219"}],"version-history":[{"count":5,"href":"https:\/\/discursoeidentidade.com\/index.php?rest_route=\/wp\/v2\/pages\/9219\/revisions"}],"predecessor-version":[{"id":9224,"href":"https:\/\/discursoeidentidade.com\/index.php?rest_route=\/wp\/v2\/pages\/9219\/revisions\/9224"}],"wp:attachment":[{"href":"https:\/\/discursoeidentidade.com\/index.php?rest_route=%2Fwp%2Fv2%2Fmedia&parent=9219"}],"curies":[{"name":"wp","href":"https:\/\/api.w.org\/{rel}","templated":true}]}}