{"id":8324,"date":"2024-10-08T12:56:27","date_gmt":"2024-10-08T10:56:27","guid":{"rendered":"https:\/\/discursoeidentidade.com\/?page_id=8324"},"modified":"2026-01-21T12:50:56","modified_gmt":"2026-01-21T11:50:56","slug":"sara-villamarin-freire","status":"publish","type":"page","link":"https:\/\/discursoeidentidade.com\/?page_id=8324&lang=es","title":{"rendered":"Sara Villamar\u00edn Freire"},"content":{"rendered":"<p>[et_pb_section fb_built=&#8221;1&#8243; inner_shadow=&#8221;on&#8221; fullwidth=&#8221;on&#8221; custom_padding_last_edited=&#8221;on|desktop&#8221; admin_label=&#8221;section&#8221; _builder_version=&#8221;4.16&#8243; background_color=&#8221;#153b60&#8243; custom_padding_tablet=&#8221;50px|0|50px|0&#8243; custom_padding_phone=&#8221;&#8221; transparent_background=&#8221;off&#8221; padding_mobile=&#8221;off&#8221; make_fullwidth=&#8221;off&#8221; use_custom_width=&#8221;off&#8221; width_unit=&#8221;on&#8221; custom_width_px=&#8221;1080px&#8221; custom_width_percent=&#8221;80%&#8221; locked=&#8221;off&#8221; global_colors_info=&#8221;{}&#8221;][et_pb_fullwidth_header content_max_width=&#8221;none&#8221; admin_label=&#8221;T\u00cdTULO SECCI\u00d3N&#8221; _builder_version=&#8221;4.16&#8243; title_font=&#8221;Montserrat||||||||&#8221; background_color=&#8221;rgba(255, 255, 255, 0)&#8221; custom_padding=&#8221;||0px|||&#8221; button_one_letter_spacing_hover=&#8221;0&#8243; button_two_letter_spacing_hover=&#8221;0&#8243; global_colors_info=&#8221;{}&#8221; button_one_text_size__hover_enabled=&#8221;off&#8221; button_two_text_size__hover_enabled=&#8221;off&#8221; button_one_text_color__hover_enabled=&#8221;off&#8221; button_two_text_color__hover_enabled=&#8221;off&#8221; button_one_border_width__hover_enabled=&#8221;off&#8221; button_two_border_width__hover_enabled=&#8221;off&#8221; button_one_border_color__hover_enabled=&#8221;off&#8221; button_two_border_color__hover_enabled=&#8221;off&#8221; button_one_border_radius__hover_enabled=&#8221;off&#8221; button_two_border_radius__hover_enabled=&#8221;off&#8221; button_one_letter_spacing__hover_enabled=&#8221;on&#8221; button_one_letter_spacing__hover=&#8221;0&#8243; button_two_letter_spacing__hover_enabled=&#8221;on&#8221; button_two_letter_spacing__hover=&#8221;0&#8243; button_one_bg_color__hover_enabled=&#8221;off&#8221; button_two_bg_color__hover_enabled=&#8221;off&#8221;]<\/p>\n<h1>Sara Villamar\u00edn Freire\u00a0<\/h1>\n<p>[\/et_pb_fullwidth_header][\/et_pb_section][et_pb_section fb_built=&#8221;1&#8243; custom_padding_last_edited=&#8221;on|desktop&#8221; admin_label=&#8221;section&#8221; _builder_version=&#8221;4.16&#8243; background_color=&#8221;rgba(0,0,0,0)&#8221; custom_padding_tablet=&#8221;50px|0|50px|0&#8243; custom_padding_phone=&#8221;&#8221; transparent_background=&#8221;off&#8221; padding_mobile=&#8221;off&#8221; make_fullwidth=&#8221;off&#8221; use_custom_width=&#8221;off&#8221; width_unit=&#8221;on&#8221; custom_width_px=&#8221;1080px&#8221; custom_width_percent=&#8221;80%&#8221; locked=&#8221;off&#8221; global_colors_info=&#8221;{}&#8221;][et_pb_row column_structure=&#8221;2_5,3_5&#8243; _builder_version=&#8221;4.16&#8243; _module_preset=&#8221;default&#8221; background_color=&#8221;#d6d6d6&#8243; width=&#8221;79.9%&#8221; custom_padding=&#8221;||5px|28px||&#8221; global_colors_info=&#8221;{}&#8221;][et_pb_column type=&#8221;2_5&#8243; _builder_version=&#8221;4.16&#8243; _module_preset=&#8221;default&#8221; global_colors_info=&#8221;{}&#8221;][et_pb_image src=&#8221;https:\/\/discursoeidentidade.com\/wp-content\/uploads\/2024\/10\/Sara_foto1.jpeg&#8221; alt=&#8221;Sara_foto1&#8243; title_text=&#8221;Sara_foto1&#8243; _builder_version=&#8221;4.24.0&#8243; _module_preset=&#8221;default&#8221; global_colors_info=&#8221;{}&#8221;][\/et_pb_image][et_pb_text _builder_version=&#8221;4.27.5&#8243; _module_preset=&#8221;default&#8221; hover_enabled=&#8221;0&#8243; global_colors_info=&#8221;{}&#8221; sticky_enabled=&#8221;0&#8243;]<\/p>\n<p>Email: sara.villamarin@usc.es<br \/>OrcID: <a href=\"https:\/\/orcid.org\/0000-0002-1287-0754\">https:\/\/orcid.org\/0000-0002-1287-0754<\/a><br \/>Scopus Author ID: 57223752048<br \/>Perfil en Google Scholar:<br \/><a href=\"https:\/\/scholar.google.com\/citations?user=hCCEGqoAAAAJ&amp;hl=es\">https:\/\/scholar.google.com\/citations?user=hCCEGqoAAAAJ&amp;hl=es<\/a><\/p>\n<p>[\/et_pb_text][et_pb_text disabled_on=&#8221;on|on|on&#8221; _builder_version=&#8221;4.16&#8243; _module_preset=&#8221;default&#8221; text_line_height=&#8221;1em&#8221; custom_margin=&#8221;-17px||-23px|||&#8221; custom_padding=&#8221;||0px|||&#8221; disabled=&#8221;on&#8221; global_colors_info=&#8221;{}&#8221;][\/et_pb_text][\/et_pb_column][et_pb_column type=&#8221;3_5&#8243; _builder_version=&#8221;4.16&#8243; _module_preset=&#8221;default&#8221; global_colors_info=&#8221;{}&#8221;][et_pb_text _builder_version=&#8221;4.27.5&#8243; _module_preset=&#8221;default&#8221; text_font=&#8221;Montserrat||||||||&#8221; min_height=&#8221;117px&#8221; custom_margin=&#8221;11px|||||&#8221; custom_padding=&#8221;|95px||||&#8221; inline_fonts=&#8221;Montserrat&#8221; global_colors_info=&#8221;{}&#8221;]<\/p>\n<p><span style=\"font-size: 14px;\"><strong>Sara Villamar\u00edn Freire <\/strong> es investigadora posdoctoral en el Departamento de Filolog\u00eda Inglesa y Alemana de la Universidad de Santiago de Compostela con un contrato financiado por la Xunta de Galicia. Sara recibi\u00f3 el t\u00edtulo de doctora en Estudios Ingleses Avanzados por la Universidad de A Coru\u00f1a (2022) con la tesis <em>Against the Dominant Fiction: Seeking Alternatives to Hegemonic Fatherhood in Contemporary U.S. Literature<\/em>, galardonada con el Premio Extraordinario de Doctorado de la UDC en 2023. Entre 2017 y 2021 fue beneficiaria de un contrato predoctoral financiado por la Xunta de Galicia. Tambi\u00e9n form\u00f3 parte del equipo de trabajo de los proyectos de investigaci\u00f3n \u201cLiterature and Globalization: American Literature from a Transnational Perspective\u201d (FFI2015-66767-P; 2016-2019) y \u201cLiterature and Globalization 2: Communities of Waste\u201d (PID2019-106798GBI00; 2020-2023), estando contratada con cargo a este \u00faltimo (2021-2022).<br \/>Actualmente Sara es investigadora visitante en el Narrative Research Lab de la Universidad de Aarhus (Dinamarca). Anteriormente realiz\u00f3 estancias de investigaci\u00f3n en el John F. Kennedy Center for North American Studies (Freie Universit\u00e4t Berlin, Alemania), la Universidad de Santiago de Compostela (dentro del programa posdoctoral \u201cMargarita Salas\u201d) y SELMA \u2013 Center for the Study of Storytelling, Experientiality and Memory (Universidad de Turku, Finlandia). Su trabajo se ha publicado en revistas como <em>REN, Miscel\u00e1nea, IJES o Complutense Journal of English Studies<\/em>, adem\u00e1s de los vol\u00famenes <em>Transcending the Postmodern<\/em> (eds. Susana Onega e Jean-Michel Ganteau, 2020) y <em>The Routledge Companion to Masculinity in American Literature and Culture<\/em> (ed. Lydia Cooper, 2021). Junto con Elsa del Campo, coedit\u00f3 el monogr\u00e1fico \u201cToxic Tales: Narratives of Waste in Postindustrial North America\u201d publicado en la <em>Revista Canaria de Estudios Ingleses<\/em> 86 (2023). En 2022 se le otorg\u00f3 la distinci\u00f3n \u2018Best Conference Paper\u2019 en la 8th ASYRAS Conference. En 2023 gan\u00f3 el premio \u2018Emory Elliott Award\u2019 concedido por la International American Studies Association. Sus l\u00edneas de investigaci\u00f3n abarcan la representaci\u00f3n de figuras paternas en literatura estadounidense contempor\u00e1nea, el giro post-postmoderno en literaturas angl\u00f3fonas y el estudio de la identidad (como) narrativa.<br \/><\/span><\/p>\n<p>[\/et_pb_text][\/et_pb_column][\/et_pb_row][et_pb_row disabled_on=&#8221;off|off|off&#8221; _builder_version=&#8221;4.16&#8243; _module_preset=&#8221;default&#8221; custom_padding=&#8221;0px||27px|0px||&#8221; global_colors_info=&#8221;{}&#8221;][et_pb_column type=&#8221;4_4&#8243; _builder_version=&#8221;4.16&#8243; _module_preset=&#8221;default&#8221; global_colors_info=&#8221;{}&#8221;][et_pb_text _builder_version=&#8221;4.24.0&#8243; _module_preset=&#8221;default&#8221; text_font=&#8221;Montserrat||||||||&#8221; text_font_size=&#8221;11px&#8221; inline_fonts=&#8221;Montserrat&#8221; global_colors_info=&#8221;{}&#8221;][\/et_pb_text][\/et_pb_column][\/et_pb_row][\/et_pb_section]<\/p>\n","protected":false},"excerpt":{"rendered":"<p>Sara Villamar\u00edn Freire\u00a0Email: sara.villamarin@usc.esOrcID: https:\/\/orcid.org\/0000-0002-1287-0754Scopus Author ID: 57223752048Perfil en Google Scholar:https:\/\/scholar.google.com\/citations?user=hCCEGqoAAAAJ&amp;hl=esSara Villamar\u00edn Freire es investigadora posdoctoral en el Departamento de Filolog\u00eda Inglesa y Alemana de la Universidad de Santiago de Compostela con un contrato financiado por la Xunta de Galicia. Sara recibi\u00f3 el t\u00edtulo de doctora en Estudios Ingleses Avanzados por la Universidad de A [&hellip;]<\/p>\n","protected":false},"author":3,"featured_media":0,"parent":0,"menu_order":0,"comment_status":"closed","ping_status":"closed","template":"","meta":{"_et_pb_use_builder":"on","_et_pb_old_content":"","_et_gb_content_width":"","footnotes":""},"class_list":["post-8324","page","type-page","status-publish","hentry"],"_links":{"self":[{"href":"https:\/\/discursoeidentidade.com\/index.php?rest_route=\/wp\/v2\/pages\/8324","targetHints":{"allow":["GET"]}}],"collection":[{"href":"https:\/\/discursoeidentidade.com\/index.php?rest_route=\/wp\/v2\/pages"}],"about":[{"href":"https:\/\/discursoeidentidade.com\/index.php?rest_route=\/wp\/v2\/types\/page"}],"author":[{"embeddable":true,"href":"https:\/\/discursoeidentidade.com\/index.php?rest_route=\/wp\/v2\/users\/3"}],"replies":[{"embeddable":true,"href":"https:\/\/discursoeidentidade.com\/index.php?rest_route=%2Fwp%2Fv2%2Fcomments&post=8324"}],"version-history":[{"count":2,"href":"https:\/\/discursoeidentidade.com\/index.php?rest_route=\/wp\/v2\/pages\/8324\/revisions"}],"predecessor-version":[{"id":9080,"href":"https:\/\/discursoeidentidade.com\/index.php?rest_route=\/wp\/v2\/pages\/8324\/revisions\/9080"}],"wp:attachment":[{"href":"https:\/\/discursoeidentidade.com\/index.php?rest_route=%2Fwp%2Fv2%2Fmedia&parent=8324"}],"curies":[{"name":"wp","href":"https:\/\/api.w.org\/{rel}","templated":true}]}}