{"id":8156,"date":"2024-03-20T08:03:00","date_gmt":"2024-03-20T07:03:00","guid":{"rendered":"https:\/\/discursoeidentidade.com\/?page_id=8156"},"modified":"2024-03-20T10:46:09","modified_gmt":"2024-03-20T09:46:09","slug":"8143-2","status":"publish","type":"page","link":"https:\/\/discursoeidentidade.com\/?page_id=8156&lang=en","title":{"rendered":"Member Susana Mar\u00eda Jm\u00e9nez Placer"},"content":{"rendered":"<p>[et_pb_section fb_built=&#8221;1&#8243; inner_shadow=&#8221;on&#8221; fullwidth=&#8221;on&#8221; custom_padding_last_edited=&#8221;on|desktop&#8221; admin_label=&#8221;section&#8221; _builder_version=&#8221;4.16&#8243; background_color=&#8221;#153b60&#8243; custom_padding_tablet=&#8221;50px|0|50px|0&#8243; custom_padding_phone=&#8221;&#8221; transparent_background=&#8221;off&#8221; padding_mobile=&#8221;off&#8221; make_fullwidth=&#8221;off&#8221; use_custom_width=&#8221;off&#8221; width_unit=&#8221;on&#8221; custom_width_px=&#8221;1080px&#8221; custom_width_percent=&#8221;80%&#8221; global_colors_info=&#8221;{}&#8221;][et_pb_fullwidth_header content_max_width=&#8221;none&#8221; admin_label=&#8221;T\u00cdTULO SECCI\u00d3N&#8221; _builder_version=&#8221;4.16&#8243; title_font=&#8221;Montserrat||||||||&#8221; background_color=&#8221;rgba(255, 255, 255, 0)&#8221; custom_padding=&#8221;||0px|||&#8221; button_one_letter_spacing_hover=&#8221;0&#8243; button_two_letter_spacing_hover=&#8221;0&#8243; global_colors_info=&#8221;{}&#8221; button_one_text_size__hover_enabled=&#8221;off&#8221; button_two_text_size__hover_enabled=&#8221;off&#8221; button_one_text_color__hover_enabled=&#8221;off&#8221; button_two_text_color__hover_enabled=&#8221;off&#8221; button_one_border_width__hover_enabled=&#8221;off&#8221; button_two_border_width__hover_enabled=&#8221;off&#8221; button_one_border_color__hover_enabled=&#8221;off&#8221; button_two_border_color__hover_enabled=&#8221;off&#8221; button_one_border_radius__hover_enabled=&#8221;off&#8221; button_two_border_radius__hover_enabled=&#8221;off&#8221; button_one_letter_spacing__hover_enabled=&#8221;on&#8221; button_one_letter_spacing__hover=&#8221;0&#8243; button_two_letter_spacing__hover_enabled=&#8221;on&#8221; button_two_letter_spacing__hover=&#8221;0&#8243; button_one_bg_color__hover_enabled=&#8221;off&#8221; button_two_bg_color__hover_enabled=&#8221;off&#8221;]<\/p>\n<h1>Susana Mar\u00eda Jim\u00e9nez Placer<\/h1>\n<p>[\/et_pb_fullwidth_header][\/et_pb_section][et_pb_section fb_built=&#8221;1&#8243; custom_padding_last_edited=&#8221;on|desktop&#8221; admin_label=&#8221;section&#8221; _builder_version=&#8221;4.16&#8243; background_color=&#8221;rgba(0,0,0,0)&#8221; custom_padding_tablet=&#8221;50px|0|50px|0&#8243; custom_padding_phone=&#8221;&#8221; transparent_background=&#8221;off&#8221; padding_mobile=&#8221;off&#8221; make_fullwidth=&#8221;off&#8221; use_custom_width=&#8221;off&#8221; width_unit=&#8221;on&#8221; custom_width_px=&#8221;1080px&#8221; custom_width_percent=&#8221;80%&#8221; global_colors_info=&#8221;{}&#8221;][et_pb_row column_structure=&#8221;2_5,3_5&#8243; _builder_version=&#8221;4.16&#8243; _module_preset=&#8221;default&#8221; background_color=&#8221;#d6d6d6&#8243; width=&#8221;79.9%&#8221; custom_padding=&#8221;||5px|28px||&#8221; global_colors_info=&#8221;{}&#8221;][et_pb_column type=&#8221;2_5&#8243; _builder_version=&#8221;4.16&#8243; _module_preset=&#8221;default&#8221; global_colors_info=&#8221;{}&#8221;][et_pb_image src=&#8221;https:\/\/discursoeidentidade.com\/wp-content\/uploads\/2020\/11\/unnamed-1.jpeg&#8221; alt=&#8221;Susana Jim\u00e9nez&#8221; title_text=&#8221;SusanaJimenez&#8221; _builder_version=&#8221;4.24.0&#8243; _module_preset=&#8221;default&#8221; custom_margin=&#8221;|6px||||&#8221; custom_padding=&#8221;15px|||||&#8221; global_colors_info=&#8221;{}&#8221;][\/et_pb_image][et_pb_text disabled_on=&#8221;on|on|on&#8221; _builder_version=&#8221;4.16&#8243; _module_preset=&#8221;default&#8221; text_line_height=&#8221;1em&#8221; custom_margin=&#8221;-17px||-23px|||&#8221; custom_padding=&#8221;||0px|||&#8221; disabled=&#8221;on&#8221; global_colors_info=&#8221;{}&#8221;]<\/p>\n<p style=\"text-align: center;\"><strong><a href=\"https:\/\/orcid.org\/0000-0001-9073-8401\">ORCID ID:\u00a00000-0001-9073-8401<\/a><\/strong><\/p>\n<p style=\"text-align: center;\"><strong><a href=\"https:\/\/scholar.google.es\/citations?hl=es&amp;user=hpWINm8AAAAJ\">Google Scholar<\/a><\/strong><\/p>\n<p>[\/et_pb_text][\/et_pb_column][et_pb_column type=&#8221;3_5&#8243; _builder_version=&#8221;4.16&#8243; _module_preset=&#8221;default&#8221; global_colors_info=&#8221;{}&#8221;][et_pb_text _builder_version=&#8221;4.24.0&#8243; _module_preset=&#8221;default&#8221; text_font=&#8221;Montserrat||||||||&#8221; min_height=&#8221;117px&#8221; custom_margin=&#8221;11px|||||&#8221; custom_padding=&#8221;|95px||||&#8221; inline_fonts=&#8221;Montserrat&#8221; global_colors_info=&#8221;{}&#8221;]<\/p>\n<p><span style=\"font-size: 14px;\"><strong>Susana Mar\u00eda Jim\u00e9nez Placer<\/strong> es profesora en la Facultade de Filolox\u00eda de la Universidade de Santiago de Compostela donde imparte clases en materias principalmente relacionadas con la literatura, historia y cultura de los Estados Unidos de Am\u00e9rica. Su tesis doctoral se centr\u00f3 en el estudio de los relatos mexicanos de la escritora estadounidense Katherine Anne Porter, tem\u00e1tica sobre la que ha publicado un libro: <em>Katherine Anne Porter y la revoluci\u00f3n mexicana: de la fascinaci\u00f3n al desencanto<\/em> (2004). A lo largo de los \u00faltimos a\u00f1os ha participado en diversos proyectos de investigaci\u00f3n centrados en distintos aspectos de la cultura y la producci\u00f3n literaria del Sur de los Estados Unidos, tales como el papel del espacio dom\u00e9stico en obras escritas por autoras sure\u00f1as, las manifestaciones literarias del Movimiento por los Derechos Civiles, la contribuci\u00f3n de la producci\u00f3n autobiogr\u00e1fica en la construcci\u00f3n de una identidad sure\u00f1a o la relaci\u00f3n entre raza y corporeidad en la tradici\u00f3n literaria del Sur de los EE. UU. En la actualidad es miembro del grupo de investigaci\u00f3n \u201cDiscurso e identidad\u201d en la propia Universidade de Santiago de Compostela. Adem\u00e1s de haber presentado contribuciones en un abundante n\u00famero de congresos, ha publicado art\u00edculos y cap\u00edtulos de libro sobre las tem\u00e1ticas indicadas m\u00e1s arriba y ha editado junto a Carmen Rueda Ramos un volumen centrado en la producci\u00f3n literaria autobiogr\u00e1fica en el Sur de los Estados Unidos: <em>Essays on Southern Life-Writing<\/em> (2017). Sus publicaciones m\u00e1s recientes estudian el tratamiento de cuestiones de g\u00e9nero y raza en la esfera dom\u00e9stica sure\u00f1a en el per\u00edodo de segregaci\u00f3n tanto en obras de ficci\u00f3n como en relatos autobiogr\u00e1ficos escritos por autoras de esta regi\u00f3n.<br \/>\u00a0<\/span><\/p>\n<p>[\/et_pb_text][\/et_pb_column][\/et_pb_row][et_pb_row _builder_version=&#8221;4.16&#8243; _module_preset=&#8221;default&#8221; custom_padding=&#8221;0px||27px|0px||&#8221; global_colors_info=&#8221;{}&#8221;][et_pb_column type=&#8221;4_4&#8243; _builder_version=&#8221;4.16&#8243; _module_preset=&#8221;default&#8221; global_colors_info=&#8221;{}&#8221;][et_pb_text _builder_version=&#8221;4.24.0&#8243; _module_preset=&#8221;default&#8221; text_font=&#8221;Montserrat||||||||&#8221; text_font_size=&#8221;11px&#8221; inline_fonts=&#8221;Montserrat&#8221; global_colors_info=&#8221;{}&#8221;]<\/p>\n<p><span style=\"color: #000000;\"><strong><span style=\"text-decoration: underline;\"><strong style=\"box-sizing: border-box; margin: 0px; padding: 0px; border: 0px; outline: 0px; font-size: 11px; text-size-adjust: 100%; vertical-align: baseline; background: #ffffff; font-weight: bold; color: #666666; font-family: Montserrat, Helvetica, Arial, Lucida, sans-serif; font-style: normal; font-variant-ligatures: normal; font-variant-caps: normal; letter-spacing: normal; orphans: 2; text-align: left; text-indent: 0px; text-transform: none; widows: 2; word-spacing: 0px; -webkit-text-stroke-width: 0px; white-space: normal; text-decoration-thickness: initial; text-decoration-style: initial; text-decoration-color: initial;\"><span style=\"box-sizing: border-box; margin: 0px; padding: 0px; border: 0px; outline: 0px; font-size: 11px; text-size-adjust: 100%; vertical-align: baseline; background: transparent; color: #000000;\"><u style=\"box-sizing: border-box; margin: 0px; padding: 0px; border: 0px; outline: 0px; font-size: 11px; text-size-adjust: 100%; vertical-align: baseline; background: transparent;\">REPRESENTATIVE PUBLICATIONS<\/u><\/span><\/strong>:<\/span><\/strong><\/span><\/p>\n<p>\u201cDomestic Performance in the Jim Crow South: Black Mammies and White Tomboys in Kathryn Stockett\u2019s <em>The Help<\/em>, Harper Lee\u2019s <em>To Kill a Mockingbird<\/em> and <em>Go Set a Watchman<\/em> and Katherine Anne Porter\u2019s Miranda Stories\u201d. <em>Performative Identities and Cultures. <\/em><em>From Literature to Social Media <\/em>editado por Beata Zawadka. Pa\u00edses Bajos: Brill, 2024. [En prensa]<\/p>\n<p>\u201cRevisiting the Mammy Image in Kathryn Stockett\u2019s <em>The Help <\/em>and Harper Lee\u2019s <em>Go Set a Watchman<\/em>\u201d. <em>Facets of the South<\/em> editado por Gerald Preher. [En prensa]<\/p>\n<p>\u201cLegacies of Slavery: Black Domestics, Waste, and the Body\u201d. <em>Revista Canaria de Estudios Ingleses, <\/em>vol. 86, Abril 2023, pp. 109-125. <br \/>DOI: https:\/\/doi.org\/10.25145\/j.recaesin.2023.86.07<\/p>\n<p>\u201c<em>Outside the Magic Circle<\/em> of White Male Supremacy in the Jim Crow South: Virginia Foster Durr\u2019s Memoirs\u201d. <em>Text Matters. A Journal of Literature, Theory and Culture<\/em>, vol. 8, 2018, pp. 296-319. \u00a0<span>DOI: 10.1515\/texmat-2018-0018<\/span><\/p>\n<p>\u201c\u2018Pariahs for Flattering Reasons\u2019: Confessions of Failed Southern Ladies on the Black Help\u201d. <em>Constructing the Self: Essays on Southern Life-Writing,<\/em> editado por Carmen Rueda-Ramos y Susana Jim\u00e9nez-Placer. Valencia: Publicacions de la UNiversitat de Val\u00e9ncia, 2017. 235-252.<\/p>\n<p>\u201cFrom \u2018Faithful Old Servant\u2019 to \u2018Bantu Woman\u2019: Katherine Anne Porter\u2019s Approach to the Mammy Myth in \u2018The Old Order\u2019\u201d. <em>Journal of the Short Story in English<\/em>, vol. 67, Oto\u00f1o 2016, pp. 51-68. URL: <a href=\"http:\/\/journals.openedition.org\/jsse\/1752\">http:\/\/journals.openedition.org\/jsse\/1752<\/a><\/p>\n<p>\u201cPerforming Southern Womanhood in Katherine Anne Porter&#8217;s Miranda Stories\u201d. <em>Performing South. The South as Transmedial Message<\/em> editado por Beata Zawadka. Szczecin, Polonia: Szczecin University, 2015. 103-120.<\/p>\n<p>\u201cBack to the South via Mexico: Katherine Anne Porter\u2019s Experience\u201d. <em>The South from Elsewhere <\/em>editado por<em> Marcel <\/em>Arbeit. Olomouc, Rep\u00fablica Checa: Palacky University Olomouc, 2015. 33-53<\/p>\n<p>Segregation and Civil Rights in the Domestic Sphere: the Mammy Image in <em>Like One of the Family<\/em> and <em>The Help<\/em>. <em>Dixie Matters: New Perspectives on Southern Femininities and Masculinities<\/em> editado por Urszula Niewiadomska-Flis, Urszula. Lublin, Polonia: Wydawnictwo KUL, 2013. 37-60.<\/p>\n<p>Damas y esclavas, madres y <em>mamis<\/em> en el Viejo Sur: <em>Gone with the Wind<\/em> de Margaret Mitchell y \u201cThe Old Order\u201d de Katherine Anne Porter\u201d. <em>Hijas del Viejo sur: La mujer en la literatura femenina del Sur de los Estados Unidos<\/em> editado por Constante Gonz\u00e1lez Groba. Valencia: Publicacions de la UNiversitat de Val\u00e9ncia, 2012. 175-258.<\/p>\n<p><span style=\"color: #000000;\">.<\/span><\/p>\n<p>[\/et_pb_text][\/et_pb_column][\/et_pb_row][\/et_pb_section]<\/p>\n","protected":false},"excerpt":{"rendered":"<p>Susana Mar\u00eda Jim\u00e9nez PlacerORCID ID:\u00a00000-0001-9073-8401 Google ScholarSusana Mar\u00eda Jim\u00e9nez Placer es profesora en la Facultade de Filolox\u00eda de la Universidade de Santiago de Compostela donde imparte clases en materias principalmente relacionadas con la literatura, historia y cultura de los Estados Unidos de Am\u00e9rica. Su tesis doctoral se centr\u00f3 en el estudio de los relatos mexicanos [&hellip;]<\/p>\n","protected":false},"author":3,"featured_media":0,"parent":0,"menu_order":0,"comment_status":"closed","ping_status":"closed","template":"","meta":{"_et_pb_use_builder":"on","_et_pb_old_content":"","_et_gb_content_width":"","footnotes":""},"class_list":["post-8156","page","type-page","status-publish","hentry"],"_links":{"self":[{"href":"https:\/\/discursoeidentidade.com\/index.php?rest_route=\/wp\/v2\/pages\/8156","targetHints":{"allow":["GET"]}}],"collection":[{"href":"https:\/\/discursoeidentidade.com\/index.php?rest_route=\/wp\/v2\/pages"}],"about":[{"href":"https:\/\/discursoeidentidade.com\/index.php?rest_route=\/wp\/v2\/types\/page"}],"author":[{"embeddable":true,"href":"https:\/\/discursoeidentidade.com\/index.php?rest_route=\/wp\/v2\/users\/3"}],"replies":[{"embeddable":true,"href":"https:\/\/discursoeidentidade.com\/index.php?rest_route=%2Fwp%2Fv2%2Fcomments&post=8156"}],"version-history":[{"count":0,"href":"https:\/\/discursoeidentidade.com\/index.php?rest_route=\/wp\/v2\/pages\/8156\/revisions"}],"wp:attachment":[{"href":"https:\/\/discursoeidentidade.com\/index.php?rest_route=%2Fwp%2Fv2%2Fmedia&parent=8156"}],"curies":[{"name":"wp","href":"https:\/\/api.w.org\/{rel}","templated":true}]}}