{"id":689,"date":"2016-06-06T13:38:22","date_gmt":"2016-06-06T11:38:22","guid":{"rendered":"http:\/\/discursoeidentidade.com\/?page_id=689"},"modified":"2020-10-27T13:08:29","modified_gmt":"2020-10-27T12:08:29","slug":"444-2","status":"publish","type":"page","link":"https:\/\/discursoeidentidade.com\/?page_id=689","title":{"rendered":"MIEMBRO_Susana Doval Su\u00e1rez"},"content":{"rendered":"<p>[et_pb_section fb_built=&#8221;1&#8243; inner_shadow=&#8221;on&#8221; fullwidth=&#8221;on&#8221; custom_padding_last_edited=&#8221;on|desktop&#8221; admin_label=&#8221;section&#8221; _builder_version=&#8221;4.6.1&#8243; background_color=&#8221;#153b60&#8243; custom_padding_tablet=&#8221;50px|0|50px|0&#8243; custom_padding_phone=&#8221;&#8221; transparent_background=&#8221;off&#8221; padding_mobile=&#8221;off&#8221; make_fullwidth=&#8221;off&#8221; use_custom_width=&#8221;off&#8221; width_unit=&#8221;on&#8221; custom_width_px=&#8221;1080px&#8221; custom_width_percent=&#8221;80%&#8221;][et_pb_fullwidth_header content_max_width=&#8221;none&#8221; admin_label=&#8221;T\u00cdTULO SECCI\u00d3N&#8221; _builder_version=&#8221;4.6.1&#8243; title_font=&#8221;Montserrat||||||||&#8221; background_color=&#8221;rgba(255, 255, 255, 0)&#8221; custom_padding=&#8221;||0px|||&#8221; button_one_letter_spacing_hover=&#8221;0&#8243; button_two_letter_spacing_hover=&#8221;0&#8243; button_one_text_size__hover_enabled=&#8221;off&#8221; button_two_text_size__hover_enabled=&#8221;off&#8221; button_one_text_color__hover_enabled=&#8221;off&#8221; button_two_text_color__hover_enabled=&#8221;off&#8221; button_one_border_width__hover_enabled=&#8221;off&#8221; button_two_border_width__hover_enabled=&#8221;off&#8221; button_one_border_color__hover_enabled=&#8221;off&#8221; button_two_border_color__hover_enabled=&#8221;off&#8221; button_one_border_radius__hover_enabled=&#8221;off&#8221; button_two_border_radius__hover_enabled=&#8221;off&#8221; button_one_letter_spacing__hover_enabled=&#8221;on&#8221; button_one_letter_spacing__hover=&#8221;0&#8243; button_two_letter_spacing__hover_enabled=&#8221;on&#8221; button_two_letter_spacing__hover=&#8221;0&#8243; button_one_bg_color__hover_enabled=&#8221;off&#8221; button_two_bg_color__hover_enabled=&#8221;off&#8221;]<\/p>\n<h1>Susana Doval Su\u00e1rez\u00a0<\/h1>\n<p>[\/et_pb_fullwidth_header][\/et_pb_section][et_pb_section fb_built=&#8221;1&#8243; custom_padding_last_edited=&#8221;on|desktop&#8221; admin_label=&#8221;section&#8221; _builder_version=&#8221;4.6.1&#8243; background_color=&#8221;rgba(0,0,0,0)&#8221; custom_padding_tablet=&#8221;50px|0|50px|0&#8243; custom_padding_phone=&#8221;&#8221; transparent_background=&#8221;off&#8221; padding_mobile=&#8221;off&#8221; make_fullwidth=&#8221;off&#8221; use_custom_width=&#8221;off&#8221; width_unit=&#8221;on&#8221; custom_width_px=&#8221;1080px&#8221; custom_width_percent=&#8221;80%&#8221;][et_pb_row column_structure=&#8221;2_5,3_5&#8243; _builder_version=&#8221;4.6.1&#8243; _module_preset=&#8221;default&#8221; background_color=&#8221;#d6d6d6&#8243; width=&#8221;79.9%&#8221; custom_padding=&#8221;||27px|28px||&#8221;][et_pb_column type=&#8221;2_5&#8243; _builder_version=&#8221;4.6.1&#8243; _module_preset=&#8221;default&#8221;][et_pb_image src=&#8221;http:\/\/discursoeidentidade.com\/wp-content\/uploads\/2020\/09\/Fotografi\u0301a.png&#8221; _builder_version=&#8221;4.6.1&#8243; _module_preset=&#8221;default&#8221; title_text=&#8221;Susana Doval&#8221; hover_enabled=&#8221;0&#8243; sticky_enabled=&#8221;0&#8243; min_height=&#8221;216px&#8221; custom_padding=&#8221;|||89px||&#8221;][\/et_pb_image][\/et_pb_column][et_pb_column type=&#8221;3_5&#8243; _builder_version=&#8221;4.6.1&#8243; _module_preset=&#8221;default&#8221;][et_pb_text _builder_version=&#8221;4.6.1&#8243; _module_preset=&#8221;default&#8221; text_font=&#8221;Montserrat||||||||&#8221; min_height=&#8221;117px&#8221; custom_margin=&#8221;8px|||||&#8221; custom_padding=&#8221;|95px||||&#8221; hover_enabled=&#8221;0&#8243; inline_fonts=&#8221;Montserrat&#8221; sticky_enabled=&#8221;0&#8243;]<\/p>\n<p><strong>Susana M\u00aa Doval Su\u00e1rez\u00a0<\/strong>\u00e9 Profesora Titular na Universidade de Santiago de Compostela\u00a0 (USC) onde imparte materias de morfolox\u00eda e sintaxe, entre outras. Os seus intereses investigadores incl\u00faen a aprendizaxe de segundas linguas e, en particular, a adquisici\u00f3n de competencias discursivas e ortogr\u00e1ficas. Nesta li\u00f1a, publicou m\u00faltiples contribuci\u00f3ns como <em>The Acquisiton of L2-English Spelling<\/em> (2004). Doval Su\u00e1rez tam\u00e9n desenvolveu estudos de investigaci\u00f3n no \u00e1mbito da ling\u00fc\u00edstica contrastiva e da an\u00e1lise (contrastivo) do discurso, co-editando, entre outros, os volumes <span><a href=\"https:\/\/www.equinoxpub.com\/home\/contrastive-discourse-analysis\/\" target=\"_blank\" rel=\"noopener noreferrer\"><em>Contrastive Discourse Analysis: Functional and Corpus Perspectives<\/em><\/a><\/span> (2013) e <span><a href=\"https:\/\/www.benjamins.com\/#catalog\/books\/pbns.140\/main\" target=\"_blank\" rel=\"noopener noreferrer\"><em>The Dynamics of Language Use: Functional and Contrastive Perspectives<\/em><\/a><\/span> (2005).<\/p>\n<p>&nbsp;<\/p>\n<p><b>@:<\/b>\u00a0<span><a href=\"mailto:susanamaria.doval@usc.es\" target=\"_blank\" rel=\"noopener noreferrer\">susanamaria.doval@usc.es<\/a><\/span><\/p>\n<p>[\/et_pb_text][\/et_pb_column][\/et_pb_row][et_pb_row _builder_version=&#8221;4.6.1&#8243; _module_preset=&#8221;default&#8221; custom_padding=&#8221;|||0px||&#8221;][et_pb_column type=&#8221;4_4&#8243; _builder_version=&#8221;4.6.1&#8243; _module_preset=&#8221;default&#8221;][et_pb_text _builder_version=&#8221;4.6.1&#8243; _module_preset=&#8221;default&#8221; text_font=&#8221;Montserrat||||||||&#8221; text_font_size=&#8221;11px&#8221; hover_enabled=&#8221;0&#8243; inline_fonts=&#8221;Montserrat&#8221; sticky_enabled=&#8221;0&#8243;]<\/p>\n<p><u>PUBLICACI\u00d3NS RELEVANTES:<\/u><\/p>\n<p><strong>\u201c<\/strong><strong>The Use of Extraposition in the Written Production of Spanish Advanced Learners of English\u201d<\/strong> (en coautor\u00eda con Elsa M\u00aa Gonz\u00e1lez \u00c1lvarez). <em>The Linguistics Journal \u00a0<\/em>10.1 (2016): 5-27.<\/p>\n<p><span><a href=\"https:\/\/www.equinoxpub.com\/home\/contrastive-discourse-analysis\/\" target=\"_blank\" rel=\"noopener noreferrer\"><strong><em>Contrastive Discourse Analysis: Functional and Corpus Perspectives<\/em><\/strong><\/a><\/span><strong>.<\/strong> Coeditado con Maite Taboada e\u00a0Elsa M\u00aa Gonz\u00e1lez \u00c1lvarez. Sheffield: Equinox, 2013.<\/p>\n<p><strong>\u201c<\/strong><span><a href=\"https:\/\/journals.equinoxpub.com\/index.php\/LHS\/article\/view\/14617\" target=\"_blank\" rel=\"noopener noreferrer\"><strong>The Use of If-clefts in the Written Production of Spanish Advanced Learners of English<\/strong><\/a><\/span><strong>\u201d<\/strong> (en coautor\u00eda con Elsa M\u00aa Gonz\u00e1lez \u00c1lvarez). <em>Linguistics and the Human Sciences<\/em>1-3 (2012): 151-172.<\/p>\n<p><span><a href=\"https:\/\/www.benjamins.com\/#catalog\/books\/pbns.140\/main\" target=\"_blank\" rel=\"noopener noreferrer\"><strong><em>The Dynamics of Language Use: Functional and Contrastive Perspectives<\/em><\/strong><\/a><\/span>. Coeditado con Christopher S. Butler e\u00a0Mar\u00eda de los \u00c1ngeles G\u00f3mez Gonz\u00e1lez. Amsterdam and Philadelphia: John Benjamins, 2005.<\/p>\n<p><strong><em>The Acquisiton of L2-English Spelling<\/em><\/strong>. Muenchen: Lincom Europa, 2004.\u00a0<\/p>\n<p>[\/et_pb_text][\/et_pb_column][\/et_pb_row][\/et_pb_section]<\/p>\n","protected":false},"excerpt":{"rendered":"<p>Susana Doval Su\u00e1rez\u00a0Susana M\u00aa Doval Su\u00e1rez\u00a0\u00e9 Profesora Titular na Universidade de Santiago de Compostela\u00a0 (USC) onde imparte materias de morfolox\u00eda e sintaxe, entre outras. Os seus intereses investigadores incl\u00faen a aprendizaxe de segundas linguas e, en particular, a adquisici\u00f3n de competencias discursivas e ortogr\u00e1ficas. Nesta li\u00f1a, publicou m\u00faltiples contribuci\u00f3ns como The Acquisiton of L2-English Spelling [&hellip;]<\/p>\n","protected":false},"author":1,"featured_media":0,"parent":0,"menu_order":0,"comment_status":"closed","ping_status":"closed","template":"","meta":{"_et_pb_use_builder":"on","_et_pb_old_content":"","_et_gb_content_width":"","footnotes":""},"class_list":["post-689","page","type-page","status-publish","hentry"],"_links":{"self":[{"href":"https:\/\/discursoeidentidade.com\/index.php?rest_route=\/wp\/v2\/pages\/689","targetHints":{"allow":["GET"]}}],"collection":[{"href":"https:\/\/discursoeidentidade.com\/index.php?rest_route=\/wp\/v2\/pages"}],"about":[{"href":"https:\/\/discursoeidentidade.com\/index.php?rest_route=\/wp\/v2\/types\/page"}],"author":[{"embeddable":true,"href":"https:\/\/discursoeidentidade.com\/index.php?rest_route=\/wp\/v2\/users\/1"}],"replies":[{"embeddable":true,"href":"https:\/\/discursoeidentidade.com\/index.php?rest_route=%2Fwp%2Fv2%2Fcomments&post=689"}],"version-history":[{"count":0,"href":"https:\/\/discursoeidentidade.com\/index.php?rest_route=\/wp\/v2\/pages\/689\/revisions"}],"wp:attachment":[{"href":"https:\/\/discursoeidentidade.com\/index.php?rest_route=%2Fwp%2Fv2%2Fmedia&parent=689"}],"curies":[{"name":"wp","href":"https:\/\/api.w.org\/{rel}","templated":true}]}}