{"id":6844,"date":"2022-03-19T12:20:00","date_gmt":"2022-03-19T11:20:00","guid":{"rendered":"http:\/\/discursoeidentidade.com\/?page_id=6844"},"modified":"2022-03-19T12:31:40","modified_gmt":"2022-03-19T11:31:40","slug":"maria-victoria-fuentes-del-rio","status":"publish","type":"page","link":"https:\/\/discursoeidentidade.com\/?page_id=6844","title":{"rendered":"MEMBRO IFP_Mar\u00eda Victoria Fuentes Del R\u00edo"},"content":{"rendered":"<p>[et_pb_section fb_built=&#8221;1&#8243; inner_shadow=&#8221;on&#8221; fullwidth=&#8221;on&#8221; custom_padding_last_edited=&#8221;on|desktop&#8221; admin_label=&#8221;section&#8221; _builder_version=&#8221;4.6.1&#8243; background_color=&#8221;#153b60&#8243; custom_padding_tablet=&#8221;50px|0|50px|0&#8243; custom_padding_phone=&#8221;&#8221; transparent_background=&#8221;off&#8221; padding_mobile=&#8221;off&#8221; make_fullwidth=&#8221;off&#8221; use_custom_width=&#8221;off&#8221; width_unit=&#8221;on&#8221; custom_width_px=&#8221;1080px&#8221; custom_width_percent=&#8221;80%&#8221;][et_pb_fullwidth_header content_max_width=&#8221;none&#8221; admin_label=&#8221;T\u00cdTULO SECCI\u00d3N&#8221; _builder_version=&#8221;4.9.0&#8243; title_font=&#8221;Montserrat||||||||&#8221; background_color=&#8221;rgba(255, 255, 255, 0)&#8221; custom_padding=&#8221;||0px|||&#8221; hover_enabled=&#8221;0&#8243; button_one_letter_spacing_hover=&#8221;0&#8243; button_two_letter_spacing_hover=&#8221;0&#8243; button_one_text_size__hover_enabled=&#8221;off&#8221; button_two_text_size__hover_enabled=&#8221;off&#8221; button_one_text_color__hover_enabled=&#8221;off&#8221; button_two_text_color__hover_enabled=&#8221;off&#8221; button_one_border_width__hover_enabled=&#8221;off&#8221; button_two_border_width__hover_enabled=&#8221;off&#8221; button_one_border_color__hover_enabled=&#8221;off&#8221; button_two_border_color__hover_enabled=&#8221;off&#8221; button_one_border_radius__hover_enabled=&#8221;off&#8221; button_two_border_radius__hover_enabled=&#8221;off&#8221; button_one_letter_spacing__hover_enabled=&#8221;on&#8221; button_one_letter_spacing__hover=&#8221;0&#8243; button_two_letter_spacing__hover_enabled=&#8221;on&#8221; button_two_letter_spacing__hover=&#8221;0&#8243; button_one_bg_color__hover_enabled=&#8221;off&#8221; button_two_bg_color__hover_enabled=&#8221;off&#8221; sticky_enabled=&#8221;0&#8243; ab_subject=&#8221;on&#8221; ab_subject_id=&#8221;1&#8243;]<\/p>\n<h1>Mar\u00eda Victoria Fuentes Del R\u00edo<\/h1>\n<p>[\/et_pb_fullwidth_header][et_pb_fullwidth_header content_max_width=&#8221;none&#8221; admin_label=&#8221;T\u00cdTULO SECCI\u00d3N&#8221; _builder_version=&#8221;4.9.0&#8243; title_font=&#8221;Montserrat||||||||&#8221; background_color=&#8221;rgba(255, 255, 255, 0)&#8221; custom_padding=&#8221;||0px|||&#8221; hover_enabled=&#8221;0&#8243; button_one_letter_spacing_hover=&#8221;0&#8243; button_two_letter_spacing_hover=&#8221;0&#8243; button_one_text_size__hover_enabled=&#8221;off&#8221; button_two_text_size__hover_enabled=&#8221;off&#8221; button_one_text_color__hover_enabled=&#8221;off&#8221; button_two_text_color__hover_enabled=&#8221;off&#8221; button_one_border_width__hover_enabled=&#8221;off&#8221; button_two_border_width__hover_enabled=&#8221;off&#8221; button_one_border_color__hover_enabled=&#8221;off&#8221; button_two_border_color__hover_enabled=&#8221;off&#8221; button_one_border_radius__hover_enabled=&#8221;off&#8221; button_two_border_radius__hover_enabled=&#8221;off&#8221; button_one_letter_spacing__hover_enabled=&#8221;on&#8221; button_one_letter_spacing__hover=&#8221;0&#8243; button_two_letter_spacing__hover_enabled=&#8221;on&#8221; button_two_letter_spacing__hover=&#8221;0&#8243; button_one_bg_color__hover_enabled=&#8221;off&#8221; button_two_bg_color__hover_enabled=&#8221;off&#8221; sticky_enabled=&#8221;0&#8243; ab_subject=&#8221;on&#8221; ab_subject_id=&#8221;2&#8243;]<\/p>\n<h1>Mar\u00eda Victoria Fuentes Del R\u00edo<\/h1>\n<p>[\/et_pb_fullwidth_header][\/et_pb_section][et_pb_section fb_built=&#8221;1&#8243; custom_padding_last_edited=&#8221;on|desktop&#8221; admin_label=&#8221;section&#8221; _builder_version=&#8221;4.6.1&#8243; background_color=&#8221;rgba(0,0,0,0)&#8221; custom_padding_tablet=&#8221;50px|0|50px|0&#8243; custom_padding_phone=&#8221;&#8221; transparent_background=&#8221;off&#8221; padding_mobile=&#8221;off&#8221; make_fullwidth=&#8221;off&#8221; use_custom_width=&#8221;off&#8221; width_unit=&#8221;on&#8221; custom_width_px=&#8221;1080px&#8221; custom_width_percent=&#8221;80%&#8221;][et_pb_row column_structure=&#8221;2_5,3_5&#8243; _builder_version=&#8221;4.6.1&#8243; _module_preset=&#8221;default&#8221; background_color=&#8221;#d6d6d6&#8243; width=&#8221;79.9%&#8221; custom_padding=&#8221;||27px|28px||&#8221;][et_pb_column type=&#8221;2_5&#8243; _builder_version=&#8221;4.6.1&#8243; _module_preset=&#8221;default&#8221;][et_pb_image src=&#8221;http:\/\/discursoeidentidade.com\/wp-content\/uploads\/2022\/03\/foto-Victoria-Fuentes.jpg&#8221; title_text=&#8221;foto Victoria Fuentes&#8221; _builder_version=&#8221;4.9.0&#8243; _module_preset=&#8221;default&#8221; custom_margin=&#8221;|||30px||&#8221; custom_padding=&#8221;19px|37px|0px|0px||&#8221; hover_enabled=&#8221;0&#8243; sticky_enabled=&#8221;0&#8243;][\/et_pb_image][\/et_pb_column][et_pb_column type=&#8221;3_5&#8243; _builder_version=&#8221;4.6.1&#8243; _module_preset=&#8221;default&#8221;][et_pb_text _builder_version=&#8221;4.6.1&#8243; _module_preset=&#8221;default&#8221; text_font=&#8221;Montserrat||||||||&#8221; min_height=&#8221;117px&#8221; custom_margin=&#8221;1px|||||&#8221; custom_padding=&#8221;2px|95px||||&#8221; inline_fonts=&#8221;Montserrat&#8221; ab_goal=&#8221;on&#8221;]<\/p>\n<p><strong style=\"font-family: Montserrat; font-size: small;\">Mar\u00eda Victoria Fuentes Del R\u00edo<\/strong><span style=\"font-family: Montserrat; font-size: small;\"> \u00e9 graduada en Lingua e Literatura Inglesas (2020) pola Universidade de Santiago de Compostela, onde completou os seus estudos realizando o Mestrado Estudos ingleses Avanzados e as s\u00faas Aplicaci\u00f3ns (2021). Actualmente est\u00e1 realizando a s\u00faa tese doutoral titulada temporalmente \u201cFemale Characters in H. G. Wells\u2019 Social Novels\u201d baixo a direcci\u00f3n do Prof. Dr. Jorge Sacido Romero. Nela analiza a identidade das personaxes femininas da novela social de H. G. Wells, po\u00f1endo \u00e9nfase naquelas mulleres que se atopan dentro dunha relaci\u00f3n sexo-afectiva, amorosa ou marital. Os seus intereses de investigaci\u00f3n dir\u00edxense cara a obra de H. G. Wells, os estudos de x\u00e9nero, a novela dist\u00f3pica e apocal\u00edptica, a relaci\u00f3n entre literatura e ideolox\u00eda, e a historia e cultura das Illas Brit\u00e1nicas<\/span><span style=\"color: #000000; font-size: medium;\"><\/span><\/p>\n<p><strong>@:\u00a0<a href=\"mailto:naara.queiruga.dominguez@usc.es\">mariavictoria.fuentes@rai.usc.es<\/a><\/strong><\/p>\n<p>[\/et_pb_text][\/et_pb_column][\/et_pb_row][\/et_pb_section]<\/p>\n","protected":false},"excerpt":{"rendered":"<p>Mar\u00eda Victoria Fuentes Del R\u00edoMar\u00eda Victoria Fuentes Del R\u00edoMar\u00eda Victoria Fuentes Del R\u00edo \u00e9 graduada en Lingua e Literatura Inglesas (2020) pola Universidade de Santiago de Compostela, onde completou os seus estudos realizando o Mestrado Estudos ingleses Avanzados e as s\u00faas Aplicaci\u00f3ns (2021). Actualmente est\u00e1 realizando a s\u00faa tese doutoral titulada temporalmente \u201cFemale Characters in [&hellip;]<\/p>\n","protected":false},"author":1,"featured_media":0,"parent":0,"menu_order":0,"comment_status":"closed","ping_status":"closed","template":"","meta":{"_et_pb_use_builder":"on","_et_pb_old_content":"","_et_gb_content_width":"","footnotes":""},"class_list":["post-6844","page","type-page","status-publish","hentry"],"_links":{"self":[{"href":"https:\/\/discursoeidentidade.com\/index.php?rest_route=\/wp\/v2\/pages\/6844","targetHints":{"allow":["GET"]}}],"collection":[{"href":"https:\/\/discursoeidentidade.com\/index.php?rest_route=\/wp\/v2\/pages"}],"about":[{"href":"https:\/\/discursoeidentidade.com\/index.php?rest_route=\/wp\/v2\/types\/page"}],"author":[{"embeddable":true,"href":"https:\/\/discursoeidentidade.com\/index.php?rest_route=\/wp\/v2\/users\/1"}],"replies":[{"embeddable":true,"href":"https:\/\/discursoeidentidade.com\/index.php?rest_route=%2Fwp%2Fv2%2Fcomments&post=6844"}],"version-history":[{"count":0,"href":"https:\/\/discursoeidentidade.com\/index.php?rest_route=\/wp\/v2\/pages\/6844\/revisions"}],"wp:attachment":[{"href":"https:\/\/discursoeidentidade.com\/index.php?rest_route=%2Fwp%2Fv2%2Fmedia&parent=6844"}],"curies":[{"name":"wp","href":"https:\/\/api.w.org\/{rel}","templated":true}]}}

MEMBRO IFP_María Victoria Fuentes Del Río

<p>[et_pb_section fb_built=&#8221;1&#8243; inner_shadow=&#8221;on&#8221; fullwidth=&#8221;on&#8221; custom_padding_last_edited=&#8221;on|desktop&#8221; admin_label=&#8221;section&#8221; _builder_version=&#8221;4.6.1&#8243; background_color=&#8221;#153b60&#8243; custom_padding_tablet=&#8221;50px|0|50px|0&#8243; custom_padding_phone=&#8221;&#8221; transparent_background=&#8221;off&#8221; padding_mobile=&#8221;off&#8221; make_fullwidth=&#8221;off&#8221; use_custom_width=&#8221;off&#8221; width_unit=&#8221;on&#8221; custom_width_px=&#8221;1080px&#8221; custom_width_percent=&#8221;80%&#8221;][et_pb_fullwidth_header content_max_width=&#8221;none&#8221; admin_label=&#8221;TÍTULO SECCIÓN&#8221; _builder_version=&#8221;4.9.0&#8243; title_font=&#8221;Montserrat||||||||&#8221; background_color=&#8221;rgba(255, 255, 255, 0)&#8221; custom_padding=&#8221;||0px|||&#8221; hover_enabled=&#8221;0&#8243; button_one_letter_spacing_hover=&#8221;0&#8243; button_two_letter_spacing_hover=&#8221;0&#8243; button_one_text_size__hover_enabled=&#8221;off&#8221; button_two_text_size__hover_enabled=&#8221;off&#8221; button_one_text_color__hover_enabled=&#8221;off&#8221; button_two_text_color__hover_enabled=&#8221;off&#8221; button_one_border_width__hover_enabled=&#8221;off&#8221; button_two_border_width__hover_enabled=&#8221;off&#8221; button_one_border_color__hover_enabled=&#8221;off&#8221; button_two_border_color__hover_enabled=&#8221;off&#8221; button_one_border_radius__hover_enabled=&#8221;off&#8221; button_two_border_radius__hover_enabled=&#8221;off&#8221; button_one_letter_spacing__hover_enabled=&#8221;on&#8221; button_one_letter_spacing__hover=&#8221;0&#8243; button_two_letter_spacing__hover_enabled=&#8221;on&#8221; button_two_letter_spacing__hover=&#8221;0&#8243; button_one_bg_color__hover_enabled=&#8221;off&#8221; button_two_bg_color__hover_enabled=&#8221;off&#8221; sticky_enabled=&#8221;0&#8243; ab_subject=&#8221;on&#8221; ab_subject_id=&#8221;1&#8243;]</p>
<h1>María Victoria Fuentes Del Río</h1>
<p>[/et_pb_fullwidth_header][et_pb_fullwidth_header content_max_width=&#8221;none&#8221; admin_label=&#8221;TÍTULO SECCIÓN&#8221; _builder_version=&#8221;4.9.0&#8243; title_font=&#8221;Montserrat||||||||&#8221; background_color=&#8221;rgba(255, 255, 255, 0)&#8221; custom_padding=&#8221;||0px|||&#8221; hover_enabled=&#8221;0&#8243; button_one_letter_spacing_hover=&#8221;0&#8243; button_two_letter_spacing_hover=&#8221;0&#8243; button_one_text_size__hover_enabled=&#8221;off&#8221; button_two_text_size__hover_enabled=&#8221;off&#8221; button_one_text_color__hover_enabled=&#8221;off&#8221; button_two_text_color__hover_enabled=&#8221;off&#8221; button_one_border_width__hover_enabled=&#8221;off&#8221; button_two_border_width__hover_enabled=&#8221;off&#8221; button_one_border_color__hover_enabled=&#8221;off&#8221; button_two_border_color__hover_enabled=&#8221;off&#8221; button_one_border_radius__hover_enabled=&#8221;off&#8221; button_two_border_radius__hover_enabled=&#8221;off&#8221; button_one_letter_spacing__hover_enabled=&#8221;on&#8221; button_one_letter_spacing__hover=&#8221;0&#8243; button_two_letter_spacing__hover_enabled=&#8221;on&#8221; button_two_letter_spacing__hover=&#8221;0&#8243; button_one_bg_color__hover_enabled=&#8221;off&#8221; button_two_bg_color__hover_enabled=&#8221;off&#8221; sticky_enabled=&#8221;0&#8243; ab_subject=&#8221;on&#8221; ab_subject_id=&#8221;2&#8243;]</p>
<h1>María Victoria Fuentes Del Río</h1>
<p>[/et_pb_fullwidth_header][/et_pb_section][et_pb_section fb_built=&#8221;1&#8243; custom_padding_last_edited=&#8221;on|desktop&#8221; admin_label=&#8221;section&#8221; _builder_version=&#8221;4.6.1&#8243; background_color=&#8221;rgba(0,0,0,0)&#8221; custom_padding_tablet=&#8221;50px|0|50px|0&#8243; custom_padding_phone=&#8221;&#8221; transparent_background=&#8221;off&#8221; padding_mobile=&#8221;off&#8221; make_fullwidth=&#8221;off&#8221; use_custom_width=&#8221;off&#8221; width_unit=&#8221;on&#8221; custom_width_px=&#8221;1080px&#8221; custom_width_percent=&#8221;80%&#8221;][et_pb_row column_structure=&#8221;2_5,3_5&#8243; _builder_version=&#8221;4.6.1&#8243; _module_preset=&#8221;default&#8221; background_color=&#8221;#d6d6d6&#8243; width=&#8221;79.9%&#8221; custom_padding=&#8221;||27px|28px||&#8221;][et_pb_column type=&#8221;2_5&#8243; _builder_version=&#8221;4.6.1&#8243; _module_preset=&#8221;default&#8221;][et_pb_image src=&#8221;http://discursoeidentidade.com/wp-content/uploads/2022/03/foto-Victoria-Fuentes.jpg&#8221; title_text=&#8221;foto Victoria Fuentes&#8221; _builder_version=&#8221;4.9.0&#8243; _module_preset=&#8221;default&#8221; custom_margin=&#8221;|||30px||&#8221; custom_padding=&#8221;19px|37px|0px|0px||&#8221; hover_enabled=&#8221;0&#8243; sticky_enabled=&#8221;0&#8243;][/et_pb_image][/et_pb_column][et_pb_column type=&#8221;3_5&#8243; _builder_version=&#8221;4.6.1&#8243; _module_preset=&#8221;default&#8221;][et_pb_text _builder_version=&#8221;4.6.1&#8243; _module_preset=&#8221;default&#8221; text_font=&#8221;Montserrat||||||||&#8221; min_height=&#8221;117px&#8221; custom_margin=&#8221;1px|||||&#8221; custom_padding=&#8221;2px|95px||||&#8221; inline_fonts=&#8221;Montserrat&#8221; ab_goal=&#8221;on&#8221;]</p>
<p><strong style="font-family: Montserrat; font-size: small;">María Victoria Fuentes Del Río</strong><span style="font-family: Montserrat; font-size: small;"> é graduada en Lingua e Literatura Inglesas (2020) pola Universidade de Santiago de Compostela, onde completou os seus estudos realizando o Mestrado Estudos ingleses Avanzados e as súas Aplicacións (2021). Actualmente está realizando a súa tese doutoral titulada temporalmente “Female Characters in H. G. Wells’ Social Novels” baixo a dirección do Prof. Dr. Jorge Sacido Romero. Nela analiza a identidade das personaxes femininas da novela social de H. G. Wells, poñendo énfase naquelas mulleres que se atopan dentro dunha relación sexo-afectiva, amorosa ou marital. Os seus intereses de investigación diríxense cara a obra de H. G. Wells, os estudos de xénero, a novela distópica e apocalíptica, a relación entre literatura e ideoloxía, e a historia e cultura das Illas Británicas</span><span style="color: #000000; font-size: medium;"></span></p>
<p><strong>@: <a href="mailto:naara.queiruga.dominguez@usc.es">mariavictoria.fuentes@rai.usc.es</a></strong></p>
<p>[/et_pb_text][/et_pb_column][/et_pb_row][/et_pb_section]</p>

<p>María Victoria Fuentes Del RíoMaría Victoria Fuentes Del RíoMaría Victoria Fuentes Del Río é graduada en Lingua e Literatura Inglesas (2020) pola Universidade de Santiago de Compostela, onde completou os seus estudos realizando o Mestrado Estudos ingleses Avanzados e as súas Aplicacións (2021). Actualmente está realizando a súa tese doutoral titulada temporalmente “Female Characters in [&hellip;]</p>
