{"id":660,"date":"2016-06-07T13:43:46","date_gmt":"2016-06-07T11:43:46","guid":{"rendered":"http:\/\/discursoeidentidade.com\/?page_id=660"},"modified":"2020-11-02T12:49:52","modified_gmt":"2020-11-02T11:49:52","slug":"maria-cecilia-marchetto-santorun","status":"publish","type":"page","link":"https:\/\/discursoeidentidade.com\/?page_id=660","title":{"rendered":"MIEMBRO IFP_Mar\u00eda Cecilia Marchetto Santorun"},"content":{"rendered":"<p>[et_pb_section fb_built=&#8221;1&#8243; inner_shadow=&#8221;on&#8221; fullwidth=&#8221;on&#8221; custom_padding_last_edited=&#8221;on|desktop&#8221; admin_label=&#8221;section&#8221; _builder_version=&#8221;4.6.1&#8243; background_color=&#8221;#153b60&#8243; custom_padding_tablet=&#8221;50px|0|50px|0&#8243; custom_padding_phone=&#8221;&#8221; transparent_background=&#8221;off&#8221; padding_mobile=&#8221;off&#8221; make_fullwidth=&#8221;off&#8221; use_custom_width=&#8221;off&#8221; width_unit=&#8221;on&#8221; custom_width_px=&#8221;1080px&#8221; custom_width_percent=&#8221;80%&#8221;][et_pb_fullwidth_header content_max_width=&#8221;none&#8221; admin_label=&#8221;T\u00cdTULO SECCI\u00d3N&#8221; _builder_version=&#8221;4.6.1&#8243; title_font=&#8221;Montserrat||||||||&#8221; background_color=&#8221;rgba(255, 255, 255, 0)&#8221; custom_padding=&#8221;||0px|||&#8221; button_one_letter_spacing_hover=&#8221;0&#8243; button_two_letter_spacing_hover=&#8221;0&#8243; button_one_text_size__hover_enabled=&#8221;off&#8221; button_two_text_size__hover_enabled=&#8221;off&#8221; button_one_text_color__hover_enabled=&#8221;off&#8221; button_two_text_color__hover_enabled=&#8221;off&#8221; button_one_border_width__hover_enabled=&#8221;off&#8221; button_two_border_width__hover_enabled=&#8221;off&#8221; button_one_border_color__hover_enabled=&#8221;off&#8221; button_two_border_color__hover_enabled=&#8221;off&#8221; button_one_border_radius__hover_enabled=&#8221;off&#8221; button_two_border_radius__hover_enabled=&#8221;off&#8221; button_one_letter_spacing__hover_enabled=&#8221;on&#8221; button_one_letter_spacing__hover=&#8221;0&#8243; button_two_letter_spacing__hover_enabled=&#8221;on&#8221; button_two_letter_spacing__hover=&#8221;0&#8243; button_one_bg_color__hover_enabled=&#8221;off&#8221; button_two_bg_color__hover_enabled=&#8221;off&#8221;]<\/p>\n<h1>Mar\u00eda Cecilia Marchetto Santorun<\/h1>\n<p>[\/et_pb_fullwidth_header][\/et_pb_section][et_pb_section fb_built=&#8221;1&#8243; custom_padding_last_edited=&#8221;on|desktop&#8221; admin_label=&#8221;section&#8221; _builder_version=&#8221;4.6.1&#8243; background_color=&#8221;rgba(0,0,0,0)&#8221; custom_padding_tablet=&#8221;50px|0|50px|0&#8243; custom_padding_phone=&#8221;&#8221; transparent_background=&#8221;off&#8221; padding_mobile=&#8221;off&#8221; make_fullwidth=&#8221;off&#8221; use_custom_width=&#8221;off&#8221; width_unit=&#8221;on&#8221; custom_width_px=&#8221;1080px&#8221; custom_width_percent=&#8221;80%&#8221;][et_pb_row column_structure=&#8221;2_5,3_5&#8243; _builder_version=&#8221;4.6.1&#8243; _module_preset=&#8221;default&#8221; background_color=&#8221;#d6d6d6&#8243; width=&#8221;79.9%&#8221; custom_padding=&#8221;||27px|28px||&#8221; custom_margin=&#8221;|auto|-4px|auto||&#8221;][et_pb_column type=&#8221;2_5&#8243; _builder_version=&#8221;4.6.1&#8243; _module_preset=&#8221;default&#8221;][et_pb_image src=&#8221;http:\/\/discursoeidentidade.com\/wp-content\/uploads\/2020\/11\/s200_cecilia.marchetto.jpg&#8221; _builder_version=&#8221;4.6.1&#8243; _module_preset=&#8221;default&#8221; title_text=&#8221;s200_cecilia.marchetto&#8221; hover_enabled=&#8221;0&#8243; sticky_enabled=&#8221;0&#8243; custom_padding=&#8221;9px|69px||2px||&#8221; custom_margin=&#8221;||-7px|||&#8221; min_height=&#8221;306px&#8221; width=&#8221;100%&#8221;][\/et_pb_image][\/et_pb_column][et_pb_column type=&#8221;3_5&#8243; _builder_version=&#8221;4.6.1&#8243; _module_preset=&#8221;default&#8221;][et_pb_text _builder_version=&#8221;4.6.1&#8243; _module_preset=&#8221;default&#8221; text_font=&#8221;Montserrat||||||||&#8221; min_height=&#8221;117px&#8221; custom_margin=&#8221;7px|||||&#8221; custom_padding=&#8221;|95px||||&#8221; inline_fonts=&#8221;Montserrat&#8221;]<\/p>\n<p><span><strong>M\u00aa Cecilia Marchetto Santorun<\/strong>\u00a0\u00e9 membro do Grupo de Investigaci\u00f3n Discurso e Identidade en calidade de investigadora en formaci\u00f3n e perfeccionamento. Licenciada pola Universidade de Santiago de Compostela, Marchetto Santorun cursou o mestrado en Estudos Ingleses Avanzados (especializaci\u00f3n en literatura) na Universidade de Santiago de Compostela, onde desenvolve na actualidade a s\u00faa tese de doutoramento, un estudo entre os aspectos po\u00e9ticos e gr\u00e1fico-visuais na obra de William Blake e a s\u00faa influencia no escritor de c\u00f3mics contempor\u00e1neo Alan Moore. En 2016, obtivo un contrato de tres anos facilitado pola Xunta de Galicia para levar a cabo a s\u00faa tese. Durante este per\u00edodo traballou como investigadora en formaci\u00f3n no Departmento de Ingl\u00e9s e Alem\u00e1n da Universidade de Santiago de Compostela. Na actualidade, contin\u00faa a s\u00faa labor dende Lincoln (Reino Unido), onde \u00e9 investigadora visitante da University of Lincoln.<\/span><\/p>\n<p><span><\/span><\/p>\n<p><strong>@:\u00a0<a href=\"mailto:mariacecilia.marchetto@usc.es\" title=\"mailto:mariacecilia.marchetto@usc.es\">mariacecilia.marchetto@usc.es<\/a><\/strong><span><\/span><\/p>\n<p><span><\/span><\/p>\n<p>[\/et_pb_text][\/et_pb_column][\/et_pb_row][et_pb_row _builder_version=&#8221;4.6.1&#8243; _module_preset=&#8221;default&#8221; custom_padding=&#8221;|||0px||&#8221;][et_pb_column type=&#8221;4_4&#8243; _builder_version=&#8221;4.6.1&#8243; _module_preset=&#8221;default&#8221;][et_pb_text _builder_version=&#8221;4.6.1&#8243; _module_preset=&#8221;default&#8221; text_font=&#8221;Montserrat||||||||&#8221; text_font_size=&#8221;11px&#8221; inline_fonts=&#8221;Montserrat&#8221;]<\/p>\n<p><u>PUBLICACI\u00d3NS RELEVANTES:<\/u><\/p>\n<p><span style=\"font-size: small;\"><span class=\"xxapple-converted-space\"><span lang=\"EN-GB\">M. Cecilia Marchetto Santorun (2020) <b>\u201c\u2018Terrible monsters Sin-bred\u2019: Blakean monstrosity in Alan Moore\u2019s graphic novels\u201d<\/b>, <i>Palgrave Communications<\/i>, 6:91, SpringerNature. 1-15, DOI:\u00a0<\/span><\/span><\/span><span style=\"font-size: small;\"><\/span><a href=\"https:\/\/doi.org\/10.1057\/s41599-020-0451-2\" style=\"font-size: small;\"><span lang=\"EN-GB\">10.1057\/s41599-020-0451-2<\/span><\/a><\/p>\n<p><span style=\"font-size: small;\"><o:p><\/o:p><span class=\"xxapple-converted-space\"><span lang=\"EN-GB\">Mar\u00eda Cecilia Marchetto Santorun\u00a0(2019)\u00a0<b>\u201c\u2018The War \u2018twixt Sun and Moon\u2019: Evil and Gender in William Blake\u2019s Early Illuminated Books and Alan Moore\u2019s\u00a0<i>From Hell<\/i>\u201d<\/b>,\u00a0<i>English Studies<\/i>,\u00a0100:4,\u00a0Taylor &amp; Francis. 387-406,\u00a0DOI:\u00a0<\/span><\/span><a href=\"https:\/\/doi.org\/10.1080\/0013838X.2018.1555983\"><span lang=\"EN-GB\">10.1080\/0013838X.2018.1555983<\/span><\/a><\/span><\/p>\n<p>[\/et_pb_text][\/et_pb_column][\/et_pb_row][\/et_pb_section]<\/p>\n","protected":false},"excerpt":{"rendered":"<p>Mar\u00eda Cecilia Marchetto SantorunM\u00aa Cecilia Marchetto Santorun\u00a0\u00e9 membro do Grupo de Investigaci\u00f3n Discurso e Identidade en calidade de investigadora en formaci\u00f3n e perfeccionamento. Licenciada pola Universidade de Santiago de Compostela, Marchetto Santorun cursou o mestrado en Estudos Ingleses Avanzados (especializaci\u00f3n en literatura) na Universidade de Santiago de Compostela, onde desenvolve na actualidade a s\u00faa tese [&hellip;]<\/p>\n","protected":false},"author":1,"featured_media":0,"parent":0,"menu_order":0,"comment_status":"closed","ping_status":"closed","template":"","meta":{"_et_pb_use_builder":"on","_et_pb_old_content":"","_et_gb_content_width":"","footnotes":""},"class_list":["post-660","page","type-page","status-publish","hentry"],"_links":{"self":[{"href":"https:\/\/discursoeidentidade.com\/index.php?rest_route=\/wp\/v2\/pages\/660","targetHints":{"allow":["GET"]}}],"collection":[{"href":"https:\/\/discursoeidentidade.com\/index.php?rest_route=\/wp\/v2\/pages"}],"about":[{"href":"https:\/\/discursoeidentidade.com\/index.php?rest_route=\/wp\/v2\/types\/page"}],"author":[{"embeddable":true,"href":"https:\/\/discursoeidentidade.com\/index.php?rest_route=\/wp\/v2\/users\/1"}],"replies":[{"embeddable":true,"href":"https:\/\/discursoeidentidade.com\/index.php?rest_route=%2Fwp%2Fv2%2Fcomments&post=660"}],"version-history":[{"count":0,"href":"https:\/\/discursoeidentidade.com\/index.php?rest_route=\/wp\/v2\/pages\/660\/revisions"}],"wp:attachment":[{"href":"https:\/\/discursoeidentidade.com\/index.php?rest_route=%2Fwp%2Fv2%2Fmedia&parent=660"}],"curies":[{"name":"wp","href":"https:\/\/api.w.org\/{rel}","templated":true}]}}