{"id":634,"date":"2016-06-04T20:05:17","date_gmt":"2016-06-04T18:05:17","guid":{"rendered":"http:\/\/discursoeidentidade.com\/?page_id=634"},"modified":"2024-02-21T12:36:03","modified_gmt":"2024-02-21T11:36:03","slug":"389-2","status":"publish","type":"page","link":"https:\/\/discursoeidentidade.com\/?page_id=634","title":{"rendered":"MIEMBRO_Laura Lojo Rodr\u00edguez"},"content":{"rendered":"<p>[et_pb_section fb_built=&#8221;1&#8243; inner_shadow=&#8221;on&#8221; fullwidth=&#8221;on&#8221; custom_padding_last_edited=&#8221;on|desktop&#8221; admin_label=&#8221;section&#8221; _builder_version=&#8221;4.16&#8243; background_color=&#8221;#153b60&#8243; custom_padding_tablet=&#8221;50px|0|50px|0&#8243; custom_padding_phone=&#8221;&#8221; transparent_background=&#8221;off&#8221; padding_mobile=&#8221;off&#8221; make_fullwidth=&#8221;off&#8221; use_custom_width=&#8221;off&#8221; width_unit=&#8221;on&#8221; custom_width_px=&#8221;1080px&#8221; custom_width_percent=&#8221;80%&#8221; global_colors_info=&#8221;{}&#8221;][et_pb_fullwidth_header content_max_width=&#8221;none&#8221; admin_label=&#8221;T\u00cdTULO SECCI\u00d3N&#8221; _builder_version=&#8221;4.16&#8243; title_font=&#8221;Montserrat||||||||&#8221; background_color=&#8221;rgba(255, 255, 255, 0)&#8221; custom_padding=&#8221;||0px|||&#8221; button_one_letter_spacing_hover=&#8221;0&#8243; button_two_letter_spacing_hover=&#8221;0&#8243; global_colors_info=&#8221;{}&#8221; button_one_text_size__hover_enabled=&#8221;off&#8221; button_two_text_size__hover_enabled=&#8221;off&#8221; button_one_text_color__hover_enabled=&#8221;off&#8221; button_two_text_color__hover_enabled=&#8221;off&#8221; button_one_border_width__hover_enabled=&#8221;off&#8221; button_two_border_width__hover_enabled=&#8221;off&#8221; button_one_border_color__hover_enabled=&#8221;off&#8221; button_two_border_color__hover_enabled=&#8221;off&#8221; button_one_border_radius__hover_enabled=&#8221;off&#8221; button_two_border_radius__hover_enabled=&#8221;off&#8221; button_one_letter_spacing__hover_enabled=&#8221;on&#8221; button_one_letter_spacing__hover=&#8221;0&#8243; button_two_letter_spacing__hover_enabled=&#8221;on&#8221; button_two_letter_spacing__hover=&#8221;0&#8243; button_one_bg_color__hover_enabled=&#8221;off&#8221; button_two_bg_color__hover_enabled=&#8221;off&#8221;]<\/p>\n<h1>Laura Lojo Rodr\u00edguez\u00a0<\/h1>\n<p>[\/et_pb_fullwidth_header][\/et_pb_section][et_pb_section fb_built=&#8221;1&#8243; custom_padding_last_edited=&#8221;on|desktop&#8221; admin_label=&#8221;section&#8221; _builder_version=&#8221;4.16&#8243; background_color=&#8221;rgba(0,0,0,0)&#8221; custom_padding_tablet=&#8221;50px|0|50px|0&#8243; custom_padding_phone=&#8221;&#8221; transparent_background=&#8221;off&#8221; padding_mobile=&#8221;off&#8221; make_fullwidth=&#8221;off&#8221; use_custom_width=&#8221;off&#8221; width_unit=&#8221;on&#8221; custom_width_px=&#8221;1080px&#8221; custom_width_percent=&#8221;80%&#8221; global_colors_info=&#8221;{}&#8221;][et_pb_row column_structure=&#8221;2_5,3_5&#8243; _builder_version=&#8221;4.16&#8243; _module_preset=&#8221;default&#8221; background_color=&#8221;#d6d6d6&#8243; width=&#8221;79.9%&#8221; custom_padding=&#8221;||5px|28px||&#8221; global_colors_info=&#8221;{}&#8221;][et_pb_column type=&#8221;2_5&#8243; _builder_version=&#8221;4.16&#8243; _module_preset=&#8221;default&#8221; global_colors_info=&#8221;{}&#8221;][et_pb_image src=&#8221;https:\/\/discursoeidentidade.com\/wp-content\/uploads\/2020\/09\/Laura_Lojo.jpg&#8221; title_text=&#8221;Laura_Lojo&#8221; _builder_version=&#8221;4.16&#8243; _module_preset=&#8221;default&#8221; custom_margin=&#8221;|6px||||&#8221; custom_padding=&#8221;15px|||||&#8221; global_colors_info=&#8221;{}&#8221;][\/et_pb_image][et_pb_text _builder_version=&#8221;4.16&#8243; _module_preset=&#8221;default&#8221; text_line_height=&#8221;1em&#8221; custom_margin=&#8221;-17px||-23px|||&#8221; custom_padding=&#8221;||0px|||&#8221; global_colors_info=&#8221;{}&#8221;]<\/p>\n<p style=\"text-align: center;\"><strong><a href=\"https:\/\/orcid.org\/0000-0001-9073-8401\">ORCID ID:\u00a00000-0001-9073-8401<\/a><\/strong><\/p>\n<p style=\"text-align: center;\"><strong><a href=\"https:\/\/scholar.google.es\/citations?hl=es&amp;user=hpWINm8AAAAJ\">Google Scholar<\/a><\/strong><\/p>\n<p>[\/et_pb_text][\/et_pb_column][et_pb_column type=&#8221;3_5&#8243; _builder_version=&#8221;4.16&#8243; _module_preset=&#8221;default&#8221; global_colors_info=&#8221;{}&#8221;][et_pb_text _builder_version=&#8221;4.19.4&#8243; _module_preset=&#8221;default&#8221; text_font=&#8221;Montserrat||||||||&#8221; min_height=&#8221;117px&#8221; custom_margin=&#8221;11px|||||&#8221; custom_padding=&#8221;|95px||||&#8221; inline_fonts=&#8221;Montserrat&#8221; global_colors_info=&#8221;{}&#8221;]<\/p>\n<p><span style=\"font-size: 14px;\"><strong>Laura Lojo Rodr\u00edguez<\/strong> \u00e9 Catedr\u00e1tica de Universidade no Departamento de Filolox\u00eda Inglesa e Alem\u00e1 (Universidade de Santiago de Compostela), onde imparte Literatura en Lingua Inglesa e Estudos de X\u00e9nero. Lojo-Rodr\u00edguez \u00e9 a coordinadora do grupo de investigaci\u00f3n de referencia competitiva Discurso e Identidade (ED431C\/01 GI-1924, Xunta de Galicia), e investigadora principal do proxecto <em>&#8216;Relatos de frontera&#8217;: Cambio global e identidad en la narrativa breve brit\u00e1nica contempor\u00e1nea<\/em>, Agencia Estatal de Investigaci\u00f3n (AEI), (PID2021-122433NB-I00) e do proxecto europeo Short Fiction Beyond Borders (SFBB, Erasmus+ Strategic Partnerships) na USC. Lojo-Rodr\u00edguez participa nas redes de investigaci\u00f3n &#8220;THe European Network for Short Fiction Research&#8221; (ENSFR, <\/span><a href=\"http:\/\/ensfr.univ-angers.fr\/\" style=\"font-size: 14px;\">http:\/\/ensfr.univ-angers.fr\/<\/a><span style=\"font-size: 14px;\">) e\u00a0\u00a0Literaturas Angl\u00f3fonas del siglo XXI: Espacios narrativos y performativos\u00a0(RED2018-102678-T), Ministerio de Ciencia, Innovaci\u00f3n e Universidades (AEI, FEDER). Lojo\u00a0\u00e9 membro de diversos comit\u00e9s cient\u00edficos de revistas e editorias acad\u00e9micas nacionais e estranxeiras, como\u00a0<\/span><a href=\"http:\/\/revistas.um.es\/ijes\" style=\"font-size: 14px;\">International Journal of English Studies<\/a><span style=\"font-size: 14px;\">\u00a0(IJES),\u00a0<\/span><a href=\"http:\/\/jsse.revues.org\/?lang=en\" style=\"font-size: 14px;\">Journal of the Short Story in English<\/a><span style=\"font-size: 14px;\">\u00a0(JSSE) e\u00a0<\/span><a href=\"http:\/\/www.estudiosingleses.com\/es\/es-revista-filologia-inglesa\/ent\/6\/\" style=\"font-size: 14px;\">English Studies<\/a><span style=\"font-size: 14px;\"> (ES). Lojo \u00e9 directora comisaria do Instituto de Investigaci\u00f3n de Humanidades (iHUS) de la USC.<br \/><\/span><\/p>\n<p><strong><span style=\"font-family: Montserrat;\">@:\u00a0<a href=\"mailto:jmanuel.barbeito@usc.es\" target=\"_blank\" rel=\"noopener noreferrer\">laura.lojo@usc.es<\/a><\/span><\/strong><\/p>\n<p>&nbsp;<\/p>\n<p>[\/et_pb_text][et_pb_text disabled_on=&#8221;on|on|on&#8221; _builder_version=&#8221;4.19.4&#8243; _module_preset=&#8221;default&#8221; text_font=&#8221;Montserrat||||||||&#8221; min_height=&#8221;117px&#8221; custom_margin=&#8221;11px|||||&#8221; custom_padding=&#8221;|95px||||&#8221; disabled=&#8221;on&#8221; inline_fonts=&#8221;Montserrat&#8221; global_colors_info=&#8221;{}&#8221;]<\/p>\n<p><span style=\"font-size: 14px;\"><strong>Laura Lojo Rodr\u00edguez<\/strong> \u00e9 Catedr\u00e1tica de Universidade no Departamento de Filolox\u00eda Inglesa e Alem\u00e1 (Universidade de Santiago de Compostela), onde imparte Literatura en Lingua Inglesa e Estudos de X\u00e9nero. Lojo-Rodr\u00edguez \u00e9 a coordinadora do grupo de investigaci\u00f3n de referencia competitiva Discurso e Identidade (ED431C\/01 GI-1924, Xunta de Galicia), e investigadora principal do proxecto do plan nacional Intersections: Gender and Identity in the Shot Fiction of Contemporary Women Writers (FEM2017, 83084P, AEI, FEDER, <\/span><a href=\"http:\/\/www.intersections.es\/\" style=\"font-size: 14px;\">http:\/\/www.intersections.es\/<\/a><span style=\"font-size: 14px;\">) e do proxecto europeo\u00a0Short Fiction Beyond Borders\u00a0(SFBB, Erasmus+ Strategic Partnerships) na USC. Lojo-Rodr\u00edguez participa nas redes de investigaci\u00f3n &#8220;THe European Network for Short Fiction Research&#8221; (ENSFR,\u00a0<\/span><a href=\"http:\/\/ensfr.univ-angers.fr\/\" style=\"font-size: 14px;\">http:\/\/ensfr.univ-angers.fr\/<\/a><span style=\"font-size: 14px;\">) e\u00a0\u00a0Literaturas Angl\u00f3fonas del siglo XXI: Espacios narrativos y performativos\u00a0(RED2018-102678-T), Ministerio de Ciencia, Innovaci\u00f3n e Universidades (AEI, FEDER). Lojo\u00a0\u00e9 membro de diversos comit\u00e9s cient\u00edficos de revistas e editorias acad\u00e9micas nacionais e estranxeiras, como\u00a0<\/span><a href=\"http:\/\/revistas.um.es\/ijes\" style=\"font-size: 14px;\">International Journal of English Studies<\/a><span style=\"font-size: 14px;\">\u00a0(IJES),\u00a0<\/span><a href=\"http:\/\/jsse.revues.org\/?lang=en\" style=\"font-size: 14px;\">Journal of the Short Story in English<\/a><span style=\"font-size: 14px;\">\u00a0(JSSE) e\u00a0<\/span><a href=\"http:\/\/www.estudiosingleses.com\/es\/es-revista-filologia-inglesa\/ent\/6\/\" style=\"font-size: 14px;\">English Studies<\/a><span style=\"font-size: 14px;\">\u00a0(ES).<\/span><\/p>\n<p><strong><span style=\"font-family: Montserrat;\">@:\u00a0<a href=\"mailto:jmanuel.barbeito@usc.es\" target=\"_blank\" rel=\"noopener noreferrer\">laura.lojo@usc.es<\/a><\/span><\/strong><\/p>\n<p>&nbsp;<\/p>\n<p>[\/et_pb_text][\/et_pb_column][\/et_pb_row][et_pb_row _builder_version=&#8221;4.16&#8243; _module_preset=&#8221;default&#8221; custom_padding=&#8221;0px||27px|0px||&#8221; global_colors_info=&#8221;{}&#8221;][et_pb_column type=&#8221;4_4&#8243; _builder_version=&#8221;4.16&#8243; _module_preset=&#8221;default&#8221; global_colors_info=&#8221;{}&#8221;][et_pb_text _builder_version=&#8221;4.24.0&#8243; _module_preset=&#8221;default&#8221; text_font=&#8221;Montserrat||||||||&#8221; text_font_size=&#8221;11px&#8221; hover_enabled=&#8221;0&#8243; inline_fonts=&#8221;Montserrat&#8221; global_colors_info=&#8221;{}&#8221; sticky_enabled=&#8221;0&#8243;]<\/p>\n<p><span style=\"color: #000000;\"><strong><span style=\"text-decoration: underline;\">PUBLICACI\u00d3NS REPRESENTATIVAS:<\/span><\/strong><\/span><\/p>\n<p><span style=\"color: #000000;\">2024. Lojo Rodr\u00edguez, Laura M\u00aa (2024). <strong>Tales of Becoming: Borders and Posthuman Anxieties in Daisy Johnson&#8217;s &#8220;Starver&#8221;<\/strong> (2016). Oce\u00e1nide, 16, 54-62. <br \/>https:\/\/www.oceanide.es\/index.php\/012020\/article\/view\/123\/213; <br \/>DOI: 10.37668\/oceanide.v16i.123<br \/>http:\/\/hdl.handle.net\/10347\/32848<\/span><\/p>\n<p><span style=\"color: #000000;\">2024. Lojo Rodr\u00edguez, Laura M\u00aa. <strong>\u201cHistoriographical Short Fiction in Ireland: An Overview\u201d<\/strong>, en <em>The Brill Companion to the Short Story<\/em>, editado por Jos\u00e9 Ram\u00f3n Ib\u00e1\u00f1ez e Santiago Guerrero-Strachan. Amsterdam: Brill.<\/span><\/p>\n<p><span style=\"color: #000000;\">2024. Lojo Rodr\u00edguez, Laura M\u00aa e Xavier de Donato Rodr\u00edguez.<strong> \u201c\u2019Women\u2019s Time\u2019: Virginia Woolf\u2019s New Visions of Temporal Experience in Latin American Women Writers\u201d<\/strong>, en <em>The Edinburgh Companion to Virginia Woolf<\/em>, edited by Elisa Bolchi. Edinburgh: Edinburgh UP. I<\/span><\/p>\n<p><span style=\"color: #000000;\">2024: <strong>\u201cBorders, Migration and the Contemporary Short Story\u201d<\/strong>, en <em>The Routledge Companion to Migration Literature<\/em>, edited by Gigi Adair, Rebecca Fasselt,and Carly McLaughlin. London: Routledge.<\/span><\/p>\n<p><span style=\"color: #000000;\">2020. <strong>\u201cWar Thoughts from the Per: Contemporary Perspectives\u201d<\/strong> en <em>Oce\u00e1nide<\/em> 13: 22-28: <a href=\"https:\/\/oceanide.es\/index.php\/012020\/article\/view\/35\" style=\"color: #000000;\">https:\/\/oceanide.es\/index.php\/012020\/article\/view\/35<\/a><\/span><\/p>\n<p><span style=\"color: #000000;\">2020. Lojo Rodr\u00edguez, Laura M\u00aa. <strong>\u201c\u201cEngland\u2019s Most Precious Gift\u201d: Virginia Woolf\u2019s Transformations into Spanish\u201d<\/strong>. A Companion to World Literature. Ed. Ken Seigneurie. Oxford: Wiley Blackwells. ISBN: 978-1-118-99318-7<\/span><\/p>\n<p><span style=\"color: #000000;\">Lojo Rodr\u00edguez, Laura M\u00aa,\u00a0 Jorge Sacido Romero y Noem\u00ed Pereira Ares (eds.).<strong>\u00a0<\/strong><em><strong>Postcolonial Youth in Contemporary Fiction in Britain<\/strong>.<\/em> Amsterdam: Brill Rodopi [en prensa].<\/span><\/p>\n<p><span style=\"color: #000000;\">Lojo Rodr\u00edguez, Laura M\u00aa &amp; Barbara Korte (eds.).\u00a0<strong><em>Borders and Border Crossing in the Contemporary English Short Story.<\/em><\/strong>\u00a0Londres: Palgrave, 2019. ISBN:\u00a0978-3-030-30358-7.\u00a0 <a href=\"https:\/\/www.palgrave.com\/gp\/book\/9783030303587\" style=\"color: #000000;\">https:\/\/www.palgrave.com\/gp\/book\/9783030303587<\/a><\/span><\/p>\n<p><span style=\"color: #000000;\">Lojo Rodr\u00edguez, Laura M\u00aa and Jorge Sacido Romero (eds.).\u00a0<strong><em>Gender and Short Fiction: Women\u2019s Tales in Contemporary Britain<\/em><\/strong>.\u00a0New York: Routledge (2018). ISBN: 978-1-138-09364-5.\u00a0 <a href=\"https:\/\/www.routledge.com\/Gender-and-Short-Fiction-Womens-Tales-in-Contemporary-Britain\/Sacido-Romero-Lojo-Rodriguez\/p\/book\/9780367665722\" style=\"color: #000000;\"><\/a><\/span><span style=\"color: #000000;\"><a href=\"https:\/\/www.routledge.com\/Gender-and-Short-Fiction-Womens-Tales-in-Contemporary-Britain\/Sacido-Romero-Lojo-Rodriguez\/p\/book\/9780367665722\" style=\"color: #000000;\">https:\/\/www.routledge.com\/Gender-and-Short-Fiction-Womens-Tales-in-Contemporary-Britain\/Sacido-Romero-Lojo-Rodriguez\/p\/book\/9780367665722<\/a><\/span><\/p>\n<p><span style=\"color: #000000;\">Lojo Rodr\u00edguez, Laura M\u00aa. <strong>&#8220;Magic Realism and Experimental Fiction: From Virginia Woolf to Jeanette Winterson\u201d,<\/strong> in Anne Fernald, ed. <em>The Oxford Handbook of Virginia Woolf.<\/em> Oxford: Oxford University Press, 2018.<\/span><\/p>\n<p><span style=\"color: #000000;\"><a href=\"https:\/\/link.springer.com\/chapter\/10.1007\/978-3-319-77078-9_8\" target=\"_blank\" rel=\"noopener noreferrer\" style=\"color: #000000;\">Lojo Rodr\u00edguez, Laura M\u00aa. \u2018<strong>\u201cThought in American and for the Americans\u201d: Victoria Ocampo, Sur and European Modernism<\/strong>\u2019,<\/a> in\u00a0 Falcato A., Cardiello A. eds. <em>The Condition of Modernism<\/em>. Cham: Palgrave Macmillan, 2018, 167-190.<\/span><\/p>\n<p><span style=\"color: #000000;\">Lojo Rodr\u00edguez, Laura M\u00aa. <strong>\u201cUnnatural Promises: The Trace of Evil in Elizabeth Bowen\u2019s \u2018The Demon Lover.\u201d<\/strong> <em>Reading the Trace: History and Memory in Modern and Contemporary Fiction<\/em>. Cambridge: Cambridge Scholar Publishing.<\/span><\/p>\n<p><span style=\"color: #000000;\">Lojo Rodr\u00edguez, Laura M\u00aa.\u00a0 <strong>\u201cVirginia Woolf in Spanish-Speaking Countries.<\/strong><em><strong>\u201d<\/strong><a href=\"http:\/\/eu.wiley.com\/WileyCDA\/WileyTitle\/productCd-1118457889.html\" target=\"_blank\" rel=\"noopener noreferrer\" style=\"color: #000000;\">The\u00a0Blackwell\u00a0Companion\u00a0to\u00a0Virginia Woolf<\/a>.<\/em> Ed. Jessica Berman. Oxford: Wiley-Blackwell, 2016. 467-480. ISBN: 978-1-118-45788-7.<\/span><\/p>\n<p><span style=\"color: #000000;\">Lojo Rodr\u00edguez, Laura M\u00aa.\u00a0 <strong>\u201cLa po\u00e9tica del cuento en la primera mitad del siglo XX en Reino Unido: Virginia Woolf y Elizabeth Bowen.\u201d<\/strong> <em><a href=\"http:\/\/www.publicaciones.uva.es\/UVAPublicaciones-13046-Humanidades-Linguistica-y-Filologia-FRAGMENTOS-DE-REALIDAD-LOS-AUTORES-Y-LAS-POETICAS-DEL-CUENTO-EN-LENGUA-INGLESA.aspx\" target=\"_blank\" rel=\"noopener noreferrer\" style=\"color: #000000;\">Fragmentos de realidad: Los autores y las po\u00e9ticas del cuento en lengua inglesa<\/a>.<\/em> Ed. Santiago Rodr\u00edguez Guerrero-Strachan. Valladolid: Servicio de publicaciones de la Universidad, 2015. 111-125. ISBN: 978-84-8448-828-6. 111-125.<\/span><\/p>\n<p><span style=\"color: #000000;\">Lojo Rodr\u00edguez, Laura M\u00aa. <strong>\u201c<a href=\"http:\/\/www.nordicirishstudies.org\/publicationsbyyear.html\" target=\"_blank\" rel=\"noopener noreferrer\" style=\"color: #000000;\">Unveiling the Past: \u00c9il\u00eds N\u00ed Dhuibhne\u2019s \u2018Sex in the Context of Ireland<\/a>.\u2019\u201d<\/strong> <em>Nordic Irish Studies, 13.2<\/em> (2014):\u00a019-30. ISSN: 1602-124X.<\/span><\/p>\n<p><span style=\"color: #000000;\">Lojo Rodr\u00edguez, Laura M\u00aa. <strong>\u201c<a href=\"http:\/\/www.zaa.uni-tuebingen.de\/?page_id=5\" target=\"_blank\" rel=\"noopener noreferrer\" style=\"color: #000000;\">\u2018The Saving Power of Hallucination\u2019: Elizabeth Bowen\u2019s \u201cMysterious K\u00f4r\u201d and Female Romance<\/a>.\u201d<\/strong> <em>Zeitschrift f\u00fcr Anglistik und Amerikanistik, 62.4<\/em> (2014):\u00a0273-289. ISSN: 0044-2305.<\/span><\/p>\n<p><span style=\"color: #000000;\">Lojo Rodr\u00edguez, Laura M\u00aa.\u00a0 <strong>\u201cExilio, historia, e a visi\u00f3n feminina: \u00c9il\u00eds N\u00ed Dhuibhne.\u201d<\/strong>\u00a0<em><a href=\"http:\/\/www.usc.es\/libros\/index.php\/spic\/catalog\/book\/638\" target=\"_blank\" rel=\"noopener noreferrer\" style=\"color: #000000;\">Cultura y migraciones: Enfoques\u00a0multidisciplinarios.<\/a> <\/em>Felipe Andr\u00e9s Aliaga S\u00e1ez. \u00a0Santiago de Compostela: Servicio de publicaciones de la Universidad, 2013.\u00a0178-183. ISBN-13: 978-84-15876-29-8.<\/span><\/p>\n<p><span style=\"color: #000000;\"><a href=\"http:\/\/www.peterlang.com\/index.cfm?event=cmp.ccc.seitenstruktur.detailseiten&amp;seitentyp=produkt&amp;pk=62939\" target=\"_blank\" rel=\"noopener noreferrer\" style=\"color: #000000;\">Lojo Rodr\u00edguez, Laura M\u00aa.\u00a0 <strong><em>Moving across a Century: Women\u2019s Short Fiction from Virginia Woolf to Ali Smith<\/em><\/strong><\/a>\u00a0(Editora).\u00a0 Bern: Peter Lang, 2012. ISBN 978-3-0343-1064-2.<\/span><\/p>\n<p>[\/et_pb_text][et_pb_text disabled_on=&#8221;on|on|on&#8221; _builder_version=&#8221;4.16&#8243; _module_preset=&#8221;default&#8221; text_font=&#8221;Montserrat||||||||&#8221; text_font_size=&#8221;11px&#8221; disabled=&#8221;on&#8221; inline_fonts=&#8221;Montserrat&#8221; global_colors_info=&#8221;{}&#8221;]<\/p>\n<p><span style=\"color: #000000;\"><strong><span style=\"text-decoration: underline;\">PUBLICACI\u00d3NS REPRESENTATIVAS:<\/span><\/strong><\/span><\/p>\n<p><span style=\"color: #000000;\">Lojo Rodr\u00edguez, Laura M\u00aa,\u00a0 Jorge Sacido Romero y Noem\u00ed Pereira Ares (eds.).<strong>\u00a0<\/strong><em><strong>Postcolonial Youth in Contemporary Fiction in Britain<\/strong>.<\/em> Amsterdam: Brill Rodopi [en prensa].<\/span><\/p>\n<p><span style=\"color: #000000;\">Lojo Rodr\u00edguez, Laura M\u00aa &amp; Barbara Korte (eds.).\u00a0<strong><em>Borders and Border Crossing in the Contemporary English Short Story.<\/em><\/strong>\u00a0Londres: Palgrave, 2019. ISBN:\u00a0978-3-030-30358-7.\u00a0<a href=\"https:\/\/www.palgrave.com\/gp\/book\/9783030303587\" style=\"color: #000000;\">https:\/\/www.palgrave.com\/gp\/book\/9783030303587<\/a><\/span><\/p>\n<p><span style=\"color: #000000;\">Lojo Rodr\u00edguez, Laura M\u00aa and Jorge Sacido Romero (eds.).\u00a0<strong><em>Gender and Short Fiction: Women\u2019s Tales in Contemporary Britain<\/em><\/strong>.\u00a0New York: Routledge (2018). ISBN: 978-1-138-09364-5.\u00a0<a href=\"https:\/\/www.routledge.com\/Gender-and-Short-Fiction-Womens-Tales-in-Contemporary-Britain\/Sacido-Romero-Lojo-Rodriguez\/p\/book\/9780367665722\" style=\"color: #000000;\"><\/a><\/span><\/p>\n<p><span style=\"color: #000000;\"><a href=\"https:\/\/www.routledge.com\/Gender-and-Short-Fiction-Womens-Tales-in-Contemporary-Britain\/Sacido-Romero-Lojo-Rodriguez\/p\/book\/9780367665722\" style=\"color: #000000;\">https:\/\/www.routledge.com\/Gender-and-Short-Fiction-Womens-Tales-in-Contemporary-Britain\/Sacido-Romero-Lojo-Rodriguez\/p\/book\/9780367665722<\/a><\/span><\/p>\n<p><span style=\"color: #000000;\">Lojo Rodr\u00edguez, Laura M\u00aa. <strong>&#8220;Magic Realism and Experimental Fiction: From Virginia Woolf to Jeanette Winterson\u201d,<\/strong> in Anne Fernald, ed. <em>The Oxford Handbook of Virginia Woolf.<\/em> Oxford: Oxford University Press, 2018.<\/span><\/p>\n<p><span style=\"color: #000000;\"><a href=\"https:\/\/link.springer.com\/chapter\/10.1007\/978-3-319-77078-9_8\" target=\"_blank\" rel=\"noopener noreferrer\" style=\"color: #000000;\">Lojo Rodr\u00edguez, Laura M\u00aa. \u2018<strong>\u201cThought in American and for the Americans\u201d: Victoria Ocampo, Sur and European Modernism<\/strong>\u2019,<\/a> in\u00a0 Falcato A., Cardiello A. eds. <em>The Condition of Modernism<\/em>. Cham: Palgrave Macmillan, 2018, 167-190.<\/span><\/p>\n<p><span style=\"color: #000000;\">Lojo Rodr\u00edguez, Laura M\u00aa. <strong>\u201cUnnatural Promises: The Trace of Evil in Elizabeth Bowen\u2019s \u2018The Demon Lover.\u201d<\/strong> <em>Reading the Trace: History and Memory in Modern and Contemporary Fiction<\/em>. Cambridge: Cambridge Scholar Publishing.<\/span><\/p>\n<p><span style=\"color: #000000;\">Lojo Rodr\u00edguez, Laura M\u00aa.\u00a0 <strong>\u201cVirginia Woolf in Spanish-Speaking Countries.<\/strong><em><strong>\u201d<\/strong><a href=\"http:\/\/eu.wiley.com\/WileyCDA\/WileyTitle\/productCd-1118457889.html\" target=\"_blank\" rel=\"noopener noreferrer\" style=\"color: #000000;\">The\u00a0Blackwell\u00a0Companion\u00a0to\u00a0Virginia Woolf<\/a>.<\/em> Ed. Jessica Berman. Oxford: Wiley-Blackwell, 2016. 467-480. ISBN: 978-1-118-45788-7.<\/span><\/p>\n<p><span style=\"color: #000000;\">Lojo Rodr\u00edguez, Laura M\u00aa.\u00a0 <strong>\u201cLa po\u00e9tica del cuento en la primera mitad del siglo XX en Reino Unido: Virginia Woolf y Elizabeth Bowen.\u201d<\/strong> <em><a href=\"http:\/\/www.publicaciones.uva.es\/UVAPublicaciones-13046-Humanidades-Linguistica-y-Filologia-FRAGMENTOS-DE-REALIDAD-LOS-AUTORES-Y-LAS-POETICAS-DEL-CUENTO-EN-LENGUA-INGLESA.aspx\" target=\"_blank\" rel=\"noopener noreferrer\" style=\"color: #000000;\">Fragmentos de realidad: Los autores y las po\u00e9ticas del cuento en lengua inglesa<\/a>.<\/em> Ed. Santiago Rodr\u00edguez Guerrero-Strachan. Valladolid: Servicio de publicaciones de la Universidad, 2015. 111-125. ISBN: 978-84-8448-828-6. 111-125.<\/span><\/p>\n<p><span style=\"color: #000000;\">Lojo Rodr\u00edguez, Laura M\u00aa. <strong>\u201c<a href=\"http:\/\/www.nordicirishstudies.org\/publicationsbyyear.html\" target=\"_blank\" rel=\"noopener noreferrer\" style=\"color: #000000;\">Unveiling the Past: \u00c9il\u00eds N\u00ed Dhuibhne\u2019s \u2018Sex in the Context of Ireland<\/a>.\u2019\u201d<\/strong> <em>Nordic Irish Studies, 13.2<\/em> (2014):\u00a019-30. ISSN: 1602-124X.<\/span><\/p>\n<p><span style=\"color: #000000;\">Lojo Rodr\u00edguez, Laura M\u00aa. <strong>\u201c<a href=\"http:\/\/www.zaa.uni-tuebingen.de\/?page_id=5\" target=\"_blank\" rel=\"noopener noreferrer\" style=\"color: #000000;\">\u2018The Saving Power of Hallucination\u2019: Elizabeth Bowen\u2019s \u201cMysterious K\u00f4r\u201d and Female Romance<\/a>.\u201d<\/strong> <em>Zeitschrift f\u00fcr Anglistik und Amerikanistik, 62.4<\/em> (2014):\u00a0273-289. ISSN: 0044-2305.<\/span><\/p>\n<p><span style=\"color: #000000;\">Lojo Rodr\u00edguez, Laura M\u00aa.\u00a0 <strong>\u201cExilio, historia, e a visi\u00f3n feminina: \u00c9il\u00eds N\u00ed Dhuibhne.\u201d<\/strong>\u00a0<em><a href=\"http:\/\/www.usc.es\/libros\/index.php\/spic\/catalog\/book\/638\" target=\"_blank\" rel=\"noopener noreferrer\" style=\"color: #000000;\">Cultura y migraciones: Enfoques\u00a0multidisciplinarios.<\/a> <\/em>Felipe Andr\u00e9s Aliaga S\u00e1ez. \u00a0Santiago de Compostela: Servicio de publicaciones de la Universidad, 2013.\u00a0178-183. ISBN-13: 978-84-15876-29-8.<\/span><\/p>\n<p><span style=\"color: #000000;\"><a href=\"http:\/\/www.peterlang.com\/index.cfm?event=cmp.ccc.seitenstruktur.detailseiten&amp;seitentyp=produkt&amp;pk=62939\" target=\"_blank\" rel=\"noopener noreferrer\" style=\"color: #000000;\">Lojo Rodr\u00edguez, Laura M\u00aa.\u00a0 <strong><em>Moving across a Century: Women\u2019s Short Fiction from Virginia Woolf to Ali Smith<\/em><\/strong><\/a>\u00a0(Editora).\u00a0 Bern: Peter Lang, 2012. ISBN 978-3-0343-1064-2.<\/span><\/p>\n<p>[\/et_pb_text][\/et_pb_column][\/et_pb_row][\/et_pb_section]<\/p>\n","protected":false},"excerpt":{"rendered":"<p>Laura Lojo Rodr\u00edguez\u00a0ORCID ID:\u00a00000-0001-9073-8401 Google ScholarLaura Lojo Rodr\u00edguez \u00e9 Catedr\u00e1tica de Universidade no Departamento de Filolox\u00eda Inglesa e Alem\u00e1 (Universidade de Santiago de Compostela), onde imparte Literatura en Lingua Inglesa e Estudos de X\u00e9nero. Lojo-Rodr\u00edguez \u00e9 a coordinadora do grupo de investigaci\u00f3n de referencia competitiva Discurso e Identidade (ED431C\/01 GI-1924, Xunta de Galicia), e investigadora [&hellip;]<\/p>\n","protected":false},"author":1,"featured_media":0,"parent":0,"menu_order":0,"comment_status":"closed","ping_status":"closed","template":"","meta":{"_et_pb_use_builder":"on","_et_pb_old_content":"","_et_gb_content_width":"","footnotes":""},"class_list":["post-634","page","type-page","status-publish","hentry"],"_links":{"self":[{"href":"https:\/\/discursoeidentidade.com\/index.php?rest_route=\/wp\/v2\/pages\/634","targetHints":{"allow":["GET"]}}],"collection":[{"href":"https:\/\/discursoeidentidade.com\/index.php?rest_route=\/wp\/v2\/pages"}],"about":[{"href":"https:\/\/discursoeidentidade.com\/index.php?rest_route=\/wp\/v2\/types\/page"}],"author":[{"embeddable":true,"href":"https:\/\/discursoeidentidade.com\/index.php?rest_route=\/wp\/v2\/users\/1"}],"replies":[{"embeddable":true,"href":"https:\/\/discursoeidentidade.com\/index.php?rest_route=%2Fwp%2Fv2%2Fcomments&post=634"}],"version-history":[{"count":0,"href":"https:\/\/discursoeidentidade.com\/index.php?rest_route=\/wp\/v2\/pages\/634\/revisions"}],"wp:attachment":[{"href":"https:\/\/discursoeidentidade.com\/index.php?rest_route=%2Fwp%2Fv2%2Fmedia&parent=634"}],"curies":[{"name":"wp","href":"https:\/\/api.w.org\/{rel}","templated":true}]}}