{"id":5231,"date":"2020-11-20T12:28:23","date_gmt":"2020-11-20T11:28:23","guid":{"rendered":"http:\/\/discursoeidentidade.com?page_id=5231"},"modified":"2021-07-01T11:35:41","modified_gmt":"2021-07-01T09:35:41","slug":"5231-2","status":"publish","type":"page","link":"https:\/\/discursoeidentidade.com\/?page_id=5231","title":{"rendered":"MIEMBROS IFP_Sara Gonz\u00e1lez Bern\u00e1rdez"},"content":{"rendered":"<p>[et_pb_section fb_built=&#8221;1&#8243; inner_shadow=&#8221;on&#8221; fullwidth=&#8221;on&#8221; custom_padding_last_edited=&#8221;on|desktop&#8221; admin_label=&#8221;section&#8221; _builder_version=&#8221;4.6.1&#8243; background_color=&#8221;#153b60&#8243; custom_padding_tablet=&#8221;50px|0|50px|0&#8243; custom_padding_phone=&#8221;&#8221; transparent_background=&#8221;off&#8221; padding_mobile=&#8221;off&#8221; make_fullwidth=&#8221;off&#8221; use_custom_width=&#8221;off&#8221; width_unit=&#8221;on&#8221; custom_width_px=&#8221;1080px&#8221; custom_width_percent=&#8221;80%&#8221;][et_pb_fullwidth_header content_max_width=&#8221;none&#8221; admin_label=&#8221;T\u00cdTULO SECCI\u00d3N&#8221; _builder_version=&#8221;4.6.1&#8243; title_font=&#8221;Montserrat||||||||&#8221; background_color=&#8221;rgba(255, 255, 255, 0)&#8221; custom_padding=&#8221;||0px|||&#8221; button_one_letter_spacing_hover=&#8221;0&#8243; button_two_letter_spacing_hover=&#8221;0&#8243; button_one_text_size__hover_enabled=&#8221;off&#8221; button_two_text_size__hover_enabled=&#8221;off&#8221; button_one_text_color__hover_enabled=&#8221;off&#8221; button_two_text_color__hover_enabled=&#8221;off&#8221; button_one_border_width__hover_enabled=&#8221;off&#8221; button_two_border_width__hover_enabled=&#8221;off&#8221; button_one_border_color__hover_enabled=&#8221;off&#8221; button_two_border_color__hover_enabled=&#8221;off&#8221; button_one_border_radius__hover_enabled=&#8221;off&#8221; button_two_border_radius__hover_enabled=&#8221;off&#8221; button_one_letter_spacing__hover_enabled=&#8221;on&#8221; button_one_letter_spacing__hover=&#8221;0&#8243; button_two_letter_spacing__hover_enabled=&#8221;on&#8221; button_two_letter_spacing__hover=&#8221;0&#8243; button_one_bg_color__hover_enabled=&#8221;off&#8221; button_two_bg_color__hover_enabled=&#8221;off&#8221;]<\/p>\n<h1>Sara Gonz\u00e1lez Bern\u00e1rdez\u00a0<\/h1>\n<p>[\/et_pb_fullwidth_header][\/et_pb_section][et_pb_section fb_built=&#8221;1&#8243; custom_padding_last_edited=&#8221;on|desktop&#8221; admin_label=&#8221;section&#8221; _builder_version=&#8221;4.6.1&#8243; background_color=&#8221;rgba(0,0,0,0)&#8221; custom_padding_tablet=&#8221;50px|0|50px|0&#8243; custom_padding_phone=&#8221;&#8221; transparent_background=&#8221;off&#8221; padding_mobile=&#8221;off&#8221; make_fullwidth=&#8221;off&#8221; use_custom_width=&#8221;off&#8221; width_unit=&#8221;on&#8221; custom_width_px=&#8221;1080px&#8221; custom_width_percent=&#8221;80%&#8221;][et_pb_row column_structure=&#8221;2_5,3_5&#8243; _builder_version=&#8221;4.6.1&#8243; _module_preset=&#8221;default&#8221; background_color=&#8221;#d6d6d6&#8243; width=&#8221;79.9%&#8221; custom_padding=&#8221;||27px|28px||&#8221;][et_pb_column type=&#8221;2_5&#8243; _builder_version=&#8221;4.6.1&#8243; _module_preset=&#8221;default&#8221;][et_pb_image src=&#8221;http:\/\/discursoeidentidade.com\/wp-content\/uploads\/2020\/11\/IMG_20191221_221621.jpg&#8221; title_text=&#8221;IMG_20191221_221621&#8243; _builder_version=&#8221;4.6.6&#8243; _module_preset=&#8221;default&#8221; custom_padding=&#8221;19px|||||&#8221;][\/et_pb_image][\/et_pb_column][et_pb_column type=&#8221;3_5&#8243; _builder_version=&#8221;4.6.1&#8243; _module_preset=&#8221;default&#8221;][et_pb_text _builder_version=&#8221;4.6.1&#8243; _module_preset=&#8221;default&#8221; text_font=&#8221;Montserrat||||||||&#8221; min_height=&#8221;117px&#8221; custom_margin=&#8221;1px|||||&#8221; custom_padding=&#8221;2px|95px|1px|||&#8221; inline_fonts=&#8221;Montserrat&#8221;]<\/p>\n<p>Sara Gonz\u00e1lez Bern\u00e1rdez graduouse en Lingua e Literatura Inglesas pola Universidade de Santiago de Compostela, onde obtivo tam\u00e9n un M\u00e1ster en Estudos Ingleses Avanzados e, na actualidade, leva a cabo estudos de doutoramento coa financiaci\u00f3n do Ministerio de Educaci\u00f3n. O seu proxecto de tese c\u00e9ntrase nas posibilidades do x\u00e9nero fant\u00e1stico como lugar de resistencia e expresi\u00f3n para identidades marxinais, e como isto impacta as s\u00faas representaci\u00f3ns a trav\u00e9s do mundo posible creado pola ficci\u00f3n. O seu traballo c\u00e9ntrase no caso da identidade feminina como caso de estudo, dado o seu interese pola teor\u00eda e cr\u00edtica feminista; polo tanto, a s\u00faa investigaci\u00f3n xira arredor dos conceptos de identidade, representaci\u00f3n e empat\u00eda, a\u00ednda que traballou con esta terminolox\u00eda en contextos tan variados como a literatura inglesa do s\u00e9culo XVIII, a literatura contempor\u00e1nea para xoves adultos, e novos medios tales como videoxogos ou <em>fanfiction<\/em>.<\/p>\n<p>&nbsp;<\/p>\n<p><strong>@:<\/strong>\u00a0<span style=\"color: #00173d;\"><strong>s<a href=\"mailto:saragonzalez.bernardez@usc.es\" title=\"mailto:saragonzalez.bernardez@usc.es\" style=\"color: #00173d;\">aragonzalez.bernardez@usc.es<\/a><\/strong><\/span><\/p>\n<p>[\/et_pb_text][\/et_pb_column][\/et_pb_row][et_pb_row _builder_version=&#8221;4.6.1&#8243; _module_preset=&#8221;default&#8221; custom_padding=&#8221;|||0px||&#8221;][et_pb_column type=&#8221;4_4&#8243; _builder_version=&#8221;4.6.1&#8243; _module_preset=&#8221;default&#8221;][et_pb_text _builder_version=&#8221;4.6.1&#8243; _module_preset=&#8221;default&#8221; text_font=&#8221;Montserrat||||||||&#8221; text_font_size=&#8221;11px&#8221; inline_fonts=&#8221;Montserrat&#8221;]<\/p>\n<p><span style=\"font-size: 11px;\">Gonz\u00e1lez Bern\u00e1rdez, Sara. <\/span><strong style=\"font-size: 11px;\">\u201c\u2018Other\u2019 Readers, Other Worlds: The Female Experience of Fantasy Fiction\u201d.<\/strong><span style=\"font-size: 11px;\"> <\/span><em style=\"font-size: 11px;\">ESSE Messenger<\/em><span style=\"font-size: 11px;\">, vol. 28-1, pp. 39-50. Summer 2019.<\/span><\/p>\n<p>Gonz\u00e1lez Bern\u00e1rdez, Sara. \u201c\u00ab<strong>I didn\u2019t offer to shake hands; no one would shake hands with a Jew [\u2026]\u00bb: Escapism and the Ideological Stance in Naomi Novik\u2019s Spinning Silver\u201d<\/strong>. <em>Brumal. Revista de investigaci\u00f3n sobre lo Fant\u00e1stico<\/em>, Vol. 7, No. 2, pp. 111-131. 2019.<\/p>\n<p><strong>&#8220;Graphic Novels as Contemporary Readings of Jane Austen&#8217;s Pride and Prejudice, or How Mr Darcy Became a Bishounen&#8221;.<\/strong> Delivered at the symposium <em>Gender and the Graphic Novel<\/em>, University of Barcelona, 2019.<\/p>\n<p><strong>&#8220;The Importance of Liminal Spaces for Liminal Identities: Sarah Hall&#8217;s Luxury Hour&#8221;.<\/strong> Delivered at the conference <em>Borders, Intersections &amp; Identity in the Contemporary Short Story in English<\/em>, University of Santiago de Compostela, 2019.<\/p>\n<p><strong>&#8220;The Power of Metamorphoses: Flemeth&#8217;s Transformation in the Dragon Age Videogame Series&#8221;.<\/strong> Delivered at the seminar <em>The Animal Trope: On Literary and Empirical Animals<\/em>, University of Santiago de Compostela, 2019.<\/p>\n<p><strong>\u201cThe Other Through the Mirror: The Specular Dynamic of Fictional Representation\u201d.<\/strong> Delivered at the Critical Theory panel of the AEDEAN Conference, University of Alicante, 2019.<\/p>\n<p><strong>\u201cThe Heroine&#8217;s Journey: Epic Fantasy and Female Representation in Samantha Shannon&#8217;s The Priory of the Orange Tree (2019)\u201d<\/strong>. Delivered at the Gender Studies panel of the AEDEAN Conference, University of Alicante, 2019.<\/p>\n<p>[\/et_pb_text][\/et_pb_column][\/et_pb_row][\/et_pb_section]<\/p>\n","protected":false},"excerpt":{"rendered":"<p>Sara Gonz\u00e1lez Bern\u00e1rdez\u00a0Sara Gonz\u00e1lez Bern\u00e1rdez graduouse en Lingua e Literatura Inglesas pola Universidade de Santiago de Compostela, onde obtivo tam\u00e9n un M\u00e1ster en Estudos Ingleses Avanzados e, na actualidade, leva a cabo estudos de doutoramento coa financiaci\u00f3n do Ministerio de Educaci\u00f3n. O seu proxecto de tese c\u00e9ntrase nas posibilidades do x\u00e9nero fant\u00e1stico como lugar de [&hellip;]<\/p>\n","protected":false},"author":1,"featured_media":0,"parent":0,"menu_order":0,"comment_status":"closed","ping_status":"closed","template":"","meta":{"_et_pb_use_builder":"on","_et_pb_old_content":"","_et_gb_content_width":"","footnotes":""},"class_list":["post-5231","page","type-page","status-publish","hentry"],"_links":{"self":[{"href":"https:\/\/discursoeidentidade.com\/index.php?rest_route=\/wp\/v2\/pages\/5231","targetHints":{"allow":["GET"]}}],"collection":[{"href":"https:\/\/discursoeidentidade.com\/index.php?rest_route=\/wp\/v2\/pages"}],"about":[{"href":"https:\/\/discursoeidentidade.com\/index.php?rest_route=\/wp\/v2\/types\/page"}],"author":[{"embeddable":true,"href":"https:\/\/discursoeidentidade.com\/index.php?rest_route=\/wp\/v2\/users\/1"}],"replies":[{"embeddable":true,"href":"https:\/\/discursoeidentidade.com\/index.php?rest_route=%2Fwp%2Fv2%2Fcomments&post=5231"}],"version-history":[{"count":0,"href":"https:\/\/discursoeidentidade.com\/index.php?rest_route=\/wp\/v2\/pages\/5231\/revisions"}],"wp:attachment":[{"href":"https:\/\/discursoeidentidade.com\/index.php?rest_route=%2Fwp%2Fv2%2Fmedia&parent=5231"}],"curies":[{"name":"wp","href":"https:\/\/api.w.org\/{rel}","templated":true}]}}