{"id":5193,"date":"2020-11-02T14:03:16","date_gmt":"2020-11-02T13:03:16","guid":{"rendered":"http:\/\/discursoeidentidade.com?page_id=5193"},"modified":"2021-07-12T13:31:57","modified_gmt":"2021-07-12T11:31:57","slug":"membro-ifp_vanesa-roldan","status":"publish","type":"page","link":"https:\/\/discursoeidentidade.com\/?page_id=5193","title":{"rendered":"MEMBRO IFP_Vanesa Rold\u00e1n"},"content":{"rendered":"<p>[et_pb_section fb_built=&#8221;1&#8243; inner_shadow=&#8221;on&#8221; fullwidth=&#8221;on&#8221; custom_padding_last_edited=&#8221;on|desktop&#8221; admin_label=&#8221;section&#8221; _builder_version=&#8221;4.6.1&#8243; background_color=&#8221;#153b60&#8243; custom_padding_tablet=&#8221;50px|0|50px|0&#8243; custom_padding_phone=&#8221;&#8221; transparent_background=&#8221;off&#8221; padding_mobile=&#8221;off&#8221; make_fullwidth=&#8221;off&#8221; use_custom_width=&#8221;off&#8221; width_unit=&#8221;on&#8221; custom_width_px=&#8221;1080px&#8221; custom_width_percent=&#8221;80%&#8221;][et_pb_fullwidth_header content_max_width=&#8221;none&#8221; admin_label=&#8221;T\u00cdTULO SECCI\u00d3N&#8221; _builder_version=&#8221;4.6.1&#8243; title_font=&#8221;Montserrat||||||||&#8221; background_color=&#8221;rgba(255, 255, 255, 0)&#8221; custom_padding=&#8221;||0px|||&#8221; button_one_letter_spacing_hover=&#8221;0&#8243; button_two_letter_spacing_hover=&#8221;0&#8243; button_one_text_size__hover_enabled=&#8221;off&#8221; button_two_text_size__hover_enabled=&#8221;off&#8221; button_one_text_color__hover_enabled=&#8221;off&#8221; button_two_text_color__hover_enabled=&#8221;off&#8221; button_one_border_width__hover_enabled=&#8221;off&#8221; button_two_border_width__hover_enabled=&#8221;off&#8221; button_one_border_color__hover_enabled=&#8221;off&#8221; button_two_border_color__hover_enabled=&#8221;off&#8221; button_one_border_radius__hover_enabled=&#8221;off&#8221; button_two_border_radius__hover_enabled=&#8221;off&#8221; button_one_letter_spacing__hover_enabled=&#8221;on&#8221; button_one_letter_spacing__hover=&#8221;0&#8243; button_two_letter_spacing__hover_enabled=&#8221;on&#8221; button_two_letter_spacing__hover=&#8221;0&#8243; button_one_bg_color__hover_enabled=&#8221;off&#8221; button_two_bg_color__hover_enabled=&#8221;off&#8221;]<\/p>\n<h1>Vanesa Rold\u00e1n Romero<\/h1>\n<p>[\/et_pb_fullwidth_header][\/et_pb_section][et_pb_section fb_built=&#8221;1&#8243; custom_padding_last_edited=&#8221;on|desktop&#8221; admin_label=&#8221;section&#8221; _builder_version=&#8221;4.6.1&#8243; background_color=&#8221;rgba(0,0,0,0)&#8221; custom_padding_tablet=&#8221;50px|0|50px|0&#8243; custom_padding_phone=&#8221;&#8221; transparent_background=&#8221;off&#8221; padding_mobile=&#8221;off&#8221; make_fullwidth=&#8221;off&#8221; use_custom_width=&#8221;off&#8221; width_unit=&#8221;on&#8221; custom_width_px=&#8221;1080px&#8221; custom_width_percent=&#8221;80%&#8221;][et_pb_row column_structure=&#8221;2_5,3_5&#8243; _builder_version=&#8221;4.6.1&#8243; _module_preset=&#8221;default&#8221; background_color=&#8221;#d6d6d6&#8243; width=&#8221;79.9%&#8221; custom_padding=&#8221;||27px|28px||&#8221;][et_pb_column type=&#8221;2_5&#8243; _builder_version=&#8221;4.6.1&#8243; _module_preset=&#8221;default&#8221;][et_pb_image src=&#8221;http:\/\/discursoeidentidade.com\/wp-content\/uploads\/2020\/11\/Captura-de-pantalla-2020-11-09-a-las-17.46.22.png&#8221; title_text=&#8221;Captura de pantalla 2020-11-09 a las 17.46.22&#8243; _builder_version=&#8221;4.6.6&#8243; _module_preset=&#8221;default&#8221;][\/et_pb_image][\/et_pb_column][et_pb_column type=&#8221;3_5&#8243; _builder_version=&#8221;4.6.1&#8243; _module_preset=&#8221;default&#8221;][et_pb_text _builder_version=&#8221;4.6.1&#8243; _module_preset=&#8221;default&#8221; text_font=&#8221;Montserrat||||||||&#8221; min_height=&#8221;198px&#8221; custom_margin=&#8221;0px|||||&#8221; custom_padding=&#8221;|95px||||&#8221; inline_fonts=&#8221;Montserrat&#8221;]<\/p>\n<p class=\"p2\"><span style=\"font-weight: 400;\"><strong>Vanesa Rold\u00e1n Romero<\/strong> ten un Grao en Estudos Ingleses (2017) e un Mestrado en Literatura e Ling\u00fc\u00edstica Inglesas (2018) pola Universidade de Granada. Rold\u00e1n Romero est\u00e1 traballando actualmente na s\u00faa tese doutoral baixo a supervisi\u00f3n da Dr. Manuela Palacios Gonz\u00e1lez (USC) e a Dr. Margarita Carretero Gonz\u00e1lez (UGR). Provisionalmente titulada \u201cO Tropo Animal na Ficci\u00f3n Irlandesa Contempor\u00e1nea \u201d, a tese explora como o tropo animal \u00e9 empregado na ficci\u00f3n contempor\u00e1nea de tres escritoras irlandesas e as consecuencias \u00e9ticas de cada un destes enfoques. Os principais intereses de Rold\u00e1n Romero incl\u00faen a literatura irlandesa contempor\u00e1nea, a ecocr\u00edtica, o posthumanismo e a \u00e9tica non-humana. <\/span><\/p>\n<p class=\"p3\">\n<p class=\"p5\"><strong><span class=\"s2\">@:<span class=\"Apple-converted-space\">\u00a0 <\/span><\/span><span class=\"s1\">vanesa.roldan@usc.es<\/span><\/strong><\/p>\n<p>[\/et_pb_text][\/et_pb_column][\/et_pb_row][et_pb_row _builder_version=&#8221;4.6.1&#8243; _module_preset=&#8221;default&#8221; custom_padding=&#8221;|||0px||&#8221;][et_pb_column type=&#8221;4_4&#8243; _builder_version=&#8221;4.6.1&#8243; _module_preset=&#8221;default&#8221;][et_pb_text _builder_version=&#8221;4.6.1&#8243; _module_preset=&#8221;default&#8221; text_font=&#8221;Montserrat||||||||&#8221; text_font_size=&#8221;11px&#8221; inline_fonts=&#8221;Montserrat&#8221;]<\/p>\n<p><b>\u201cTranshumanist Contraceptives in June Caldwell\u2019s \u2018The Implant.\u2019\u201d <\/b><i>Journal of Posthuman Studies <\/i>4. 1 (2020): 96-106. doi: <span class=\"s1\">10.5325\/jpoststud.4.1.0096<\/span><\/p>\n<p class=\"p1\"><b>\u201cParodying the Past to Subvert the Present in Jasper Fforde\u2019s Nextian Series.\u201d <\/b><i>Alternative Realities: New Challenges for American Literature in the Era of Trump<\/i>, UCD Clinton Institute for American Studies, 14 December 2019.<\/p>\n<p class=\"p1\"><b>\u201cPatriarchal Cloning in Jasper Fforde\u2019s The Woman Who Died a Lot.\u201d <\/b><i>43<sup>rd<\/sup> Annual AEDEAN Conference,<\/i> University of Alicante, 13 November 2019.<\/p>\n<p class=\"p1\"><b>\u201cProsthetic Contraceptuves in June Caldwell\u2019s <i>Room Little Darker.\u201d<\/i><\/b> <i>XXII Simposio de la SELGYC,<\/i> University of Granada, 15 March 2019.<\/p>\n<p class=\"p1\"><b>\u201cHybrid Identities in Jasper Fforde\u2019s <i>The Woman Who Died a Lot.\u201d <\/i><\/b><i>10<sup>th<\/sup> Beyond Humanism Conference,<\/i> University of Lower Silesia, 19 July 2018.<\/p>\n<p>[\/et_pb_text][\/et_pb_column][\/et_pb_row][\/et_pb_section]<\/p>\n","protected":false},"excerpt":{"rendered":"<p>Vanesa Rold\u00e1n RomeroVanesa Rold\u00e1n Romero ten un Grao en Estudos Ingleses (2017) e un Mestrado en Literatura e Ling\u00fc\u00edstica Inglesas (2018) pola Universidade de Granada. Rold\u00e1n Romero est\u00e1 traballando actualmente na s\u00faa tese doutoral baixo a supervisi\u00f3n da Dr. Manuela Palacios Gonz\u00e1lez (USC) e a Dr. Margarita Carretero Gonz\u00e1lez (UGR). Provisionalmente titulada \u201cO Tropo Animal [&hellip;]<\/p>\n","protected":false},"author":1,"featured_media":0,"parent":0,"menu_order":0,"comment_status":"closed","ping_status":"closed","template":"","meta":{"_et_pb_use_builder":"on","_et_pb_old_content":"","_et_gb_content_width":"","footnotes":""},"class_list":["post-5193","page","type-page","status-publish","hentry"],"_links":{"self":[{"href":"https:\/\/discursoeidentidade.com\/index.php?rest_route=\/wp\/v2\/pages\/5193","targetHints":{"allow":["GET"]}}],"collection":[{"href":"https:\/\/discursoeidentidade.com\/index.php?rest_route=\/wp\/v2\/pages"}],"about":[{"href":"https:\/\/discursoeidentidade.com\/index.php?rest_route=\/wp\/v2\/types\/page"}],"author":[{"embeddable":true,"href":"https:\/\/discursoeidentidade.com\/index.php?rest_route=\/wp\/v2\/users\/1"}],"replies":[{"embeddable":true,"href":"https:\/\/discursoeidentidade.com\/index.php?rest_route=%2Fwp%2Fv2%2Fcomments&post=5193"}],"version-history":[{"count":0,"href":"https:\/\/discursoeidentidade.com\/index.php?rest_route=\/wp\/v2\/pages\/5193\/revisions"}],"wp:attachment":[{"href":"https:\/\/discursoeidentidade.com\/index.php?rest_route=%2Fwp%2Fv2%2Fmedia&parent=5193"}],"curies":[{"name":"wp","href":"https:\/\/api.w.org\/{rel}","templated":true}]}}