{"id":429,"date":"2016-06-06T13:14:32","date_gmt":"2016-06-06T11:14:32","guid":{"rendered":"http:\/\/discursoeidentidade.com\/?page_id=429&#038;lang=es"},"modified":"2021-09-29T19:48:44","modified_gmt":"2021-09-29T17:48:44","slug":"jose-manuel-barbeito-varela","status":"publish","type":"page","link":"https:\/\/discursoeidentidade.com\/?page_id=429&lang=es","title":{"rendered":"Jos\u00e9 Manuel Barbeito Varela"},"content":{"rendered":"<p>[et_pb_section fb_built=&#8221;1&#8243; inner_shadow=&#8221;on&#8221; fullwidth=&#8221;on&#8221; custom_padding_last_edited=&#8221;on|desktop&#8221; admin_label=&#8221;section&#8221; _builder_version=&#8221;4.6.1&#8243; background_color=&#8221;#153b60&#8243; custom_padding_tablet=&#8221;50px|0|50px|0&#8243; custom_padding_phone=&#8221;&#8221; transparent_background=&#8221;off&#8221; padding_mobile=&#8221;off&#8221; make_fullwidth=&#8221;off&#8221; use_custom_width=&#8221;off&#8221; width_unit=&#8221;on&#8221; custom_width_px=&#8221;1080px&#8221; custom_width_percent=&#8221;80%&#8221;][et_pb_fullwidth_header content_max_width=&#8221;none&#8221; admin_label=&#8221;T\u00cdTULO SECCI\u00d3N&#8221; _builder_version=&#8221;4.6.1&#8243; title_font=&#8221;Montserrat||||||||&#8221; background_color=&#8221;rgba(255, 255, 255, 0)&#8221; min_height=&#8221;110px&#8221; custom_padding=&#8221;||0px|||&#8221; button_one_letter_spacing_hover=&#8221;0&#8243; button_two_letter_spacing_hover=&#8221;0&#8243; button_one_text_size__hover_enabled=&#8221;off&#8221; button_two_text_size__hover_enabled=&#8221;off&#8221; button_one_text_color__hover_enabled=&#8221;off&#8221; button_two_text_color__hover_enabled=&#8221;off&#8221; button_one_border_width__hover_enabled=&#8221;off&#8221; button_two_border_width__hover_enabled=&#8221;off&#8221; button_one_border_color__hover_enabled=&#8221;off&#8221; button_two_border_color__hover_enabled=&#8221;off&#8221; button_one_border_radius__hover_enabled=&#8221;off&#8221; button_two_border_radius__hover_enabled=&#8221;off&#8221; button_one_letter_spacing__hover_enabled=&#8221;on&#8221; button_one_letter_spacing__hover=&#8221;0&#8243; button_two_letter_spacing__hover_enabled=&#8221;on&#8221; button_two_letter_spacing__hover=&#8221;0&#8243; button_one_bg_color__hover_enabled=&#8221;off&#8221; button_two_bg_color__hover_enabled=&#8221;off&#8221;]<\/p>\n<h1>Jos\u00e9 Manuel Barbeito Varela<\/h1>\n<p>[\/et_pb_fullwidth_header][\/et_pb_section][et_pb_section fb_built=&#8221;1&#8243; custom_padding_last_edited=&#8221;on|desktop&#8221; admin_label=&#8221;section&#8221; _builder_version=&#8221;4.7.3&#8243; background_color=&#8221;rgba(0,0,0,0)&#8221; custom_padding_tablet=&#8221;50px|0|50px|0&#8243; custom_padding_phone=&#8221;&#8221; transparent_background=&#8221;off&#8221; padding_mobile=&#8221;off&#8221; make_fullwidth=&#8221;off&#8221; use_custom_width=&#8221;off&#8221; width_unit=&#8221;on&#8221; custom_width_px=&#8221;1080px&#8221; custom_width_percent=&#8221;80%&#8221;][et_pb_row _builder_version=&#8221;4.6.1&#8243; _module_preset=&#8221;default&#8221; background_color=&#8221;#d6d6d6&#8243; width=&#8221;79.9%&#8221; custom_padding=&#8221;||27px|28px||&#8221;][et_pb_column type=&#8221;4_4&#8243; _builder_version=&#8221;4.6.1&#8243; _module_preset=&#8221;default&#8221;][et_pb_text _builder_version=&#8221;4.6.1&#8243; _module_preset=&#8221;default&#8221; text_font=&#8221;Montserrat||||||||&#8221; min_height=&#8221;117px&#8221; custom_margin=&#8221;-5px|||||&#8221; custom_padding=&#8221;|95px||||&#8221; inline_fonts=&#8221;Montserrat&#8221;]<\/p>\n<p><span><strong>J. Manuel Barbeito Varela<\/strong> es Profesor Titular de Filolog\u00eda Inglesa en la Universidad de Santiago de Compostela (USC). Su investigaci\u00f3n se centra principalmente en el estudio de la identidad y la subjetividad en la tradici\u00f3n literaria en lengua inglesa. En esta l\u00ednea, ha publicado sobre escritores como Swift, Austen, W. B. Yeats, James Joyce o Salman Rushdie. Barbeito Varela es autor de t\u00edtulos como <em>Las Br\u00f6nte y su mundo <\/em>(2006) o <em>El individuo y el mundo moderno: el drama de la identidad en siete cl\u00e1sicos de la literatura brit\u00e1nica<\/em> (2004). Tambi\u00e9n ha editado <em>In Mortal Shakespeare. Radical Readings<\/em> (1989), <em>Paradise Lost: The Word, the words, the world<\/em> (1991), <a href=\"https:\/\/books.google.es\/books?id=AXqYozbscbQC&amp;printsec=frontcover&amp;hl=es#v=onepage&amp;q&amp;f=false\" target=\"_blank\" rel=\"noopener\"><em>Modernity, Modernism, Postmodernism<\/em><\/a> (2000), <a href=\"https:\/\/books.google.es\/books?id=LRtWcTa3b_EC&amp;printsec=frontcover&amp;hl=es#v=onepage&amp;q&amp;f=false\" target=\"_blank\" rel=\"noopener\"><em>Feminism, Aesthetics and Subjectivity: Essays on Women and Culture in Early Twentieth Century British Literature<\/em><\/a> (2001) y coeditado el volumen <a href=\"http:\/\/www.peterlang.com\/detail\/buch\/13777\/5\/11228\/\" target=\"_blank\" rel=\"noopener\"><em>National Identities and European Literatures<\/em><\/a> (2008). Fuera del \u00e1mbito de los estudios ingleses, ha publicado el cap\u00edtulo \u201cSpanish and Spanish-American Poetics and Criticism,\u201d en <a href=\"http:\/\/universitypublishingonline.org\/cambridge\/histories\/ebook.jsf?bid=CBO9781139055376\" target=\"_blank\" rel=\"noopener\"><em>Cambridge History of Literary Criticism<\/em>, vol. IX<\/a> (2001).\u00a0M\u00e1s recientemente,\u00a0su inter\u00e9s en la teor\u00eda literaria y en la relaci\u00f3n entre la filosof\u00eda y la literatura se puede ver reflejado en los ensayos \u2018Jonathan Culler: Teor\u00eda, literatura y la posibilidad de la cr\u00edtica,\u2019 en\u00a0 Theory Now. A Journal of Theory, Literature, en Critique, and Thought.\u00a0Vol. 1 (2018) y \u2018Derrida, Badiou, and the Possibilities and Limits of Spectrality,\u2019 aceptado para su publicaci\u00f3n en\u00a0<i>Badiou Studies<\/i>.\u00a0Barbeito Varela ha coordinado as\u00ed mismo diversos proyectos de investigaci\u00f3n y organizado varios congresos y seminarios que han reunido a reconocidos acad\u00e9micos en el campo de la teor\u00eda cr\u00edtica.<\/span><\/p>\n<p><strong>@:<\/strong> <span><\/span><span><strong><a href=\"mailto:jmanuel.barbeito@usc.es\">jmanuel.barbeito@usc.es<\/a><\/strong><\/span><\/p>\n<p>[\/et_pb_text][\/et_pb_column][\/et_pb_row][et_pb_row _builder_version=&#8221;4.6.1&#8243; _module_preset=&#8221;default&#8221; custom_padding=&#8221;|||0px||&#8221;][et_pb_column type=&#8221;4_4&#8243; _builder_version=&#8221;4.6.1&#8243; _module_preset=&#8221;default&#8221;][et_pb_text _builder_version=&#8221;4.6.1&#8243; _module_preset=&#8221;default&#8221; text_font=&#8221;Montserrat||||||||&#8221; text_font_size=&#8221;11px&#8221; custom_padding=&#8221;0px||7px|||&#8221; inline_fonts=&#8221;Montserrat&#8221;]<\/p>\n<p><strong><span style=\"color: #000000;\"><u>PUBLICACIONES REPRESENTATIVAS:<\/u><\/span><\/strong><\/p>\n<p><span>Barbeito Varela, Jose Manuel. \u201cEl tiempo, el amor y la celebraci\u00f3n del ser seg\u00fan \u2018Lullaby,\u2019 de W.H. Auden.\u201d Q<em>uaderns de Vers\u00e0lia<\/em>\u00a0W. H. Auden. 2014: 26-33.<\/span><\/p>\n<p><span>Barbeito Varela, Jose Manuel.\u00a0\u201cMind the Gap: Modernism in Salman Rushdie\u2019s Postmodern Short Stories\u201d (en co-autor\u00eda con Mar\u00eda Lozano).\u00a0<em>Modernism, Postmodernism, and the Short Story in English<\/em>, editado por Jorge Sacido Romero. Amsterda: Rodopi \/ Brill, 2012. 175-206.<\/span><\/p>\n<p><span>Barbeito Varela, Jose Manuel.\u00a0<a href=\"http:\/\/www.peterlang.com\/detail\/buch\/13777\/5\/11228\/\" target=\"_blank\" rel=\"noopener noreferrer\"><em>National Identities and European Literatures<\/em><\/a>\u00a0(coeditado con Jaime Feij\u00f3o, Ant\u00f3n Figueroa e\u00a0Jorge Sacido). Bern: Peter Lang, 2008.<\/span><\/p>\n<p><span>Barbeito Varela, Jose Manuel.\u00a0\u2018Moral Realism, Radical Politics. A Commentary on Ferry Eagleton\u2019s\u00a0<em>Holy Terror<\/em>.\u2019<em>\u00a0Philosophy and Social Criticism\u00a0<\/em>34, 2008.<\/span><\/p>\n<p><span>Barbeito Varela, Jose Manuel.<em>\u00a0Las Br\u00f6nte y su mundo<\/em>. Madrid: S\u00edntesis, 2006.<\/span><\/p>\n<p><span>Barbeito Varela, Jose Manuel.\u00a0\u201cJohn Huston\u2019s vs. James Joyce\u2019s \u2018The dead.\u2019\u201d\u00a0<em>Books in Motion: Adaptation, Intertextuality, Authorship<\/em>, editado por Mireia Aragay. Amsterdam: Rodopi, 2005. 145-161.\u00a0<\/span><\/p>\n<p><span>Barbeito Varela, Jose Manuel.<em>\u00a0El individuo y el mundo moderno: el drama de la identidad en siete cl\u00e1sicos de la literatura brit\u00e1nica.<\/em>\u00a0Oviedo: Septem 2004.<\/span><\/p>\n<p><span><a href=\"https:\/\/books.google.es\/books?id=LRtWcTa3b_EC&amp;printsec=frontcover&amp;hl=es#v=onepage&amp;q&amp;f=false\" target=\"_blank\" rel=\"noopener noreferrer\" data-et-has-event-already=\"true\">Barbeito Varela, Jose Manuel.\u00a0<em>Feminism, Aesthetics and Subjectivity: Essays on Women and Culture in Early Twentieth-Century British Literature<\/em><\/a>\u00a0(editor). Santiago de Compostela: Universidade de Santiago de Compostela, Servicio de Publicaci\u00f3ns e Intercambio Cient\u00edfico, 2001.<\/span><\/p>\n<p><span><a href=\"http:\/\/www.atlantisjournal.org\/index.php\/atlantis\/issue\/archive?issue=23-2\" target=\"_blank\" rel=\"noopener noreferrer\">Barbeito Varela, Jose Manuel.\u00a0\u201cA Conversation with Terry Eagleton.\u201d<\/a>\u00a0<em>Atlantis<\/em>, 23.2 (2001): 165-185.<\/span><\/p>\n<p>[\/et_pb_text][\/et_pb_column][\/et_pb_row][\/et_pb_section]<\/p>\n","protected":false},"excerpt":{"rendered":"<p>Jos\u00e9 Manuel Barbeito VarelaJ. Manuel Barbeito Varela es Profesor Titular de Filolog\u00eda Inglesa en la Universidad de Santiago de Compostela (USC). Su investigaci\u00f3n se centra principalmente en el estudio de la identidad y la subjetividad en la tradici\u00f3n literaria en lengua inglesa. En esta l\u00ednea, ha publicado sobre escritores como Swift, Austen, W. B. Yeats, [&hellip;]<\/p>\n","protected":false},"author":1,"featured_media":0,"parent":0,"menu_order":0,"comment_status":"closed","ping_status":"closed","template":"","meta":{"_et_pb_use_builder":"on","_et_pb_old_content":"","_et_gb_content_width":"","footnotes":""},"class_list":["post-429","page","type-page","status-publish","hentry"],"_links":{"self":[{"href":"https:\/\/discursoeidentidade.com\/index.php?rest_route=\/wp\/v2\/pages\/429","targetHints":{"allow":["GET"]}}],"collection":[{"href":"https:\/\/discursoeidentidade.com\/index.php?rest_route=\/wp\/v2\/pages"}],"about":[{"href":"https:\/\/discursoeidentidade.com\/index.php?rest_route=\/wp\/v2\/types\/page"}],"author":[{"embeddable":true,"href":"https:\/\/discursoeidentidade.com\/index.php?rest_route=\/wp\/v2\/users\/1"}],"replies":[{"embeddable":true,"href":"https:\/\/discursoeidentidade.com\/index.php?rest_route=%2Fwp%2Fv2%2Fcomments&post=429"}],"version-history":[{"count":0,"href":"https:\/\/discursoeidentidade.com\/index.php?rest_route=\/wp\/v2\/pages\/429\/revisions"}],"wp:attachment":[{"href":"https:\/\/discursoeidentidade.com\/index.php?rest_route=%2Fwp%2Fv2%2Fmedia&parent=429"}],"curies":[{"name":"wp","href":"https:\/\/api.w.org\/{rel}","templated":true}]}}