{"id":1040,"date":"2016-06-22T17:56:29","date_gmt":"2016-06-22T15:56:29","guid":{"rendered":"http:\/\/discursoeidentidade.com\/?page_id=1040&#038;lang=es"},"modified":"2021-07-12T13:37:01","modified_gmt":"2021-07-12T11:37:01","slug":"equipo-historia-cultura","status":"publish","type":"page","link":"https:\/\/discursoeidentidade.com\/?page_id=1040&lang=es","title":{"rendered":"EQUIPO HISTORIA-CULTURA"},"content":{"rendered":"<p>[et_pb_section fb_built=&#8221;1&#8243; inner_shadow=&#8221;on&#8221; fullwidth=&#8221;on&#8221; custom_padding_last_edited=&#8221;on|desktop&#8221; admin_label=&#8221;section&#8221; _builder_version=&#8221;4.6.1&#8243; background_color=&#8221;#153b60&#8243; custom_padding_tablet=&#8221;50px|0|50px|0&#8243; custom_padding_phone=&#8221;&#8221; transparent_background=&#8221;off&#8221; padding_mobile=&#8221;off&#8221; make_fullwidth=&#8221;off&#8221; use_custom_width=&#8221;off&#8221; width_unit=&#8221;on&#8221; custom_width_px=&#8221;1080px&#8221; custom_width_percent=&#8221;80%&#8221;][et_pb_fullwidth_header content_max_width=&#8221;none&#8221; admin_label=&#8221;T\u00cdTULO SECCI\u00d3N&#8221; _builder_version=&#8221;4.6.1&#8243; title_font=&#8221;Montserrat||||||||&#8221; background_color=&#8221;rgba(255, 255, 255, 0)&#8221; custom_padding=&#8221;||0px|||&#8221; button_one_letter_spacing_hover=&#8221;0&#8243; button_two_letter_spacing_hover=&#8221;0&#8243; button_one_text_size__hover_enabled=&#8221;off&#8221; button_two_text_size__hover_enabled=&#8221;off&#8221; button_one_text_color__hover_enabled=&#8221;off&#8221; button_two_text_color__hover_enabled=&#8221;off&#8221; button_one_border_width__hover_enabled=&#8221;off&#8221; button_two_border_width__hover_enabled=&#8221;off&#8221; button_one_border_color__hover_enabled=&#8221;off&#8221; button_two_border_color__hover_enabled=&#8221;off&#8221; button_one_border_radius__hover_enabled=&#8221;off&#8221; button_two_border_radius__hover_enabled=&#8221;off&#8221; button_one_letter_spacing__hover_enabled=&#8221;on&#8221; button_one_letter_spacing__hover=&#8221;0&#8243; button_two_letter_spacing__hover_enabled=&#8221;on&#8221; button_two_letter_spacing__hover=&#8221;0&#8243; button_one_bg_color__hover_enabled=&#8221;off&#8221; button_two_bg_color__hover_enabled=&#8221;off&#8221;]<\/p>\n<h1 class=\"et_pb_module_header et-fb-editable-element et-fb-editable-element__editing\" data-shortcode-id=\"0.0-1615804730287\" data-quickaccess-id=\"title\" contenteditable=\"true\">FOCO 3: &#8216;HISTORIA Y CULTURA DE LOS PA\u00cdSES DE HABLA INGLESA&#8217;<\/h1>\n<p>[\/et_pb_fullwidth_header][\/et_pb_section][et_pb_section fb_built=&#8221;1&#8243; custom_padding_last_edited=&#8221;on|desktop&#8221; admin_label=&#8221;section&#8221; _builder_version=&#8221;4.6.1&#8243; background_color=&#8221;rgba(0,0,0,0)&#8221; custom_padding=&#8221;|152px||176px||&#8221; custom_padding_tablet=&#8221;50px|0|26px|0||&#8221; custom_padding_phone=&#8221;&#8221; transparent_background=&#8221;off&#8221; padding_mobile=&#8221;off&#8221;][et_pb_row padding_mobile=&#8221;off&#8221; column_padding_mobile=&#8221;on&#8221; admin_label=&#8221;Row&#8221; module_class=&#8221; et_pb_row_fullwidth&#8221; _builder_version=&#8221;3.25&#8243; background_color=&#8221;#f7f7f7&#8243; background_size=&#8221;initial&#8221; background_position=&#8221;top_left&#8221; background_repeat=&#8221;repeat&#8221; width=&#8221;89%&#8221; width_tablet=&#8221;94.1%&#8221; width_phone=&#8221;&#8221; width_last_edited=&#8221;on|desktop&#8221; max_width=&#8221;89%&#8221; max_width_tablet=&#8221;80%&#8221; max_width_phone=&#8221;&#8221; max_width_last_edited=&#8221;on|desktop&#8221; custom_margin=&#8221;|auto||77px||&#8221; custom_padding=&#8221;|2px|0px|||&#8221; make_fullwidth=&#8221;on&#8221;][et_pb_column type=&#8221;4_4&#8243; _builder_version=&#8221;3.25&#8243; custom_padding=&#8221;|||&#8221; custom_padding__hover=&#8221;|||&#8221;][et_pb_text admin_label=&#8221;Text&#8221; _builder_version=&#8221;4.6.6&#8243; text_font=&#8221;Montserrat||||||||&#8221; background_size=&#8221;initial&#8221; background_position=&#8221;top_left&#8221; background_repeat=&#8221;repeat&#8221; width=&#8221;100%&#8221; custom_padding=&#8221;|||26px||&#8221; use_border_color=&#8221;off&#8221; border_color=&#8221;#ffffff&#8221; border_style=&#8221;solid&#8221;]<\/p>\n<p style=\"text-align: justify;\"><strong>Miembros Principales USC<\/strong>: <span style=\"color: #000080;\"><a style=\"color: #000080;\" href=\"http:\/\/discursoeidentidade.com\/?page_id=586\">Cristina Mour\u00f3n Figueroa; Fernando Alonso Romero (<em>Ad honorem<\/em>)\u00a0<\/a><\/span><\/p>\n<p style=\"text-align: justify;\"><strong>L\u00edneas de Investigaci\u00f3n<\/strong>: Estudios culturales e hist\u00f3ricos; Estudios culturales-hist\u00f3ricos en lengua y literatura inglesas; Estudios medievalistas; Estudios teatrales; Estudios de g\u00e9nero.<\/p>\n<p>[\/et_pb_text][\/et_pb_column][\/et_pb_row][\/et_pb_section][et_pb_section fb_built=&#8221;1&#8243; custom_padding_last_edited=&#8221;on|desktop&#8221; admin_label=&#8221;section&#8221; _builder_version=&#8221;3.22&#8243; background_color=&#8221;rgba(255,255,255,0)&#8221; custom_padding=&#8221;|||223px||&#8221; custom_padding_tablet=&#8221;0px|0|6px|0||&#8221; custom_padding_phone=&#8221;&#8221; transparent_background=&#8221;on&#8221; padding_mobile=&#8221;off&#8221;][et_pb_row column_structure=&#8221;3_4,1_4&#8243; padding_mobile=&#8221;off&#8221; column_padding_mobile=&#8221;on&#8221; admin_label=&#8221;Row&#8221; module_class=&#8221; et_pb_row_fullwidth&#8221; _builder_version=&#8221;4.6.6&#8243; background_color=&#8221;rgba(0,0,0,0)&#8221; background_size=&#8221;initial&#8221; background_position=&#8221;top_left&#8221; background_repeat=&#8221;repeat&#8221; width=&#8221;89%&#8221; width_tablet=&#8221;80%&#8221; width_phone=&#8221;&#8221; width_last_edited=&#8221;on|desktop&#8221; max_width=&#8221;89%&#8221; max_width_tablet=&#8221;80%&#8221; max_width_phone=&#8221;&#8221; max_width_last_edited=&#8221;on|desktop&#8221; min_height=&#8221;530px&#8221; custom_margin=&#8221;8px|auto||73px||&#8221; custom_padding=&#8221;|142px||||&#8221; make_fullwidth=&#8221;on&#8221;][et_pb_column type=&#8221;3_4&#8243; _builder_version=&#8221;3.25&#8243; custom_padding=&#8221;|||&#8221; custom_padding__hover=&#8221;|||&#8221;][et_pb_text admin_label=&#8221;Text&#8221; _builder_version=&#8221;4.7.3&#8243; text_font=&#8221;Montserrat||||||||&#8221; background_color=&#8221;rgba(0,0,0,0)&#8221; background_size=&#8221;initial&#8221; background_position=&#8221;top_left&#8221; background_repeat=&#8221;repeat&#8221; custom_padding=&#8221;|||1px||&#8221; use_border_color=&#8221;off&#8221; border_color=&#8221;#ffffff&#8221; border_style=&#8221;solid&#8221;]<\/p>\n<p style=\"text-align: justify;\"><span style=\"font-size: 14px;\">Este amplio inter\u00e9s investigador queda patente en las recientes publicaciones de Fernando Alonso Romero, profesor e investigador <\/span><i style=\"font-size: 14px;\">Ad honorem<\/i><span style=\"font-size: 14px;\"> del Departamento de Filolog\u00eda Inglesa y Alemana (USC): <\/span><span style=\"font-size: 14px;\"><a href=\"http:\/\/www.andavira.com\/ebooks\/orion\/files\/assets\/basic-html\/toc.html\" target=\"_blank\" rel=\"noopener\"><i>Ori\u00f3n en un petroglifo de <\/i><i>Folgoso<\/i><\/a><\/span><i style=\"font-size: 14px;\">\u00a0 <\/i><span style=\"font-size: 14px;\">(2014, en co-autor\u00eda con Milagros Torrado Cesp\u00f3n); <\/span><i style=\"font-size: 14px;\">Cultos y creencias en torno a los megalitos <\/i><i style=\"font-size: 14px;\">del<\/i><i style=\"font-size: 14px;\"> \u00e1rea atl\u00e1ntic<\/i><i style=\"font-size: 14px;\">a<\/i><i style=\"font-size: 14px;\"> europe<\/i><i style=\"font-size: 14px;\">a<\/i><span style=\"font-size: 14px;\"> (2012) o <\/span><i style=\"font-size: 14px;\">El<\/i><i style=\"font-size: 14px;\"> mundo de los muertos en Galicia y en <\/i><i style=\"font-size: 14px;\">e<\/i><i style=\"font-size: 14px;\">l folklore <\/i><i style=\"font-size: 14px;\">del<\/i><i style=\"font-size: 14px;\"> occidente europeo<\/i><span style=\"font-size: 14px;\"> (2009). En la actualidad, los miembros del grupo que trabajan en esta l\u00ednea de investigaci\u00f3n centran su labor investigadora en torno a los estudios culturales e hist\u00f3ricos en lengua y literatura inglesas, pudiendo subrayar aqu\u00ed varias publicaciones de Cristina Mour\u00f3n Figueroa tales como \u201cLa traici\u00f3n y su castigo en la Inglaterra de la Baja Edad Media seg\u00fan el ciclo de York\u201d (2004) o <\/span><i style=\"font-size: 14px;\">Names<\/i><i style=\"font-size: 14px;\"> and <\/i><i style=\"font-size: 14px;\">Titles<\/i><i style=\"font-size: 14px;\"> in <\/i><i style=\"font-size: 14px;\">Shakespeare\u2019s<\/i><span style=\"font-size: 14px;\"> Henry V<\/span><i style=\"font-size: 14px;\">: A <\/i><i style=\"font-size: 14px;\">Survey<\/i><i style=\"font-size: 14px;\"> of English <\/i><i style=\"font-size: 14px;\">Society<\/i><i style=\"font-size: 14px;\"> in <\/i><i style=\"font-size: 14px;\">the<\/i><i style=\"font-size: 14px;\"> Late <\/i><i style=\"font-size: 14px;\">Middle-Ages<\/i><span style=\"font-size: 14px;\"> (2003). Mour\u00f3n Figueroa tambi\u00e9n desarrolla estudios sobre el teatro medieval ingl\u00e9s, principalmente desde una \u00f3ptica sociocultural. En esta l\u00ednea ha publicado, entre otras contribuciones, <\/span><span style=\"font-size: 14px;\"><a href=\"https:\/\/books.google.es\/books?id=7e8rbn1cSuIC&amp;pg=PA102&amp;lpg=PA102&amp;dq=La+traici%C3%B3n+y+su+castigo+en+la+Inglaterra+de+la+Baja+Edad+Media+seg%C3%BAn+el+ciclo+de+York&amp;source=bl&amp;ots=U_MUP60Wnk&amp;sig=TpE7k-aXdLVmyaDH2D3lz33-Cw8&amp;hl=es&amp;sa=X&amp;ved=0ahUKEwiFvMq4o6jLAhXIOhQKHW2cB-IQ6AEIIzAB\" target=\"_blank\" rel=\"noopener\"><i>El ciclo de York. <\/i><i>Sociedad y cultura en la Inglaterra medieval<\/i><\/a><\/span><span style=\"font-size: 14px;\"> (2005), o <\/span><span style=\"font-size: 14px;\"><a href=\"http:\/\/dialnet.unirioja.es\/servlet\/libro?codigo=497755\" target=\"_blank\" rel=\"noopener\"><i>A Arca de No\u00e9. <\/i><i>Traduci\u00f3n<\/i> <i>ao<\/i> <i>galego<\/i><i> de \u201c<\/i><i>Noah\u2019s<\/i> <i>Ark<\/i><i>\u201d do Newcastle <\/i><i>(non-<\/i><i>cycle<\/i><i>) Play e \u201c<\/i><i>The<\/i> <i>Fall<\/i><i> of <\/i><i>Angels<\/i><i>\u201d (do York <\/i><i>Cycle<\/i><i>)<\/i><\/a><\/span><span style=\"font-size: 14px;\"> (2011, en coautor\u00eda con Bego\u00f1a Crespo e Isabel Moskowich). Las investigaciones medievalistas de Mour\u00f3n Figueroa tambi\u00e9n entroncan con los estudios de g\u00e9nero, dando como resultado toda una serie de publicaciones en las que se reivindica y analiza el papel de la mujer en la sociedad medieval, como es el caso de <\/span><a href=\"http:\/\/lincom-shop.eu\/epages\/57709feb-b889-4707-b2ce-c666fc88085d.sf\/fr_FR\/?ObjectPath=\/Shops\/57709feb-b889-4707-b2ce-c666fc88085d\/Products\/%22ISBN%209783862881017%22\" target=\"_blank\" rel=\"noopener\" style=\"font-size: 14px;\">\u201cMujeres en profesiones m\u00e9dicas y su reputaci\u00f3n en la Inglaterra medieval: el caso de <i>Un mundo sin fin <\/i>de Ken Follet\u201d<\/a><span style=\"font-size: 14px;\"> (2011), \u201cCulpabilidad o inocencia de Eva en la literatura inglesa y castellana de la Baja Edad Media\u201d (2004, en coautor\u00eda con Mercedes Pamp\u00edn Barral) o \u201cMarried Women in Fourteenth-Century English Society: Evidence from \u2018The Wife of Bath\u2019\u201d (2000). Adem\u00e1s, Mour\u00f3n Figueroa ha contribuido de forma prominente a difundir la figura hist\u00f3rica y mitol\u00f3gica del rey Ricardo III en Galicia y Espa\u00f1a, publicando contribuciones sobre este tema \u2013 <\/span><i style=\"font-size: 14px;\">Shakespeare\u2019s<\/i><span style=\"font-size: 14px;\"> Richard III<\/span><i style=\"font-size: 14px;\">: <\/i><i style=\"font-size: 14px;\">The<\/i><span style=\"font-size: 14px;\"> <\/span><i style=\"font-size: 14px;\">Historical<\/i><span style=\"font-size: 14px;\"> <\/span><i style=\"font-size: 14px;\">Truth<\/i><span style=\"font-size: 14px;\"> <\/span><i style=\"font-size: 14px;\">behind<\/i><span style=\"font-size: 14px;\"> <\/span><i style=\"font-size: 14px;\">the<\/i><span style=\"font-size: 14px;\"> <\/span><i style=\"font-size: 14px;\">Myth<\/i><span style=\"font-size: 14px;\"> (2004) \u2013 as\u00ed como organizando m\u00faltiples seminarios: <\/span><i style=\"font-size: 14px;\">A <\/i><i style=\"font-size: 14px;\">Reassessment<\/i><i style=\"font-size: 14px;\"> of King Richard III: <\/i><i style=\"font-size: 14px;\">The<\/i><span style=\"font-size: 14px;\"> <\/span><i style=\"font-size: 14px;\">Man<\/i><i style=\"font-size: 14px;\"> and <\/i><i style=\"font-size: 14px;\">the<\/i><span style=\"font-size: 14px;\"> <\/span><i style=\"font-size: 14px;\">Myth<\/i><span style=\"font-size: 14px;\"> (2011) o <\/span><i style=\"font-size: 14px;\">Richard III: <\/i><i style=\"font-size: 14px;\">The<\/i><span style=\"font-size: 14px;\"> <\/span><i style=\"font-size: 14px;\">Return<\/i><i style=\"font-size: 14px;\"> of <\/i><i style=\"font-size: 14px;\">the<\/i><i style=\"font-size: 14px;\"> King <\/i><span style=\"font-size: 14px;\">(2015), entre otros. A trav\u00e9s de estas l\u00edneas de investigaci\u00f3n, el grupo D&amp;I tambi\u00e9n establece conexiones con <\/span><span style=\"font-size: 14px;\"><a href=\"http:\/\/www.richardiii.net\/\" target=\"_blank\" rel=\"noopener\"><i>The Richard III Society<\/i><\/a><\/span><span style=\"font-size: 14px;\"> y <\/span><span style=\"font-size: 14px;\"><a href=\"http:\/\/www.sitm.info\/\" target=\"_blank\" rel=\"noopener\"><i>SITM<\/i><\/a><\/span><span style=\"font-size: 14px;\"> (<\/span><i style=\"font-size: 14px;\">Soci\u00e9t\u00e9 <\/i><i style=\"font-size: 14px;\">Internationale<\/i><span style=\"font-size: 14px;\"> <\/span><i style=\"font-size: 14px;\">pour<\/i><span style=\"font-size: 14px;\"> <\/span><i style=\"font-size: 14px;\">l&#8217;\u00e9tude<\/i><i style=\"font-size: 14px;\"> du <\/i><i style=\"font-size: 14px;\">th\u00e9\u00e2tre<\/i><span style=\"font-size: 14px;\"> <\/span><i style=\"font-size: 14px;\">m\u00e9di\u00e9val<\/i><span style=\"font-size: 14px;\">)<\/span><i style=\"font-size: 14px;\">.<\/i><\/p>\n<p>[\/et_pb_text][\/et_pb_column][et_pb_column type=&#8221;1_4&#8243; _builder_version=&#8221;3.25&#8243; custom_padding=&#8221;|||&#8221; custom_padding__hover=&#8221;|||&#8221;][et_pb_gallery gallery_ids=&#8221;4895,4128,3765,3754,1482,3810,3801,3798,3819,3795&#8243; fullwidth=&#8221;on&#8221; _builder_version=&#8221;4.6.6&#8243; width=&#8221;73%&#8221; custom_padding=&#8221;||55px|0px||&#8221;][\/et_pb_gallery][\/et_pb_column][\/et_pb_row][\/et_pb_section]<\/p>\n","protected":false},"excerpt":{"rendered":"<p>FOCO 3: &#8216;HISTORIA Y CULTURA DE LOS PA\u00cdSES DE HABLA INGLESA&#8217;Miembros Principales USC: Cristina Mour\u00f3n Figueroa; Fernando Alonso Romero (Ad honorem)\u00a0 L\u00edneas de Investigaci\u00f3n: Estudios culturales e hist\u00f3ricos; Estudios culturales-hist\u00f3ricos en lengua y literatura inglesas; Estudios medievalistas; Estudios teatrales; Estudios de g\u00e9nero.Este amplio inter\u00e9s investigador queda patente en las recientes publicaciones de Fernando Alonso Romero, [&hellip;]<\/p>\n","protected":false},"author":1,"featured_media":0,"parent":0,"menu_order":0,"comment_status":"closed","ping_status":"closed","template":"","meta":{"_et_pb_use_builder":"on","_et_pb_old_content":"","_et_gb_content_width":"","footnotes":""},"class_list":["post-1040","page","type-page","status-publish","hentry"],"_links":{"self":[{"href":"https:\/\/discursoeidentidade.com\/index.php?rest_route=\/wp\/v2\/pages\/1040","targetHints":{"allow":["GET"]}}],"collection":[{"href":"https:\/\/discursoeidentidade.com\/index.php?rest_route=\/wp\/v2\/pages"}],"about":[{"href":"https:\/\/discursoeidentidade.com\/index.php?rest_route=\/wp\/v2\/types\/page"}],"author":[{"embeddable":true,"href":"https:\/\/discursoeidentidade.com\/index.php?rest_route=\/wp\/v2\/users\/1"}],"replies":[{"embeddable":true,"href":"https:\/\/discursoeidentidade.com\/index.php?rest_route=%2Fwp%2Fv2%2Fcomments&post=1040"}],"version-history":[{"count":0,"href":"https:\/\/discursoeidentidade.com\/index.php?rest_route=\/wp\/v2\/pages\/1040\/revisions"}],"wp:attachment":[{"href":"https:\/\/discursoeidentidade.com\/index.php?rest_route=%2Fwp%2Fv2%2Fmedia&parent=1040"}],"curies":[{"name":"wp","href":"https:\/\/api.w.org\/{rel}","templated":true}]}}